NOAA-style Climate Reports
2024: Jan | Feb | Mar | Apr | May | Jun | Jul | Aug | Sep | Oct | Nov | Dec
2023: Jan | Feb | Mar | Apr | May | Jun | Jul | Aug | Sep | Oct | Nov | Dec
2022: Jan | Feb | Mar | Apr | May | Jun | Jul | Aug | Sep | Oct | Nov | Dec
2021: Jan | Feb | Mar | Apr | May | Jun | Jul | Aug | Sep | Oct | Nov | Dec
2020: Jan | Feb | Mar | Apr | May | Jun | Jul | Aug | Sep | Oct | Nov | Dec
2019: Jan | Feb | Mar | Apr | May | Jun | Jul | Aug | Sep | Oct | Nov | Dec
2018: Jan | Feb | Mar | Apr | May | Jun | Jul | Aug | Sep | Oct | Nov | Dec
2017: Jan | Feb | Mar | Apr | May | Jun | Jul | Aug | Sep | Oct | Nov | Dec
2016: Jan | Feb | Mar | Apr | May | Jun | Jul | Aug | Sep | Oct | Nov | Dec
2015: Jan | Feb | Mar | Apr | May | Jun | Jul | Aug | Sep | Oct | Nov | Dec
2014: Jan | Feb | Mar | Apr | May | Jun | Jul | Aug | Sep | Oct | Nov | Dec
2013: Jan | Feb | Mar | Apr | May | Jun | Jul | Aug | Sep | Oct | Nov | Dec
2012: Jan | Feb | Mar | Apr | May | Jun | Jul | Aug | Sep | Oct | Nov | Dec
2011: Jan | Feb | Mar | Apr | May | Jun | Jul | Aug | Sep | Oct | Nov | Dec
2010: Jan | Feb | Mar | Apr | May | Jun | Jul | Aug | Sep | Oct | Nov | Dec
2009: Jan | Feb | Mar | Apr | May | Jun | Jul | Aug | Sep | Oct | Nov | Dec
2008: Jan | Feb | Mar | Apr | May | Jun | Jul | Aug | Sep | Oct | Nov | Dec
Report for 2015 06
MONTHLY CLIMATOLOGICAL SUMMARY FOR 6/2015
HEAT COOL
MEAN DEG DEG WIND SPEED DOM MEAN MEAN
DAY TEMP HIGH TIME LOW TIME DAYS DAYS RAIN AVG HI TIME DIR BAROM HUM
---------------------------------------------------------------------------------------
1 77.6 89.3 4:32pm 65.0 6:17am 0 13 0.00 0 9 1:31pm NNE 30.04 68
2 80.2 91.9 4:34pm 67.9 5:58am 0 15 0.00 0 6 3:45pm NNE 29.99 67
3 81.5 93.4 3:51pm 69.2 6:39am 0 16 0.00 0 5 9:33am ESE 29.93 66
4 81.1 92.5 4:13pm 68.9 6:04am 0 16 0.00 0 8 12:10pm E 29.97 67
5 82.6 93.6 3:26pm 71.7 6:33am 0 18 0.00 0 10 6:49pm E 30.00 68
6 83.6 95.0 4:32pm 71.3 6:35am 0 19 0.00 0 5 8:45am NNE 29.98 65
7 83.7 95.6 4:32pm 71.6 6:41am 0 19 0.00 0 9 5:47pm W 29.96 65
8 83.2 95.1 4:55pm 71.8 6:31am 0 18 0.00 0 8 3:34pm W 29.97 69
9 83.9 92.5 4:26pm 75.3 6:38am 0 19 0.00 0 11 9:15am WSW 29.92 69
10 85.2 96.8 4:18pm 74.6 6:48am 0 20 0.00 0 10 8:51pm W 29.86 67
11 84.6 96.2 1:59pm 75.2 5:31am 0 20 0.00 0 11 12:01pm S 29.84 69
12 82.4 95.4 1:00pm 71.5 3:37pm 0 17 1.95 0 24 3:16pm E 29.85 76
13 80.7 89.2 4:58pm 74.4 6:58am 0 15 0.00 0 15 12:39pm S 29.89 79
14 80.7 91.9 4:20pm 75.0 6:34am 0 16 0.50 0 10 3:32pm S 29.91 82
15 79.8 89.5 1:52pm 75.9 6:29am 0 15 0.17 1 16 2:06pm E 29.91 84
16 76.4 80.2 11:59am 74.3 6:30pm 0 11 0.75 1 16 10:00pm E 29.89 91
17 79.6 85.4 5:49pm 74.9 9:25am 0 14 0.43 1 17 2:30am W 29.91 85
18 80.2 80.7 12:13am 79.4 6:39am 0 5 0.00 0 9 4:13am S 29.95 88
---------------------------------------------------------------------------------------
TOT 81.6 96.8 6/10/15 65.0 6/1/15 0 285 3.31 0 18 6/12/15 E 29.93 73
HEAT BASE: 65.0
COOL BASE: 65.0