NOAA-style Climate Reports
2024: Jan | Feb | Mar | Apr | May | Jun | Jul | Aug | Sep | Oct | Nov | Dec
2023: Jan | Feb | Mar | Apr | May | Jun | Jul | Aug | Sep | Oct | Nov | Dec
2022: Jan | Feb | Mar | Apr | May | Jun | Jul | Aug | Sep | Oct | Nov | Dec
2021: Jan | Feb | Mar | Apr | May | Jun | Jul | Aug | Sep | Oct | Nov | Dec
2020: Jan | Feb | Mar | Apr | May | Jun | Jul | Aug | Sep | Oct | Nov | Dec
2019: Jan | Feb | Mar | Apr | May | Jun | Jul | Aug | Sep | Oct | Nov | Dec
2018: Jan | Feb | Mar | Apr | May | Jun | Jul | Aug | Sep | Oct | Nov | Dec
2017: Jan | Feb | Mar | Apr | May | Jun | Jul | Aug | Sep | Oct | Nov | Dec
2016: Jan | Feb | Mar | Apr | May | Jun | Jul | Aug | Sep | Oct | Nov | Dec
2015: Jan | Feb | Mar | Apr | May | Jun | Jul | Aug | Sep | Oct | Nov | Dec
2014: Jan | Feb | Mar | Apr | May | Jun | Jul | Aug | Sep | Oct | Nov | Dec
2013: Jan | Feb | Mar | Apr | May | Jun | Jul | Aug | Sep | Oct | Nov | Dec
2012: Jan | Feb | Mar | Apr | May | Jun | Jul | Aug | Sep | Oct | Nov | Dec
2011: Jan | Feb | Mar | Apr | May | Jun | Jul | Aug | Sep | Oct | Nov | Dec
2010: Jan | Feb | Mar | Apr | May | Jun | Jul | Aug | Sep | Oct | Nov | Dec
2009: Jan | Feb | Mar | Apr | May | Jun | Jul | Aug | Sep | Oct | Nov | Dec
2008: Jan | Feb | Mar | Apr | May | Jun | Jul | Aug | Sep | Oct | Nov | Dec
Report for 2015 04
MONTHLY CLIMATOLOGICAL SUMMARY FOR 4/2015
HEAT COOL
MEAN DEG DEG WIND SPEED DOM MEAN MEAN
DAY TEMP HIGH TIME LOW TIME DAYS DAYS RAIN AVG HI TIME DIR BAROM HUM
---------------------------------------------------------------------------------------
1 72.9 79.1 4:09pm 67.1 3:49am 0 8 0.00 0 9 5:32pm S 29.97 82
2 75.3 85.1 3:45pm 69.1 12:31am 0 10 0.00 0 12 2:38pm S 29.97 78
3 75.5 81.5 4:00pm 72.1 1:27am 0 11 0.02 0 12 11:22am W 30.00 82
4 66.8 72.1 12:00am 62.1 7:44am 0 2 0.00 2 16 7:24am NNE 30.20 63
5 63.6 69.1 2:30pm 59.0 9:21am 2 0 0.01 0 10 3:55pm E 30.04 79
6 74.5 83.7 3:59pm 65.6 12:00am 0 10 0.00 0 10 11:46am S 29.99 79
7 77.2 88.3 2:35pm 70.1 12:31am 0 12 0.00 0 13 12:49pm S 30.02 74
8 76.8 84.2 2:55pm 72.1 4:41am 0 12 0.00 0 11 12:17pm S 29.98 76
9 77.6 86.4 2:56pm 72.4 12:24am 0 13 0.00 1 14 4:30pm S 29.91 77
10 66.3 72.5 12:00am 59.9 2:50pm 1 3 1.46 0 14 9:05am NNE 30.04 91
11 67.5 74.6 1:18pm 62.2 12:00am 1 3 0.09 0 8 2:26am E 30.05 89
12 72.5 81.2 2:27pm 68.1 3:42am 0 8 0.30 0 9 3:34pm S 29.93 89
13 77.3 87.0 4:32pm 70.1 9:09am 0 12 0.28 1 15 9:09am W 29.90 77
14 69.8 76.1 12:00am 63.1 11:59pm 0 5 0.09 0 12 11:33am W 30.00 85
15 69.7 82.4 4:24pm 58.1 7:00am 2 6 0.00 0 7 2:09pm NNE 29.99 74
16 72.0 84.0 3:07pm 65.3 11:57pm 0 7 1.34 0 14 10:35pm E 29.94 85
17 71.8 83.6 1:10pm 63.3 7:01am 0 7 1.20 0 12 11:40am E 29.93 85
18 70.8 80.1 2:47pm 66.1 11:01pm 0 6 0.16 0 15 11:58pm NNE 29.84 88
19 70.3 87.7 4:09pm 57.9 7:06am 1 7 0.66 1 15 12:00am W 29.80 79
20 65.9 73.3 4:31pm 58.7 7:02am 1 2 0.00 2 20 9:58am NNE 29.95 60
21 69.2 80.5 3:21pm 56.9 5:30am 1 6 0.00 0 14 3:29pm E 29.99 62
22 75.2 86.6 1:28pm 67.8 12:00am 0 10 0.00 0 8 6:16pm S 29.91 77
23 78.0 89.2 4:15pm 70.8 3:12am 0 13 0.00 0 6 3:28pm ESE 29.89 80
24 78.5 87.0 12:43pm 72.1 5:18am 0 14 0.00 0 17 11:50pm S 29.83 81
25 77.9 89.2 4:03pm 65.7 7:46am 0 13 0.34 0 18 7:20am W 29.75 78
26 76.4 87.1 4:31pm 69.3 2:02am 0 11 0.00 0 9 7:37pm S 29.69 81
27 73.2 79.8 2:07pm 65.3 5:52am 0 8 0.06 1 16 4:46am E 29.67 80
28 63.7 68.8 12:00am 57.7 10:25pm 2 1 0.00 1 15 4:47pm NNE 29.90 83
29 63.4 75.3 5:10pm 51.0 6:55am 4 3 0.00 1 14 1:31pm N 30.01 66
30 69.0 82.7 3:17pm 52.3 7:02am 3 7 0.00 0 10 4:46pm WSW 29.99 58
---------------------------------------------------------------------------------------
TOT 71.9 89.2 4/23/15 51.0 4/29/15 20 229 6.01 0 20 4/20/15 NNE 29.94 78
HEAT BASE: 65.0
COOL BASE: 65.0