NOAA-style Climate Reports
2024: Jan | Feb | Mar | Apr | May | Jun | Jul | Aug | Sep | Oct | Nov | Dec
2023: Jan | Feb | Mar | Apr | May | Jun | Jul | Aug | Sep | Oct | Nov | Dec
2022: Jan | Feb | Mar | Apr | May | Jun | Jul | Aug | Sep | Oct | Nov | Dec
2021: Jan | Feb | Mar | Apr | May | Jun | Jul | Aug | Sep | Oct | Nov | Dec
2020: Jan | Feb | Mar | Apr | May | Jun | Jul | Aug | Sep | Oct | Nov | Dec
2019: Jan | Feb | Mar | Apr | May | Jun | Jul | Aug | Sep | Oct | Nov | Dec
2018: Jan | Feb | Mar | Apr | May | Jun | Jul | Aug | Sep | Oct | Nov | Dec
2017: Jan | Feb | Mar | Apr | May | Jun | Jul | Aug | Sep | Oct | Nov | Dec
2016: Jan | Feb | Mar | Apr | May | Jun | Jul | Aug | Sep | Oct | Nov | Dec
2015: Jan | Feb | Mar | Apr | May | Jun | Jul | Aug | Sep | Oct | Nov | Dec
2014: Jan | Feb | Mar | Apr | May | Jun | Jul | Aug | Sep | Oct | Nov | Dec
2013: Jan | Feb | Mar | Apr | May | Jun | Jul | Aug | Sep | Oct | Nov | Dec
2012: Jan | Feb | Mar | Apr | May | Jun | Jul | Aug | Sep | Oct | Nov | Dec
2011: Jan | Feb | Mar | Apr | May | Jun | Jul | Aug | Sep | Oct | Nov | Dec
2010: Jan | Feb | Mar | Apr | May | Jun | Jul | Aug | Sep | Oct | Nov | Dec
2009: Jan | Feb | Mar | Apr | May | Jun | Jul | Aug | Sep | Oct | Nov | Dec
2008: Jan | Feb | Mar | Apr | May | Jun | Jul | Aug | Sep | Oct | Nov | Dec
Report for 2015 03
MONTHLY CLIMATOLOGICAL SUMMARY FOR 3/2015
HEAT COOL
MEAN DEG DEG WIND SPEED DOM MEAN MEAN
DAY TEMP HIGH TIME LOW TIME DAYS DAYS RAIN AVG HI TIME DIR BAROM HUM
---------------------------------------------------------------------------------------
1 52.3 56.0 1:22pm 48.1 11:58pm 13 0 0.15 0 0 12:00am N 30.23 92
2 51.9 58.3 3:01pm 46.8 5:21am 13 0 0.00 0 0 12:00am N 30.24 90
3 66.6 80.8 3:16pm 55.7 12:00am 3 5 0.02 0 0 12:00am N 29.98 86
4 69.2 83.4 2:52pm 40.9 11:58pm 3 7 0.01 0 0 12:00am N 29.88 82
5 40.4 46.8 5:03pm 36.6 9:55am 25 0 0.12 0 0 12:00am N 30.39 73
6 41.9 55.6 4:51pm 30.3 6:36am 23 0 0.00 0 0 12:00am N 30.55 53
7 50.5 60.2 3:47pm 40.6 3:27am 15 0 0.00 0 0 12:00am N 30.42 48
8 47.6 53.6 12:00am 44.2 8:12am 17 0 1.40 0 0 12:00am N 30.21 88
9 56.4 65.1 5:20pm 49.7 12:00am 9 0 1.63 0 0 12:00am N 29.94 94
10 54.5 58.2 4:53pm 52.0 8:31am 11 0 0.00 0 0 12:00am N 30.02 88
11 55.5 59.0 2:45pm 52.6 7:48am 10 0 0.06 0 0 12:00am N 30.17 85
12 56.7 60.4 1:37pm 54.1 5:04am 8 0 0.17 0 0 12:00am N 30.05 92
13 59.2 66.3 6:01pm 55.9 5:28am 6 0 0.06 0 0 12:00am N 29.99 89
14 63.5 76.1 4:07pm 52.4 6:52am 4 3 0.00 0 0 12:00am N 30.08 76
15 61.1 72.8 5:04pm 53.6 5:17am 5 1 0.00 0 0 12:00am N 30.24 78
16 65.2 77.0 5:31pm 55.5 3:52am 3 3 0.00 0 0 12:00am N 30.22 76
17 70.3 83.2 3:41pm 61.1 2:12am 1 6 0.00 0 0 12:00am N 30.13 80
18 70.9 83.1 4:30pm 62.6 9:47am 0 6 0.16 0 0 12:00am N 30.02 80
19 71.0 81.3 5:14pm 66.8 3:54am 0 6 0.34 0 0 12:00am N 29.98 85
20 72.2 82.1 3:37pm 64.8 11:43pm 0 7 0.00 0 0 12:00am N 30.06 83
21 63.9 65.1 1:05am 62.5 10:43am 1 0 0.73 0 0 12:00am N 30.03 92
22 65.2 73.3 3:39pm 59.4 11:59pm 2 2 0.00 0 0 12:00am N 30.00 83
23 65.6 79.6 5:34pm 53.8 6:43am 4 4 0.00 0 0 12:00am N 30.07 72
24 67.8 81.5 5:31pm 57.0 3:00am 3 5 0.00 0 0 12:00am N 30.03 75
25 69.1 81.9 2:42pm 58.4 6:10am 2 6 0.00 0 0 12:00am N 29.97 77
26 63.1 67.2 4:48pm 55.8 11:58pm 2 0 0.02 0 0 12:00am N 29.98 78
27 61.3 79.5 4:54pm 43.6 6:12am 7 4 0.00 0 0 12:00am N 30.14 55
28 67.3 83.7 4:43pm 50.7 6:51am 4 6 0.00 0 0 12:00am N 30.14 53
29 69.9 82.4 2:31pm 59.0 5:07am 1 6 0.00 0 0 12:00am N 30.13 75
30 72.1 84.6 5:32pm 62.4 5:04am 0 7 0.00 0 0 12:00am N 30.15 74
31 72.0 83.6 3:40pm 62.1 6:09am 0 7 0.00 0 8 11:14pm S 30.05 76
---------------------------------------------------------------------------------------
TOT 61.8 84.6 3/30/15 30.3 3/6/15 192 92 4.87 0 7 3/31/15 S 30.11 78
HEAT BASE: 65.0
COOL BASE: 65.0