NOAA-style Climate Reports
2024: Jan | Feb | Mar | Apr | May | Jun | Jul | Aug | Sep | Oct | Nov | Dec
2023: Jan | Feb | Mar | Apr | May | Jun | Jul | Aug | Sep | Oct | Nov | Dec
2022: Jan | Feb | Mar | Apr | May | Jun | Jul | Aug | Sep | Oct | Nov | Dec
2021: Jan | Feb | Mar | Apr | May | Jun | Jul | Aug | Sep | Oct | Nov | Dec
2020: Jan | Feb | Mar | Apr | May | Jun | Jul | Aug | Sep | Oct | Nov | Dec
2019: Jan | Feb | Mar | Apr | May | Jun | Jul | Aug | Sep | Oct | Nov | Dec
2018: Jan | Feb | Mar | Apr | May | Jun | Jul | Aug | Sep | Oct | Nov | Dec
2017: Jan | Feb | Mar | Apr | May | Jun | Jul | Aug | Sep | Oct | Nov | Dec
2016: Jan | Feb | Mar | Apr | May | Jun | Jul | Aug | Sep | Oct | Nov | Dec
2015: Jan | Feb | Mar | Apr | May | Jun | Jul | Aug | Sep | Oct | Nov | Dec
2014: Jan | Feb | Mar | Apr | May | Jun | Jul | Aug | Sep | Oct | Nov | Dec
2013: Jan | Feb | Mar | Apr | May | Jun | Jul | Aug | Sep | Oct | Nov | Dec
2012: Jan | Feb | Mar | Apr | May | Jun | Jul | Aug | Sep | Oct | Nov | Dec
2011: Jan | Feb | Mar | Apr | May | Jun | Jul | Aug | Sep | Oct | Nov | Dec
2010: Jan | Feb | Mar | Apr | May | Jun | Jul | Aug | Sep | Oct | Nov | Dec
2009: Jan | Feb | Mar | Apr | May | Jun | Jul | Aug | Sep | Oct | Nov | Dec
2008: Jan | Feb | Mar | Apr | May | Jun | Jul | Aug | Sep | Oct | Nov | Dec
Report for 2015 01
MONTHLY CLIMATOLOGICAL SUMMARY FOR 1/2015
HEAT COOL
MEAN DEG DEG WIND SPEED DOM MEAN MEAN
DAY TEMP HIGH TIME LOW TIME DAYS DAYS RAIN AVG HI TIME DIR BAROM HUM
---------------------------------------------------------------------------------------
1 42.8 46.0 9:30pm 39.7 8:23am 22 0 0.12 1 13 11:14am NE 30.23 86
2 49.2 52.2 7:57pm 45.3 3:02am 16 0 0.40 0 8 1:54am NNE 30.05 93
3 46.4 52.3 4:04pm 40.4 11:49pm 19 0 0.23 0 13 1:35am W 30.00 90
4 44.0 53.2 2:39pm 36.5 11:57pm 21 0 0.00 2 17 12:21pm NNE 30.41 74
5 39.2 52.3 3:19pm 31.0 7:17am 26 0 0.00 1 11 12:49am NNE 30.59 64
6 48.0 65.1 3:55pm 35.3 5:28am 17 0 0.00 0 6 11:47am W 30.41 66
7 49.1 58.0 3:07pm 39.2 11:56pm 16 0 0.00 2 19 8:13pm NNE 30.49 71
8 36.7 42.2 4:40pm 28.8 7:26am 28 0 0.00 1 15 1:43am NE 30.55 48
9 37.6 39.7 3:24am 35.9 5:33pm 27 0 0.07 2 15 11:01am NNE 30.45 79
10 38.0 40.1 10:42am 36.5 4:53pm 27 0 0.10 2 10 7:36am E 30.43 74
11 43.1 47.0 4:55pm 38.6 12:00am 22 0 0.52 1 11 4:02am E 30.19 91
12 44.4 47.1 2:23pm 41.9 5:41am 20 0 0.00 2 14 11:49am NNE 30.27 88
13 43.3 45.0 12:30am 41.3 7:48am 22 0 0.05 1 13 8:06am NNE 30.38 86
14 42.0 43.5 4:06pm 39.4 11:54pm 23 0 0.00 1 11 9:19am NNE 30.32 74
15 44.2 53.7 3:34pm 38.3 2:48am 21 0 0.01 1 14 1:33pm NNE 30.30 74
16 45.7 61.5 2:53pm 31.9 6:36am 19 0 0.00 0 6 12:36pm SSW 30.31 69
17 53.0 68.3 2:50pm 38.1 7:16am 12 0 0.00 1 13 11:47am WSW 30.15 70
18 55.0 71.7 3:58pm 40.9 7:31am 11 1 0.00 0 11 1:41am E 30.27 56
19 55.4 74.1 3:15pm 37.2 7:23am 11 1 0.00 0 12 11:41am WSW 30.09 74
20 61.2 76.1 4:08pm 50.2 3:05am 6 2 0.00 0 9 12:23pm WSW 29.97 79
21 59.6 64.0 3:56pm 56.1 2:41am 5 0 0.00 1 17 11:28pm E 30.08 86
22 51.9 60.8 6:57am 43.3 11:37pm 13 0 0.86 4 21 10:46am NE 30.03 80
23 41.6 43.4 12:00am 38.6 11:59pm 23 0 0.02 3 16 12:32am N 30.18 87
24 47.6 62.2 3:25pm 35.3 6:20am 17 0 0.00 1 14 3:26pm W 30.20 72
25 54.5 68.6 3:05pm 40.2 4:37am 11 0 0.00 1 15 3:34pm W 30.07 59
26 56.6 67.8 3:55pm 42.6 7:16am 9 0 0.00 1 14 1:30am N 30.20 48
27 61.2 79.9 3:30pm 48.1 7:18am 7 3 0.00 0 9 9:42am WSW 30.14 58
28 61.5 80.2 3:30pm 44.7 6:36am 7 4 0.00 0 8 2:35pm S 30.16 67
29 64.1 75.7 5:07pm 53.9 2:49am 4 3 0.00 0 13 1:02pm W 30.23 79
30 55.7 63.0 12:00am 49.6 8:07am 9 0 0.00 1 14 1:50am E 30.36 57
31 54.9 63.0 2:39pm 46.3 5:45am 10 0 0.00 2 13 8:05am E 30.14 75
---------------------------------------------------------------------------------------
TOT 49.3 80.2 1/28/15 28.8 1/8/15 501 15 2.38 1 21 1/22/15 NNE 30.25 73
HEAT BASE: 65.0
COOL BASE: 65.0