NOAA-style Climate Reports
2024: Jan | Feb | Mar | Apr | May | Jun | Jul | Aug | Sep | Oct | Nov | Dec
2023: Jan | Feb | Mar | Apr | May | Jun | Jul | Aug | Sep | Oct | Nov | Dec
2022: Jan | Feb | Mar | Apr | May | Jun | Jul | Aug | Sep | Oct | Nov | Dec
2021: Jan | Feb | Mar | Apr | May | Jun | Jul | Aug | Sep | Oct | Nov | Dec
2020: Jan | Feb | Mar | Apr | May | Jun | Jul | Aug | Sep | Oct | Nov | Dec
2019: Jan | Feb | Mar | Apr | May | Jun | Jul | Aug | Sep | Oct | Nov | Dec
2018: Jan | Feb | Mar | Apr | May | Jun | Jul | Aug | Sep | Oct | Nov | Dec
2017: Jan | Feb | Mar | Apr | May | Jun | Jul | Aug | Sep | Oct | Nov | Dec
2016: Jan | Feb | Mar | Apr | May | Jun | Jul | Aug | Sep | Oct | Nov | Dec
2015: Jan | Feb | Mar | Apr | May | Jun | Jul | Aug | Sep | Oct | Nov | Dec
2014: Jan | Feb | Mar | Apr | May | Jun | Jul | Aug | Sep | Oct | Nov | Dec
2013: Jan | Feb | Mar | Apr | May | Jun | Jul | Aug | Sep | Oct | Nov | Dec
2012: Jan | Feb | Mar | Apr | May | Jun | Jul | Aug | Sep | Oct | Nov | Dec
2011: Jan | Feb | Mar | Apr | May | Jun | Jul | Aug | Sep | Oct | Nov | Dec
2010: Jan | Feb | Mar | Apr | May | Jun | Jul | Aug | Sep | Oct | Nov | Dec
2009: Jan | Feb | Mar | Apr | May | Jun | Jul | Aug | Sep | Oct | Nov | Dec
2008: Jan | Feb | Mar | Apr | May | Jun | Jul | Aug | Sep | Oct | Nov | Dec
Report for 2014 12
MONTHLY CLIMATOLOGICAL SUMMARY FOR 12/2014
HEAT COOL
MEAN DEG DEG WIND SPEED DOM MEAN MEAN
DAY TEMP HIGH TIME LOW TIME DAYS DAYS RAIN AVG HI TIME DIR BAROM HUM
---------------------------------------------------------------------------------------
1 55.2 66.8 11:52am 44.0 10:58pm 10 0 0.15 1 14 4:02pm NNE 30.28 89
2 49.0 54.1 10:13pm 43.8 7:21am 16 0 0.00 1 12 3:30am NNE 30.31 74
3 58.1 67.5 2:39pm 52.7 5:08am 7 0 0.00 0 7 9:52am E 30.21 84
4 62.7 72.6 2:38pm 55.2 4:47am 4 1 0.00 0 8 1:05pm E 30.15 88
5 71.2 79.9 2:30pm 64.9 12:00am 0 6 0.06 0 15 1:26pm WSW 30.11 87
6 64.1 70.0 12:24am 58.5 11:35pm 2 1 0.00 1 15 8:56am NNE 30.27 87
7 56.2 58.7 12:04am 53.2 10:57pm 9 0 0.00 0 9 1:42am E 30.31 83
8 54.7 64.8 3:12pm 47.2 7:37am 10 0 0.00 0 11 1:36pm NNE 30.30 74
9 53.5 68.7 3:32pm 42.7 5:38am 12 0 0.00 0 9 1:03pm E 30.31 77
10 55.6 69.4 3:19pm 43.9 3:13am 10 0 0.00 0 8 11:05am E 30.24 80
11 63.5 71.9 2:42pm 58.0 5:06am 3 2 0.01 0 7 11:38am SSW 30.21 77
12 64.9 74.9 1:52pm 59.0 8:27am 3 2 0.02 0 8 12:56pm S 30.27 75
13 63.4 72.1 12:53pm 55.9 5:19am 3 2 0.00 0 10 2:41pm E 30.19 85
14 67.0 75.4 12:34pm 58.5 4:04am 2 4 0.09 0 13 12:35pm S 30.01 84
15 69.0 78.4 2:03pm 59.3 11:55pm 0 4 0.00 1 14 8:37am W 29.99 73
16 55.9 64.6 2:48pm 49.1 9:56pm 9 0 0.00 2 17 7:58am NNE 30.26 52
17 54.5 63.9 1:39pm 45.1 4:36am 10 0 0.00 0 13 12:27pm E 30.19 74
18 62.3 70.0 3:37pm 57.8 9:21am 4 1 0.41 1 13 9:49pm E 30.08 87
19 55.0 59.0 12:00am 51.5 11:20pm 10 0 3.20 1 18 10:17am NNE 30.07 92
20 51.6 53.4 1:10pm 49.7 8:25am 13 0 0.00 1 11 12:44am NNE 30.19 86
21 54.1 60.7 1:31pm 48.4 7:16am 11 0 0.00 0 7 12:45am E 30.06 81
22 63.0 71.0 2:54pm 56.5 12:00am 3 1 0.00 1 20 11:59am WSW 29.73 85
23 55.0 60.0 1:12am 46.7 11:58pm 10 0 0.01 2 23 1:58pm N 29.72 81
24 45.3 53.6 3:45pm 38.5 11:54pm 20 0 0.00 1 17 1:23pm W 30.07 71
25 51.2 65.9 2:14pm 34.4 7:26am 14 0 0.00 0 14 2:11pm S 30.12 72
26 65.4 71.0 2:09pm 57.7 12:01am 2 2 0.00 0 10 11:26am S 30.00 82
27 59.9 73.9 11:02am 45.7 11:17pm 8 3 1.19 2 16 4:37pm N 30.06 89
28 40.7 45.8 12:02am 39.0 12:17pm 24 0 0.70 1 13 3:55am NNE 30.20 90
29 43.2 47.9 3:52pm 37.9 6:22am 22 0 0.00 0 8 6:14pm NE 30.18 91
30 46.7 52.0 2:10pm 38.2 11:58pm 18 0 0.00 1 13 3:56pm NE 30.36 84
31 41.7 44.5 3:48pm 38.1 12:08am 23 0 0.00 2 14 3:04pm NE 30.44 75
---------------------------------------------------------------------------------------
TOT 56.6 79.9 12/5/14 34.4 12/25/14 292 31 5.84 1 21 12/23/14 NNE 30.16 81
HEAT BASE: 65.0
COOL BASE: 65.0