NOAA-style Climate Reports
2024: Jan | Feb | Mar | Apr | May | Jun | Jul | Aug | Sep | Oct | Nov | Dec
2023: Jan | Feb | Mar | Apr | May | Jun | Jul | Aug | Sep | Oct | Nov | Dec
2022: Jan | Feb | Mar | Apr | May | Jun | Jul | Aug | Sep | Oct | Nov | Dec
2021: Jan | Feb | Mar | Apr | May | Jun | Jul | Aug | Sep | Oct | Nov | Dec
2020: Jan | Feb | Mar | Apr | May | Jun | Jul | Aug | Sep | Oct | Nov | Dec
2019: Jan | Feb | Mar | Apr | May | Jun | Jul | Aug | Sep | Oct | Nov | Dec
2018: Jan | Feb | Mar | Apr | May | Jun | Jul | Aug | Sep | Oct | Nov | Dec
2017: Jan | Feb | Mar | Apr | May | Jun | Jul | Aug | Sep | Oct | Nov | Dec
2016: Jan | Feb | Mar | Apr | May | Jun | Jul | Aug | Sep | Oct | Nov | Dec
2015: Jan | Feb | Mar | Apr | May | Jun | Jul | Aug | Sep | Oct | Nov | Dec
2014: Jan | Feb | Mar | Apr | May | Jun | Jul | Aug | Sep | Oct | Nov | Dec
2013: Jan | Feb | Mar | Apr | May | Jun | Jul | Aug | Sep | Oct | Nov | Dec
2012: Jan | Feb | Mar | Apr | May | Jun | Jul | Aug | Sep | Oct | Nov | Dec
2011: Jan | Feb | Mar | Apr | May | Jun | Jul | Aug | Sep | Oct | Nov | Dec
2010: Jan | Feb | Mar | Apr | May | Jun | Jul | Aug | Sep | Oct | Nov | Dec
2009: Jan | Feb | Mar | Apr | May | Jun | Jul | Aug | Sep | Oct | Nov | Dec
2008: Jan | Feb | Mar | Apr | May | Jun | Jul | Aug | Sep | Oct | Nov | Dec
Report for 2014 11
MONTHLY CLIMATOLOGICAL SUMMARY FOR 11/2014
HEAT COOL
MEAN DEG DEG WIND SPEED DOM MEAN MEAN
DAY TEMP HIGH TIME LOW TIME DAYS DAYS RAIN AVG HI TIME DIR BAROM HUM
---------------------------------------------------------------------------------------
1 54.8 64.9 4:16pm 45.8 11:59pm 10 0 0.00 1 11 8:39am ESE 30.36 60
2 57.6 72.2 1:18pm 43.4 1:14am 9 1 0.00 1 11 8:37am ESE 30.32 68
3 67.8 80.5 12:48pm 54.8 3:25am 3 6 0.00 1 11 12:03pm S 30.20 73
4 72.7 81.7 11:51am 68.9 1:46am 0 8 0.17 0 12 9:48am SSW 30.10 78
5 66.4 73.5 3:43am 63.2 12:57pm 1 2 1.09 0 12 4:03am NNE 30.09 90
6 61.7 65.0 3:25pm 56.6 11:30pm 3 0 0.25 1 13 10:08am NNE 30.23 88
7 56.1 63.7 3:27pm 50.5 7:00am 9 0 0.00 0 11 9:46am ESE 30.19 68
8 60.5 73.0 1:17pm 51.0 11:58pm 6 2 0.00 0 13 8:00pm NNE 30.08 70
9 57.6 73.7 3:29pm 45.5 5:29am 9 2 0.00 0 8 1:46pm W 30.08 68
10 64.7 79.6 1:43pm 46.7 6:13am 6 5 0.00 0 16 11:57am S 29.89 74
11 59.0 70.4 9:30am 48.0 11:58pm 7 1 0.00 1 17 12:46pm NNE 29.98 75
12 47.4 53.6 2:05pm 41.6 7:40am 18 0 0.00 3 19 4:10am NNE 30.24 62
13 38.7 44.0 5:27pm 34.1 4:40am 26 0 0.17 2 17 9:32am NNE 30.44 60
14 40.4 45.9 2:50pm 34.4 4:56am 25 0 0.00 0 11 12:11am N 30.40 50
15 47.2 52.4 3:27pm 42.9 6:38am 18 0 0.13 1 11 11:17am E 30.18 66
16 50.4 55.8 1:25pm 41.3 11:56pm 15 0 0.31 1 19 9:55pm NNE 29.97 92
17 40.8 49.7 3:34pm 34.5 9:07am 24 0 0.00 2 20 12:39pm NNE 30.33 60
18 41.2 54.6 3:29pm 34.1 6:02am 23 0 0.00 0 10 10:42am E 30.50 56
19 51.6 69.5 3:49pm 32.6 2:29am 14 0 0.00 0 14 2:11pm W 30.31 75
20 60.0 72.6 11:20am 47.6 3:06am 7 2 0.14 0 10 2:49pm S 30.15 81
21 63.9 67.2 12:45pm 61.3 12:25am 1 0 0.32 0 10 9:26pm S 30.13 92
22 64.3 67.2 12:12pm 60.5 6:34am 1 1 0.31 0 14 12:14pm E 29.97 90
23 67.7 80.1 3:14pm 59.9 7:44am 1 4 0.11 1 18 11:44am W 29.64 74
24 55.4 63.8 2:13pm 42.7 11:26pm 10 0 0.00 1 15 3:25am NNE 30.01 58
25 51.0 65.6 3:06pm 41.6 3:11am 14 0 0.00 0 10 2:33pm NNE 30.25 60
26 56.3 72.1 2:37pm 44.9 1:34am 10 1 0.00 2 20 12:12pm W 30.24 58
27 52.1 66.2 2:42pm 43.5 11:57pm 13 0 0.00 0 10 9:01am E 30.44 62
28 56.3 71.8 3:14pm 40.3 3:07am 10 1 0.00 0 8 4:26pm S 30.28 78
29 66.7 77.2 2:18pm 57.2 7:04am 2 4 0.00 1 16 12:35pm S 30.08 79
30 70.0 79.0 2:56pm 63.2 7:22am 0 5 0.00 0 16 1:48pm S 30.09 78
---------------------------------------------------------------------------------------
TOT 56.7 81.7 11/4/14 32.6 11/19/14 292 44 3.00 1 20 11/17/14 NNE 30.17 71
HEAT BASE: 65.0
COOL BASE: 65.0