NOAA-style Climate Reports
2024: Jan | Feb | Mar | Apr | May | Jun | Jul | Aug | Sep | Oct | Nov | Dec
2023: Jan | Feb | Mar | Apr | May | Jun | Jul | Aug | Sep | Oct | Nov | Dec
2022: Jan | Feb | Mar | Apr | May | Jun | Jul | Aug | Sep | Oct | Nov | Dec
2021: Jan | Feb | Mar | Apr | May | Jun | Jul | Aug | Sep | Oct | Nov | Dec
2020: Jan | Feb | Mar | Apr | May | Jun | Jul | Aug | Sep | Oct | Nov | Dec
2019: Jan | Feb | Mar | Apr | May | Jun | Jul | Aug | Sep | Oct | Nov | Dec
2018: Jan | Feb | Mar | Apr | May | Jun | Jul | Aug | Sep | Oct | Nov | Dec
2017: Jan | Feb | Mar | Apr | May | Jun | Jul | Aug | Sep | Oct | Nov | Dec
2016: Jan | Feb | Mar | Apr | May | Jun | Jul | Aug | Sep | Oct | Nov | Dec
2015: Jan | Feb | Mar | Apr | May | Jun | Jul | Aug | Sep | Oct | Nov | Dec
2014: Jan | Feb | Mar | Apr | May | Jun | Jul | Aug | Sep | Oct | Nov | Dec
2013: Jan | Feb | Mar | Apr | May | Jun | Jul | Aug | Sep | Oct | Nov | Dec
2012: Jan | Feb | Mar | Apr | May | Jun | Jul | Aug | Sep | Oct | Nov | Dec
2011: Jan | Feb | Mar | Apr | May | Jun | Jul | Aug | Sep | Oct | Nov | Dec
2010: Jan | Feb | Mar | Apr | May | Jun | Jul | Aug | Sep | Oct | Nov | Dec
2009: Jan | Feb | Mar | Apr | May | Jun | Jul | Aug | Sep | Oct | Nov | Dec
2008: Jan | Feb | Mar | Apr | May | Jun | Jul | Aug | Sep | Oct | Nov | Dec
Report for 2014 09
MONTHLY CLIMATOLOGICAL SUMMARY FOR 9/2014
HEAT COOL
MEAN DEG DEG WIND SPEED DOM MEAN MEAN
DAY TEMP HIGH TIME LOW TIME DAYS DAYS RAIN AVG HI TIME DIR BAROM HUM
---------------------------------------------------------------------------------------
1 84.5 95.4 3:30pm 74.7 7:00am 0 19 0.00 0 13 2:30pm S 29.94 75
2 85.6 93.8 2:00pm 78.7 7:00am 0 21 0.01 0 13 2:30pm S 29.96 73
3 84.2 96.2 1:30pm 77.0 7:00am 0 19 0.16 0 15 2:00pm S 29.98 76
4 83.4 94.3 1:00pm 76.4 7:00am 0 18 0.00 0 15 1:30pm E 30.01 78
5 81.8 94.9 3:30pm 75.3 7:00pm 0 17 0.26 0 13 6:00pm E 30.04 81
6 81.6 94.4 2:30pm 75.6 7:00am 0 17 0.19 0 9 5:30pm S 30.02 82
7 78.4 92.5 2:30pm 72.1 4:00pm 0 13 2.07 0 13 4:00pm NNE 30.01 87
8 80.4 92.9 5:30pm 72.8 7:30am 0 14 0.00 0 6 6:00pm N 30.00 81
9 84.4 97.0 3:30pm 74.5 6:30am 0 19 0.00 0 11 9:30pm W 29.96 74
10 85.9 96.0 2:30pm 77.6 5:30am 0 21 0.00 0 10 9:30am S 29.88 73
11 86.2 97.6 2:30pm 77.5 7:00am 0 21 0.00 0 9 5:00pm W 29.93 71
12 80.1 86.5 1:28pm 76.5 5:30am 0 14 0.00 0 10 2:42pm E 29.98 83
13 72.5 77.5 12:00am 67.9 11:57pm 0 7 0.24 2 14 9:09am NNE 30.10 85
14 70.4 76.8 5:02pm 64.9 6:36am 0 5 0.00 1 14 12:36am NNE 30.15 84
15 79.6 92.3 4:02pm 69.1 6:13am 0 15 0.00 0 8 10:28am E 30.08 78
16 79.8 90.3 11:49am 74.9 5:22pm 0 15 0.58 0 14 4:21pm E 30.03 86
17 78.0 86.4 4:08pm 75.5 6:57am 0 13 0.72 0 9 10:21am S 29.94 90
18 76.7 81.2 3:41pm 73.5 9:21am 0 12 1.20 0 12 8:40am ESE 29.88 91
19 77.4 84.5 12:49pm 72.6 9:29am 0 12 0.93 0 7 7:35am NE 29.90 87
20 80.0 89.5 4:16pm 73.1 6:59am 0 15 0.00 1 11 4:17pm E 29.94 79
21 80.8 90.5 3:04pm 73.1 7:22am 0 16 0.00 0 9 11:41am E 30.01 74
22 80.2 91.3 3:27pm 71.8 7:08am 0 15 0.00 1 15 3:57pm NE 30.05 74
23 73.9 83.4 4:36pm 64.5 7:24am 0 9 0.00 0 11 2:23pm E 30.10 61
24 73.9 84.9 2:38pm 65.3 7:30am 0 9 0.00 0 10 2:30pm E 30.10 64
25 74.2 79.7 5:42pm 70.0 5:15am 0 9 0.00 1 13 2:58pm E 30.10 75
26 77.1 85.5 12:54pm 70.2 7:08am 0 11 0.00 0 11 2:45pm E 30.05 71
27 76.0 82.1 2:47pm 71.6 5:50am 0 11 0.00 0 9 2:58pm E 30.00 74
28 79.3 88.8 3:58pm 72.2 7:35am 0 14 0.00 1 9 10:27am E 29.96 72
29 78.8 88.4 4:24pm 70.8 7:13am 0 14 0.00 0 10 11:02am NNE 29.92 76
30 78.6 89.3 4:01pm 71.7 7:24am 0 14 0.21 0 8 5:55pm E 29.84 82
---------------------------------------------------------------------------------------
TOT 79.5 97.6 9/11/14 64.5 9/23/14 0 430 6.57 0 15 9/3/14 E 30.00 78
HEAT BASE: 65.0
COOL BASE: 65.0