NOAA-style Climate Reports
2024: Jan | Feb | Mar | Apr | May | Jun | Jul | Aug | Sep | Oct | Nov | Dec
2023: Jan | Feb | Mar | Apr | May | Jun | Jul | Aug | Sep | Oct | Nov | Dec
2022: Jan | Feb | Mar | Apr | May | Jun | Jul | Aug | Sep | Oct | Nov | Dec
2021: Jan | Feb | Mar | Apr | May | Jun | Jul | Aug | Sep | Oct | Nov | Dec
2020: Jan | Feb | Mar | Apr | May | Jun | Jul | Aug | Sep | Oct | Nov | Dec
2019: Jan | Feb | Mar | Apr | May | Jun | Jul | Aug | Sep | Oct | Nov | Dec
2018: Jan | Feb | Mar | Apr | May | Jun | Jul | Aug | Sep | Oct | Nov | Dec
2017: Jan | Feb | Mar | Apr | May | Jun | Jul | Aug | Sep | Oct | Nov | Dec
2016: Jan | Feb | Mar | Apr | May | Jun | Jul | Aug | Sep | Oct | Nov | Dec
2015: Jan | Feb | Mar | Apr | May | Jun | Jul | Aug | Sep | Oct | Nov | Dec
2014: Jan | Feb | Mar | Apr | May | Jun | Jul | Aug | Sep | Oct | Nov | Dec
2013: Jan | Feb | Mar | Apr | May | Jun | Jul | Aug | Sep | Oct | Nov | Dec
2012: Jan | Feb | Mar | Apr | May | Jun | Jul | Aug | Sep | Oct | Nov | Dec
2011: Jan | Feb | Mar | Apr | May | Jun | Jul | Aug | Sep | Oct | Nov | Dec
2010: Jan | Feb | Mar | Apr | May | Jun | Jul | Aug | Sep | Oct | Nov | Dec
2009: Jan | Feb | Mar | Apr | May | Jun | Jul | Aug | Sep | Oct | Nov | Dec
2008: Jan | Feb | Mar | Apr | May | Jun | Jul | Aug | Sep | Oct | Nov | Dec
Report for 2014 08
MONTHLY CLIMATOLOGICAL SUMMARY FOR 8/2014
HEAT COOL
MEAN DEG DEG WIND SPEED DOM MEAN MEAN
DAY TEMP HIGH TIME LOW TIME DAYS DAYS RAIN AVG HI TIME DIR BAROM HUM
---------------------------------------------------------------------------------------
1 79.1 87.1 4:16pm 73.8 7:57am 0 14 0.97 0 12 6:56pm NNE 29.97 79
2 75.2 81.3 6:18pm 69.2 6:46am 0 10 0.00 0 10 5:31pm N 30.01 80
3 79.8 89.6 3:29pm 71.7 6:58am 0 15 0.00 1 12 3:02pm NNE 29.99 74
4 81.4 95.1 4:47pm 75.1 6:57am 0 16 0.22 0 16 5:52pm E 29.98 78
5 83.0 93.5 2:08pm 75.6 6:42am 0 17 0.02 0 11 2:27pm E 30.02 78
6 85.1 96.1 2:44pm 75.0 6:40am 0 20 0.00 0 14 1:00pm S 30.00 72
7 86.9 98.1 3:52pm 77.9 5:37am 0 22 0.00 0 11 10:55am S 29.94 71
8 87.0 99.2 4:09pm 79.0 5:21am 0 22 0.01 0 12 10:13am S 29.95 73
9 85.0 96.7 2:14pm 78.0 7:01am 0 20 0.00 0 10 11:29am W 29.99 75
10 85.5 97.8 2:13pm 77.7 7:19am 0 20 0.00 0 13 3:50pm W 30.00 75
11 85.4 100.0 5:36pm 76.4 11:58pm 0 20 0.04 0 14 6:18pm W 30.01 73
12 85.6 97.5 4:03pm 75.1 6:56am 0 21 0.01 1 14 3:09pm NNE 29.99 68
13 84.6 94.4 4:05pm 74.7 7:33am 0 20 0.00 0 10 8:19am E 30.00 61
14 83.8 94.4 2:57pm 75.4 6:33am 0 19 0.00 0 10 4:52pm E 30.00 65
15 86.4 99.1 4:00pm 77.3 6:43am 0 21 0.00 0 9 4:00pm WSW 29.97 69
16 87.4 101.0 3:17pm 78.9 6:36am 0 22 0.00 1 14 4:58pm S 29.96 69
17 88.1 99.8 4:39pm 79.8 4:30am 0 23 0.00 1 14 10:45am S 29.97 69
18 85.3 96.7 1:40pm 78.7 5:11am 0 20 0.00 0 14 1:46pm S 29.95 74
19 86.0 98.6 3:41pm 78.3 5:43am 0 21 0.09 0 14 4:14pm S 29.93 73
20 83.7 97.2 1:21pm 74.6 2:12pm 0 19 0.39 0 22 1:46pm S 29.97 77
21 87.4 99.0 3:08pm 79.3 3:14am 0 22 0.00 1 14 10:44am S 30.05 71
22 87.3 100.3 5:12pm 77.0 7:14am 0 22 0.00 0 11 5:25pm S 30.05 70
23 86.0 100.0 3:53pm 75.6 7:10am 0 21 0.00 0 11 5:01pm S 29.99 70
24 86.9 99.7 4:55pm 75.4 7:07am 0 22 0.00 0 7 1:51pm S 29.93 68
25 86.8 99.2 4:15pm 76.2 6:56am 0 22 0.00 0 17 9:35pm E 29.93 67
26 78.8 82.6 9:56am 76.5 6:58am 0 6 0.00 0 7 4:45am ESE 29.96 79
---------------------------------------------------------------------------------------
TOT 84.6 101.0 8/16/14 69.2 8/2/14 0 498 1.75 0 22 8/20/14 S 29.98 72
HEAT BASE: 65.0
COOL BASE: 65.0