NOAA-style Climate Reports
2024: Jan | Feb | Mar | Apr | May | Jun | Jul | Aug | Sep | Oct | Nov | Dec
2023: Jan | Feb | Mar | Apr | May | Jun | Jul | Aug | Sep | Oct | Nov | Dec
2022: Jan | Feb | Mar | Apr | May | Jun | Jul | Aug | Sep | Oct | Nov | Dec
2021: Jan | Feb | Mar | Apr | May | Jun | Jul | Aug | Sep | Oct | Nov | Dec
2020: Jan | Feb | Mar | Apr | May | Jun | Jul | Aug | Sep | Oct | Nov | Dec
2019: Jan | Feb | Mar | Apr | May | Jun | Jul | Aug | Sep | Oct | Nov | Dec
2018: Jan | Feb | Mar | Apr | May | Jun | Jul | Aug | Sep | Oct | Nov | Dec
2017: Jan | Feb | Mar | Apr | May | Jun | Jul | Aug | Sep | Oct | Nov | Dec
2016: Jan | Feb | Mar | Apr | May | Jun | Jul | Aug | Sep | Oct | Nov | Dec
2015: Jan | Feb | Mar | Apr | May | Jun | Jul | Aug | Sep | Oct | Nov | Dec
2014: Jan | Feb | Mar | Apr | May | Jun | Jul | Aug | Sep | Oct | Nov | Dec
2013: Jan | Feb | Mar | Apr | May | Jun | Jul | Aug | Sep | Oct | Nov | Dec
2012: Jan | Feb | Mar | Apr | May | Jun | Jul | Aug | Sep | Oct | Nov | Dec
2011: Jan | Feb | Mar | Apr | May | Jun | Jul | Aug | Sep | Oct | Nov | Dec
2010: Jan | Feb | Mar | Apr | May | Jun | Jul | Aug | Sep | Oct | Nov | Dec
2009: Jan | Feb | Mar | Apr | May | Jun | Jul | Aug | Sep | Oct | Nov | Dec
2008: Jan | Feb | Mar | Apr | May | Jun | Jul | Aug | Sep | Oct | Nov | Dec
Report for 2014 07
MONTHLY CLIMATOLOGICAL SUMMARY FOR 7/2014
HEAT COOL
MEAN DEG DEG WIND SPEED DOM MEAN MEAN
DAY TEMP HIGH TIME LOW TIME DAYS DAYS RAIN AVG HI TIME DIR BAROM HUM
---------------------------------------------------------------------------------------
1 83.4 96.3 3:05pm 75.8 6:30am 0 18 0.14 0 10 6:16pm S 29.96 76
2 83.9 96.3 2:58pm 73.7 6:57am 0 19 0.00 0 7 10:02am E 30.02 73
3 80.4 96.0 3:07pm 71.9 5:22pm 0 15 1.12 0 24 4:34pm NNE 30.09 79
4 79.1 91.0 3:58pm 71.5 2:46am 0 14 0.06 0 11 6:30pm E 30.16 78
5 76.9 89.3 1:39pm 71.3 3:39pm 0 12 2.08 0 19 2:53pm E 30.15 85
6 81.5 92.4 4:52pm 71.7 6:32am 0 16 0.01 0 11 2:33pm S 30.05 77
7 84.0 96.7 4:49pm 74.5 6:09am 0 19 0.00 0 13 7:37pm W 30.01 72
8 84.7 94.8 5:12pm 75.5 6:36am 0 20 0.00 0 12 11:11am W 30.03 72
9 85.2 97.3 3:47pm 73.6 6:54am 0 20 0.00 0 12 2:39pm W 30.04 69
10 84.3 96.3 3:45pm 74.6 6:34am 0 19 0.00 0 14 6:33pm S 30.04 69
11 84.9 98.0 4:10pm 73.6 6:25am 0 20 0.00 0 10 5:26pm S 30.10 66
12 85.9 95.9 4:14pm 74.6 6:52am 0 20 0.00 0 7 6:32pm W 30.12 68
13 85.3 98.0 3:21pm 76.9 6:45am 0 20 0.02 0 11 8:34pm W 30.06 71
14 84.2 97.6 3:27pm 77.3 4:56am 0 19 0.00 0 15 5:37pm W 30.01 74
15 80.7 90.1 5:38pm 74.0 1:27pm 0 16 0.08 0 13 12:09pm W 29.98 77
16 81.2 94.1 3:18pm 74.3 3:50am 0 16 0.10 0 8 4:09pm S 29.96 75
17 80.7 89.0 11:44am 73.9 1:35pm 0 16 0.46 0 14 12:02pm S 29.90 82
18 81.6 87.0 3:14pm 76.6 11:58pm 0 17 0.04 1 11 10:23am NNE 29.90 81
19 78.4 86.1 4:35pm 72.1 6:50am 0 13 0.02 0 8 12:00am ENE 29.99 79
20 82.3 94.9 4:11pm 73.2 6:11am 0 17 0.03 0 7 5:33am ENE 29.98 78
21 87.4 100.5 5:00pm 77.2 6:18am 0 22 0.00 0 9 11:49am W 30.00 72
22 86.6 97.2 4:44pm 78.2 6:46am 0 22 0.00 0 7 5:47pm NNE 30.02 72
23 84.9 94.2 3:06pm 78.7 11:58pm 0 20 0.12 0 12 11:26pm E 30.02 74
24 83.2 94.3 3:47pm 74.9 5:37am 0 18 0.01 0 9 11:12am NNE 29.99 75
25 85.8 97.7 4:12pm 75.9 5:56am 0 21 0.00 0 9 9:16am W 30.00 69
26 86.5 97.3 2:54pm 77.3 5:52am 0 21 0.00 1 11 11:07am S 30.02 71
27 87.2 99.5 4:04pm 77.1 6:08am 0 22 0.00 0 11 6:29pm S 30.04 70
28 86.9 99.5 5:32pm 77.3 6:26am 0 22 0.00 0 14 10:06am W 30.07 68
29 82.7 93.5 1:27pm 76.9 11:53pm 0 18 0.14 0 11 1:59pm W 30.06 78
30 83.7 96.6 3:16pm 73.9 5:04am 0 19 0.00 0 9 5:51pm S 30.02 74
31 84.9 96.7 4:03pm 75.2 11:26pm 0 20 0.97 0 12 9:51pm S 29.96 73
---------------------------------------------------------------------------------------
TOT 83.5 100.5 7/21/14 71.3 7/5/14 0 572 5.40 0 24 7/3/14 W 30.02 74
HEAT BASE: 65.0
COOL BASE: 65.0