NOAA-style Climate Reports
2024: Jan | Feb | Mar | Apr | May | Jun | Jul | Aug | Sep | Oct | Nov | Dec
2023: Jan | Feb | Mar | Apr | May | Jun | Jul | Aug | Sep | Oct | Nov | Dec
2022: Jan | Feb | Mar | Apr | May | Jun | Jul | Aug | Sep | Oct | Nov | Dec
2021: Jan | Feb | Mar | Apr | May | Jun | Jul | Aug | Sep | Oct | Nov | Dec
2020: Jan | Feb | Mar | Apr | May | Jun | Jul | Aug | Sep | Oct | Nov | Dec
2019: Jan | Feb | Mar | Apr | May | Jun | Jul | Aug | Sep | Oct | Nov | Dec
2018: Jan | Feb | Mar | Apr | May | Jun | Jul | Aug | Sep | Oct | Nov | Dec
2017: Jan | Feb | Mar | Apr | May | Jun | Jul | Aug | Sep | Oct | Nov | Dec
2016: Jan | Feb | Mar | Apr | May | Jun | Jul | Aug | Sep | Oct | Nov | Dec
2015: Jan | Feb | Mar | Apr | May | Jun | Jul | Aug | Sep | Oct | Nov | Dec
2014: Jan | Feb | Mar | Apr | May | Jun | Jul | Aug | Sep | Oct | Nov | Dec
2013: Jan | Feb | Mar | Apr | May | Jun | Jul | Aug | Sep | Oct | Nov | Dec
2012: Jan | Feb | Mar | Apr | May | Jun | Jul | Aug | Sep | Oct | Nov | Dec
2011: Jan | Feb | Mar | Apr | May | Jun | Jul | Aug | Sep | Oct | Nov | Dec
2010: Jan | Feb | Mar | Apr | May | Jun | Jul | Aug | Sep | Oct | Nov | Dec
2009: Jan | Feb | Mar | Apr | May | Jun | Jul | Aug | Sep | Oct | Nov | Dec
2008: Jan | Feb | Mar | Apr | May | Jun | Jul | Aug | Sep | Oct | Nov | Dec
Report for 2014 06
MONTHLY CLIMATOLOGICAL SUMMARY FOR 6/2014
HEAT COOL
MEAN DEG DEG WIND SPEED DOM MEAN MEAN
DAY TEMP HIGH TIME LOW TIME DAYS DAYS RAIN AVG HI TIME DIR BAROM HUM
---------------------------------------------------------------------------------------
1 79.3 88.2 5:24pm 71.9 3:44am 0 14 0.07 0 10 12:25pm S 29.91 79
2 81.6 92.0 3:27pm 73.5 5:23am 0 17 0.00 0 11 6:56pm S 29.95 75
3 80.9 90.2 4:13pm 73.1 4:45am 0 16 0.00 0 11 1:23pm E 29.97 77
4 81.1 91.5 3:02pm 72.2 6:23am 0 16 0.01 0 10 12:48pm S 29.90 76
5 82.4 92.8 5:35pm 74.4 6:04am 0 17 0.00 0 13 2:33pm S 29.87 75
6 83.5 94.1 4:21pm 75.4 6:40am 0 18 0.02 1 12 3:50pm S 29.92 73
7 83.9 96.1 3:55pm 74.6 6:27am 0 19 0.00 0 14 11:29am W 29.93 73
8 83.7 93.0 5:10pm 76.6 6:31am 0 19 0.01 0 11 4:13pm S 29.91 73
9 79.8 88.0 11:39am 70.8 3:32pm 0 15 0.61 1 16 9:59am S 29.83 80
10 80.5 87.7 4:21pm 72.6 11:48pm 0 15 0.00 2 16 11:48am W 29.84 69
11 81.9 96.1 4:17pm 67.3 5:55am 0 17 0.00 0 9 4:01pm W 29.87 69
12 84.9 96.9 3:24pm 78.2 10:54pm 0 20 0.00 0 13 9:47am S 29.87 73
13 84.7 94.0 2:39pm 77.4 8:06am 0 20 0.00 0 11 8:00am W 29.93 71
14 83.2 95.4 3:01pm 73.0 6:29am 0 18 0.00 0 12 7:15pm S 29.93 71
15 85.1 96.1 2:58pm 76.3 6:33am 0 20 0.00 0 10 10:13am S 29.93 70
16 85.0 94.2 2:37pm 79.0 5:13am 0 20 0.00 0 11 12:06pm S 30.02 70
17 85.7 95.2 3:13pm 80.4 1:24am 0 21 0.00 0 11 10:30am S 30.02 70
18 83.9 93.4 12:42pm 78.7 4:46am 0 19 0.00 0 14 1:06pm S 30.01 73
19 84.6 95.3 3:59pm 77.8 6:17am 0 20 0.00 0 9 9:39am S 30.04 68
20 83.5 91.8 5:01pm 75.4 6:43am 0 18 0.00 0 10 11:38am S 30.05 71
21 82.6 94.1 1:30pm 72.8 6:14am 0 18 0.00 0 11 2:53pm S 30.00 73
22 84.0 93.8 2:52pm 78.7 5:54am 0 19 0.00 0 11 1:18pm S 29.93 71
23 81.4 90.8 12:14pm 72.3 12:45pm 0 16 0.31 0 24 12:19pm S 29.94 78
24 79.3 93.9 1:18pm 73.2 2:31pm 0 14 0.19 0 20 1:57pm W 30.03 84
25 77.1 84.1 11:21am 72.6 8:01am 0 12 0.27 0 10 11:11am S 30.04 84
26 77.8 84.3 4:29pm 72.8 1:29am 0 13 0.01 0 11 11:12am S 29.99 82
27 82.7 93.1 4:19pm 75.2 1:57am 0 18 0.06 1 13 4:25pm S 29.92 76
28 82.8 90.8 12:10pm 78.1 6:45am 0 18 0.08 1 14 11:06am S 29.95 81
29 85.3 94.5 4:21pm 78.1 5:57am 0 20 0.00 1 12 1:45pm S 30.04 74
30 85.2 95.6 3:01pm 77.5 6:12am 0 20 0.00 1 18 1:52pm S 30.01 72
---------------------------------------------------------------------------------------
TOT 82.6 96.9 6/12/14 67.3 6/11/14 0 527 1.64 0 22 6/23/14 S 29.95 74
HEAT BASE: 65.0
COOL BASE: 65.0