NOAA-style Climate Reports
2024: Jan | Feb | Mar | Apr | May | Jun | Jul | Aug | Sep | Oct | Nov | Dec
2023: Jan | Feb | Mar | Apr | May | Jun | Jul | Aug | Sep | Oct | Nov | Dec
2022: Jan | Feb | Mar | Apr | May | Jun | Jul | Aug | Sep | Oct | Nov | Dec
2021: Jan | Feb | Mar | Apr | May | Jun | Jul | Aug | Sep | Oct | Nov | Dec
2020: Jan | Feb | Mar | Apr | May | Jun | Jul | Aug | Sep | Oct | Nov | Dec
2019: Jan | Feb | Mar | Apr | May | Jun | Jul | Aug | Sep | Oct | Nov | Dec
2018: Jan | Feb | Mar | Apr | May | Jun | Jul | Aug | Sep | Oct | Nov | Dec
2017: Jan | Feb | Mar | Apr | May | Jun | Jul | Aug | Sep | Oct | Nov | Dec
2016: Jan | Feb | Mar | Apr | May | Jun | Jul | Aug | Sep | Oct | Nov | Dec
2015: Jan | Feb | Mar | Apr | May | Jun | Jul | Aug | Sep | Oct | Nov | Dec
2014: Jan | Feb | Mar | Apr | May | Jun | Jul | Aug | Sep | Oct | Nov | Dec
2013: Jan | Feb | Mar | Apr | May | Jun | Jul | Aug | Sep | Oct | Nov | Dec
2012: Jan | Feb | Mar | Apr | May | Jun | Jul | Aug | Sep | Oct | Nov | Dec
2011: Jan | Feb | Mar | Apr | May | Jun | Jul | Aug | Sep | Oct | Nov | Dec
2010: Jan | Feb | Mar | Apr | May | Jun | Jul | Aug | Sep | Oct | Nov | Dec
2009: Jan | Feb | Mar | Apr | May | Jun | Jul | Aug | Sep | Oct | Nov | Dec
2008: Jan | Feb | Mar | Apr | May | Jun | Jul | Aug | Sep | Oct | Nov | Dec
Report for 2014 02
MONTHLY CLIMATOLOGICAL SUMMARY FOR 2/2014
HEAT COOL
MEAN DEG DEG WIND SPEED DOM MEAN MEAN
DAY TEMP HIGH TIME LOW TIME DAYS DAYS RAIN AVG HI TIME DIR BAROM HUM
---------------------------------------------------------------------------------------
1 68.1 74.2 2:48pm 62.7 12:00am 4 9 0.00 1 11 11:15am ENE 29.87 82
2 50.6 67.6 3:29am 39.0 4:50pm 30 2 0.15 2 18 10:14pm ENE 29.99 90
3 42.4 48.6 5:01pm 36.8 8:04am 61 4 0.00 2 15 12:00am ENE 30.15 84
4 46.4 52.2 4:18pm 41.9 11:17pm 60 0 0.08 1 14 6:27am ENE 29.95 89
5 41.5 47.8 2:44pm 37.0 11:56pm 66 0 0.01 3 21 1:39pm ENE 30.30 75
6 34.0 37.0 12:00am 31.6 7:19am 62 0 0.01 4 18 6:36am ENE 30.41 68
7 36.3 38.6 12:43pm 33.8 1:46am 112 0 0.00 1 11 12:00am ENE 30.31 76
8 45.7 56.8 4:49pm 37.7 12:00am 39 0 0.00 0 7 12:00am ENE 30.20 81
9 56.0 68.7 3:34pm 47.6 8:20am 18 0 0.00 0 8 2:46am ENE 30.09 86
10 50.3 59.0 12:00am 38.3 11:55pm 87 0 0.57 2 16 5:12pm ENE 30.08 92
11 36.5 40.7 12:47pm 33.8 10:22pm 72 0 0.11 4 16 6:16am ENE 30.17 85
12 39.7 49.9 4:18pm 33.7 12:22am 79 0 0.00 2 18 11:18am ENE 30.14 75
13 46.7 63.2 4:11pm 31.6 7:09am 62 0 0.00 0 9 12:51pm ENE 30.06 71
14 58.8 77.9 3:27pm 40.9 5:30am 37 6 0.00 2 19 3:31pm ENE 29.93 69
15 55.7 68.5 1:53pm 41.6 5:16am 29 4 0.00 1 13 9:30am ENE 30.13 56
16 65.0 76.8 1:33pm 53.0 6:39am 7 7 0.00 0 8 10:45am ENE 30.06 74
17 69.5 77.0 12:43pm 64.3 4:23am 0 9 0.00 1 14 12:43pm ENE 30.05 79
18 70.5 80.8 3:42pm 65.3 11:02pm 13 20 0.00 1 16 3:30pm ENE 30.03 79
19 70.3 79.3 3:37pm 65.1 4:12am 0 16 0.00 1 14 4:09pm ENE 29.92 79
20 70.1 76.9 1:50pm 58.3 11:58pm 1 16 0.21 1 18 7:04pm ENE 29.86 76
21 57.1 68.8 2:48pm 42.8 7:31am 17 6 0.00 1 13 12:00am ENE 30.12 46
22 59.0 71.3 2:28pm 47.2 5:06am 23 3 0.00 1 12 3:19pm ENE 30.02 68
23 66.1 76.3 3:29pm 60.0 3:59am 11 7 0.01 0 7 1:47pm ENE 29.96 85
24 64.1 67.8 1:35pm 60.1 12:44am 3 1 0.02 0 11 1:33pm ENE 30.05 89
25 68.3 80.4 1:14pm 58.7 11:58pm 2 9 1.30 0 12 8:12pm ENE 29.99 85
26 45.1 58.6 12:00am 37.0 11:52pm 44 8 0.48 4 23 9:29am ENE 30.11 83
27 44.3 57.7 4:25pm 33.3 7:04am 61 0 0.00 1 9 8:24am ENE 30.12 63
28 59.1 74.4 4:38pm 42.5 1:37am 36 4 0.01 0 13 2:02pm ENE 29.91 82
---------------------------------------------------------------------------------------
TOT 54.2 80.8 2/18/14 31.6 2/6/14 1035 131 2.96 1 23 2/26/14 N 30.07 77
HEAT BASE: 65.0
COOL BASE: 65.0