NOAA-style Climate Reports
2024: Jan | Feb | Mar | Apr | May | Jun | Jul | Aug | Sep | Oct | Nov | Dec
2023: Jan | Feb | Mar | Apr | May | Jun | Jul | Aug | Sep | Oct | Nov | Dec
2022: Jan | Feb | Mar | Apr | May | Jun | Jul | Aug | Sep | Oct | Nov | Dec
2021: Jan | Feb | Mar | Apr | May | Jun | Jul | Aug | Sep | Oct | Nov | Dec
2020: Jan | Feb | Mar | Apr | May | Jun | Jul | Aug | Sep | Oct | Nov | Dec
2019: Jan | Feb | Mar | Apr | May | Jun | Jul | Aug | Sep | Oct | Nov | Dec
2018: Jan | Feb | Mar | Apr | May | Jun | Jul | Aug | Sep | Oct | Nov | Dec
2017: Jan | Feb | Mar | Apr | May | Jun | Jul | Aug | Sep | Oct | Nov | Dec
2016: Jan | Feb | Mar | Apr | May | Jun | Jul | Aug | Sep | Oct | Nov | Dec
2015: Jan | Feb | Mar | Apr | May | Jun | Jul | Aug | Sep | Oct | Nov | Dec
2014: Jan | Feb | Mar | Apr | May | Jun | Jul | Aug | Sep | Oct | Nov | Dec
2013: Jan | Feb | Mar | Apr | May | Jun | Jul | Aug | Sep | Oct | Nov | Dec
2012: Jan | Feb | Mar | Apr | May | Jun | Jul | Aug | Sep | Oct | Nov | Dec
2011: Jan | Feb | Mar | Apr | May | Jun | Jul | Aug | Sep | Oct | Nov | Dec
2010: Jan | Feb | Mar | Apr | May | Jun | Jul | Aug | Sep | Oct | Nov | Dec
2009: Jan | Feb | Mar | Apr | May | Jun | Jul | Aug | Sep | Oct | Nov | Dec
2008: Jan | Feb | Mar | Apr | May | Jun | Jul | Aug | Sep | Oct | Nov | Dec
Report for 2013 12
MONTHLY CLIMATOLOGICAL SUMMARY FOR 12/2013
HEAT COOL
MEAN DEG DEG WIND SPEED DOM MEAN MEAN
DAY TEMP HIGH TIME LOW TIME DAYS DAYS RAIN AVG HI TIME DIR BAROM HUM
---------------------------------------------------------------------------------------
1 60.4 71.3 2:40pm 49.5 2:45am 5 1 0.00 0 9 4:10pm SSE 30.13 83
2 66.6 77.2 3:19pm 60.3 6:20am 2 3 0.00 1 14 11:04am WSW 29.82 81
3 68.0 80.3 2:32pm 60.0 5:13am 2 5 0.01 1 16 10:11pm SW 29.70 82
4 73.3 80.7 2:26pm 68.9 2:47am 0 8 0.00 0 12 11:35am S 29.77 82
5 56.4 72.8 8:58am 36.8 11:26pm 12 3 0.08 2 17 9:03am N 29.94 86
6 37.3 41.1 3:48pm 33.9 8:27pm 28 0 0.05 4 19 3:24pm N 30.19 86
7 34.3 36.4 7:45pm 32.3 3:28am 31 0 0.01 2 16 2:33am NNE 30.36 84
8 40.7 46.5 2:23pm 35.5 12:00am 24 0 0.00 1 8 1:56am NE 30.16 85
9 43.4 45.3 5:05am 38.6 11:59pm 22 0 0.08 2 15 10:58pm NNE 30.16 91
10 38.2 46.5 2:49pm 31.6 7:28am 27 0 0.00 2 20 2:40am N 30.40 71
11 43.8 52.3 4:12pm 33.9 1:12am 21 0 0.00 0 8 1:51pm N 30.42 72
12 44.4 53.4 2:35pm 37.2 7:03am 21 0 0.00 0 11 8:47am NNE 30.49 69
13 48.9 54.2 8:23pm 41.6 12:58am 16 0 0.04 0 8 9:23am E 30.10 82
14 48.8 56.8 11:18am 39.6 11:58pm 16 0 0.01 2 21 4:13pm N 30.05 82
15 41.7 55.4 4:07pm 31.4 6:36am 23 0 0.00 1 14 12:37am N 30.34 69
16 45.5 64.9 3:41pm 31.0 5:44am 19 0 0.00 0 7 2:19pm SSW 30.31 70
17 50.1 70.9 3:15pm 35.0 6:40am 16 1 0.00 0 8 12:13pm WSW 30.31 73
18 54.2 71.0 2:31pm 38.4 7:00am 12 1 0.00 0 8 12:55pm S 30.25 78
19 66.0 77.3 1:27pm 54.8 2:13am 3 4 0.00 1 14 12:09pm S 29.99 80
20 71.5 76.2 2:38pm 66.8 3:18am 0 6 0.00 0 10 9:28pm S 29.85 87
21 66.3 73.8 1:25am 54.3 8:51pm 3 4 0.63 1 19 1:13pm S 29.69 89
22 52.0 57.3 10:14am 37.8 11:41pm 13 0 0.02 2 15 6:29pm N 30.07 80
23 41.0 52.3 2:48pm 32.5 7:20am 24 0 0.00 2 13 8:42am N 30.45 68
24 42.1 57.6 3:05pm 29.7 5:57am 23 0 0.00 1 10 9:23am E 30.49 68
25 48.8 58.2 1:51pm 36.7 12:41am 16 0 0.00 0 10 11:39am E 30.34 79
26 53.5 62.3 2:02pm 46.7 7:10am 11 0 0.01 0 8 11:42am ENE 30.37 76
27 51.9 57.6 1:17pm 48.2 11:58pm 13 0 0.00 1 9 11:40am E 30.38 66
28 50.1 60.1 3:09pm 41.9 11:51pm 15 0 0.00 0 5 9:57am ENE 30.19 58
29 52.0 67.5 2:56pm 37.8 7:28am 13 0 0.00 0 9 5:56pm N 30.08 68
30 41.2 47.5 12:00am 38.2 6:53am 24 0 0.00 1 13 3:03am NNE 30.29 72
31 43.4 47.6 3:32pm 39.0 4:42am 22 0 0.00 0 8 12:01am NNE 30.39 67
---------------------------------------------------------------------------------------
TOT 50.8 80.7 12/4/13 29.7 12/24/13 475 36 0.94 1 20 12/10/13 N 30.18 77
HEAT BASE: 65.0
COOL BASE: 65.0