NOAA-style Climate Reports
2024: Jan | Feb | Mar | Apr | May | Jun | Jul | Aug | Sep | Oct | Nov | Dec
2023: Jan | Feb | Mar | Apr | May | Jun | Jul | Aug | Sep | Oct | Nov | Dec
2022: Jan | Feb | Mar | Apr | May | Jun | Jul | Aug | Sep | Oct | Nov | Dec
2021: Jan | Feb | Mar | Apr | May | Jun | Jul | Aug | Sep | Oct | Nov | Dec
2020: Jan | Feb | Mar | Apr | May | Jun | Jul | Aug | Sep | Oct | Nov | Dec
2019: Jan | Feb | Mar | Apr | May | Jun | Jul | Aug | Sep | Oct | Nov | Dec
2018: Jan | Feb | Mar | Apr | May | Jun | Jul | Aug | Sep | Oct | Nov | Dec
2017: Jan | Feb | Mar | Apr | May | Jun | Jul | Aug | Sep | Oct | Nov | Dec
2016: Jan | Feb | Mar | Apr | May | Jun | Jul | Aug | Sep | Oct | Nov | Dec
2015: Jan | Feb | Mar | Apr | May | Jun | Jul | Aug | Sep | Oct | Nov | Dec
2014: Jan | Feb | Mar | Apr | May | Jun | Jul | Aug | Sep | Oct | Nov | Dec
2013: Jan | Feb | Mar | Apr | May | Jun | Jul | Aug | Sep | Oct | Nov | Dec
2012: Jan | Feb | Mar | Apr | May | Jun | Jul | Aug | Sep | Oct | Nov | Dec
2011: Jan | Feb | Mar | Apr | May | Jun | Jul | Aug | Sep | Oct | Nov | Dec
2010: Jan | Feb | Mar | Apr | May | Jun | Jul | Aug | Sep | Oct | Nov | Dec
2009: Jan | Feb | Mar | Apr | May | Jun | Jul | Aug | Sep | Oct | Nov | Dec
2008: Jan | Feb | Mar | Apr | May | Jun | Jul | Aug | Sep | Oct | Nov | Dec
Report for 2013 11
MONTHLY CLIMATOLOGICAL SUMMARY FOR 11/2013
HEAT COOL
MEAN DEG DEG WIND SPEED DOM MEAN MEAN
DAY TEMP HIGH TIME LOW TIME DAYS DAYS RAIN AVG HI TIME DIR BAROM HUM
---------------------------------------------------------------------------------------
1 67.9 81.1 3:21pm 55.0 7:56am 3 6 0.01 0 8 2:42pm S 29.90 69
2 62.7 72.0 3:04pm 51.6 11:19pm 4 1 0.00 1 20 5:06pm NNE 30.16 52
3 57.1 70.8 1:34pm 44.9 4:31am 9 1 0.00 1 13 9:19am E 30.18 68
4 63.4 70.4 3:48pm 53.2 1:43am 3 2 0.05 0 14 3:34pm E 30.06 84
5 73.2 79.6 1:10pm 68.4 2:55am 0 8 0.00 0 9 3:32pm S 30.02 79
6 68.0 78.3 10:10am 53.6 11:52pm 2 5 0.06 1 17 7:41pm NNE 30.11 82
7 55.6 66.6 3:16pm 45.8 6:58am 10 0 0.00 3 18 4:11am NNE 30.36 53
8 56.6 66.4 2:28pm 49.9 3:04am 8 0 0.00 1 14 10:46am E 30.31 57
9 60.8 69.4 3:40pm 53.9 3:53am 5 1 0.00 0 7 9:05am E 30.20 69
10 61.7 73.5 2:55pm 56.3 4:45am 5 1 0.00 0 11 12:17pm ENE 30.26 64
11 61.4 74.2 2:18pm 51.9 6:43am 6 2 0.00 0 8 11:31am NNE 30.23 70
12 57.1 69.3 11:34am 47.7 11:58pm 8 0 0.00 3 20 6:57pm NNE 30.40 77
13 45.1 54.7 2:38pm 36.6 7:05am 20 0 0.00 2 16 12:31am NE 30.55 51
14 49.6 63.1 1:23pm 38.0 2:29am 15 0 0.00 0 8 9:46am ESE 30.26 69
15 64.9 79.0 3:10pm 51.9 12:00am 4 4 0.00 0 7 12:48pm SE 30.00 76
16 71.3 80.7 1:50pm 60.4 4:30am 1 7 0.01 0 12 3:40pm S 29.89 86
17 77.3 84.7 1:44pm 70.4 11:58pm 0 12 0.00 0 15 11:04am W 29.87 80
18 71.2 78.1 12:18pm 62.4 11:57pm 0 6 0.00 1 15 12:48pm E 30.04 70
19 61.4 70.1 3:00pm 54.5 11:58pm 4 1 0.00 1 15 1:20am E 30.10 48
20 62.7 70.6 11:55am 52.9 7:15am 4 2 0.01 1 14 9:01pm E 30.01 70
21 73.5 82.6 2:18pm 67.6 12:00am 0 9 0.12 0 10 9:47am S 30.03 87
22 54.6 73.7 12:00am 43.6 7:16pm 13 2 0.84 1 18 8:47am NNE 30.21 91
23 43.6 43.6 12:00am 43.6 12:00am 21 0 0.00 0 0 12:00am N 30.35 90
24 44.0 47.1 12:09pm 41.5 10:31pm 21 0 0.00 1 13 11:18am NNE 30.39 75
25 45.6 53.2 1:24pm 37.9 7:38am 19 0 1.01 1 15 10:27pm NNE 30.16 84
26 46.6 50.1 3:59pm 41.0 11:58pm 15 0 0.00 1 17 4:50am N 30.15 91
27 39.9 50.0 3:05pm 33.1 10:46pm 25 0 0.00 1 12 6:47am N 30.39 65
28 42.2 56.5 2:53pm 31.6 5:44am 22 0 0.00 0 8 10:21am E 30.44 75
29 47.6 62.0 2:41pm 36.0 7:14am 17 0 0.00 0 8 8:14am E 30.47 67
30 54.4 70.9 1:44pm 40.4 2:45am 11 1 0.00 0 8 10:39am E 30.33 73
---------------------------------------------------------------------------------------
TOT 58.1 84.7 11/17/13 31.6 11/28/13 277 72 2.11 1 20 11/12/13 NNE 30.19 72
HEAT BASE: 65.0
COOL BASE: 65.0