NOAA-style Climate Reports
2024: Jan | Feb | Mar | Apr | May | Jun | Jul | Aug | Sep | Oct | Nov | Dec
2023: Jan | Feb | Mar | Apr | May | Jun | Jul | Aug | Sep | Oct | Nov | Dec
2022: Jan | Feb | Mar | Apr | May | Jun | Jul | Aug | Sep | Oct | Nov | Dec
2021: Jan | Feb | Mar | Apr | May | Jun | Jul | Aug | Sep | Oct | Nov | Dec
2020: Jan | Feb | Mar | Apr | May | Jun | Jul | Aug | Sep | Oct | Nov | Dec
2019: Jan | Feb | Mar | Apr | May | Jun | Jul | Aug | Sep | Oct | Nov | Dec
2018: Jan | Feb | Mar | Apr | May | Jun | Jul | Aug | Sep | Oct | Nov | Dec
2017: Jan | Feb | Mar | Apr | May | Jun | Jul | Aug | Sep | Oct | Nov | Dec
2016: Jan | Feb | Mar | Apr | May | Jun | Jul | Aug | Sep | Oct | Nov | Dec
2015: Jan | Feb | Mar | Apr | May | Jun | Jul | Aug | Sep | Oct | Nov | Dec
2014: Jan | Feb | Mar | Apr | May | Jun | Jul | Aug | Sep | Oct | Nov | Dec
2013: Jan | Feb | Mar | Apr | May | Jun | Jul | Aug | Sep | Oct | Nov | Dec
2012: Jan | Feb | Mar | Apr | May | Jun | Jul | Aug | Sep | Oct | Nov | Dec
2011: Jan | Feb | Mar | Apr | May | Jun | Jul | Aug | Sep | Oct | Nov | Dec
2010: Jan | Feb | Mar | Apr | May | Jun | Jul | Aug | Sep | Oct | Nov | Dec
2009: Jan | Feb | Mar | Apr | May | Jun | Jul | Aug | Sep | Oct | Nov | Dec
2008: Jan | Feb | Mar | Apr | May | Jun | Jul | Aug | Sep | Oct | Nov | Dec
Report for 2013 10
MONTHLY CLIMATOLOGICAL SUMMARY FOR 10/2013
HEAT COOL
MEAN DEG DEG WIND SPEED DOM MEAN MEAN
DAY TEMP HIGH TIME LOW TIME DAYS DAYS RAIN AVG HI TIME DIR BAROM HUM
---------------------------------------------------------------------------------------
1 80.4 90.3 3:31pm 75.1 5:09am 0 15 0.00 0 10 11:36am S 29.90 76
2 78.3 83.8 11:07am 75.1 12:00am 0 13 0.16 0 13 12:26pm E 29.95 83
3 80.3 90.5 2:13pm 73.2 7:09am 0 15 0.00 0 9 4:58pm S 29.92 77
4 80.5 91.6 3:58pm 70.4 7:25am 0 16 0.00 0 8 12:19pm S 29.92 72
5 80.8 91.8 4:21pm 66.1 11:59pm 0 16 0.00 0 15 11:32pm NNE 29.91 71
6 66.3 77.9 3:22pm 55.6 9:03am 2 3 0.20 1 16 1:33pm NNE 30.04 54
7 67.8 80.1 4:34pm 61.8 12:11am 2 5 0.00 0 11 11:50am NNE 30.10 39
8 69.2 82.0 2:58pm 62.6 12:00am 1 5 0.00 0 7 11:34am E 30.06 49
9 72.0 84.9 3:07pm 65.0 12:00am 0 7 0.00 0 7 12:34pm E 30.04 61
10 75.3 88.2 3:38pm 68.3 12:00am 0 10 0.00 0 10 6:05pm S 30.01 64
11 78.7 89.5 3:25pm 73.0 12:33am 0 14 0.00 0 9 11:47am S 29.93 71
12 78.7 91.0 1:47pm 72.8 11:20pm 0 14 0.00 0 12 2:44pm S 29.99 82
13 72.8 72.8 12:00am 72.8 12:00am 0 8 0.00 0 1 12:00am N 30.10 90
14 77.1 84.7 1:22pm 72.8 12:00am 0 12 0.00 0 11 3:12pm S 30.05 77
15 78.4 89.0 2:34pm 71.3 6:40am 0 13 0.00 0 10 3:42pm WSW 29.96 76
16 67.1 73.9 12:00am 61.5 11:16pm 1 3 0.05 1 11 6:09pm NNE 29.97 88
17 65.4 75.6 4:17pm 57.5 7:53am 2 3 0.08 1 12 8:53am NNE 30.04 71
18 63.4 72.0 2:10pm 56.7 3:19am 3 1 1.06 1 13 9:44pm E 29.98 80
19 61.2 69.1 3:08pm 50.7 11:59pm 4 1 0.59 2 18 8:47am NNE 30.08 72
20 60.8 76.5 3:56pm 45.5 7:35am 7 3 0.00 0 8 10:14am E 30.05 69
21 68.8 79.4 1:46pm 61.2 12:56am 1 5 0.00 0 8 12:56pm ESE 29.97 77
22 65.6 74.6 3:51pm 55.4 11:58pm 2 2 0.00 1 14 3:52pm NNE 30.06 73
23 64.3 81.2 3:46pm 49.9 7:35am 5 5 0.00 0 6 4:08pm NW 30.13 62
24 67.2 83.0 3:23pm 53.6 7:45am 3 5 0.00 0 6 10:39am W 30.19 61
25 64.4 76.0 3:31pm 56.0 4:57am 3 3 0.00 1 13 11:49am E 30.29 71
26 67.2 81.8 2:58pm 53.9 7:55am 3 5 0.00 0 12 5:38pm E 30.20 69
27 66.6 75.8 3:31pm 60.5 7:15am 1 2 1.08 1 20 5:50am NE 30.07 85
28 71.7 84.1 3:17pm 61.8 3:37am 1 8 0.00 0 9 4:35pm S 30.08 79
29 75.1 84.1 2:50pm 67.4 7:27am 0 10 0.00 0 11 4:03pm S 30.09 77
30 76.4 81.2 12:42pm 72.7 7:16am 0 11 0.81 0 10 11:07am S 29.97 87
31 75.1 88.4 4:04pm 63.1 11:56pm 0 10 1.28 1 17 6:40am W 29.84 83
---------------------------------------------------------------------------------------
TOT 71.5 91.8 10/5/13 45.5 10/20/13 42 243 5.31 0 20 10/27/13 NNE 30.03 72
HEAT BASE: 65.0
COOL BASE: 65.0