NOAA-style Climate Reports
2024: Jan | Feb | Mar | Apr | May | Jun | Jul | Aug | Sep | Oct | Nov | Dec
2023: Jan | Feb | Mar | Apr | May | Jun | Jul | Aug | Sep | Oct | Nov | Dec
2022: Jan | Feb | Mar | Apr | May | Jun | Jul | Aug | Sep | Oct | Nov | Dec
2021: Jan | Feb | Mar | Apr | May | Jun | Jul | Aug | Sep | Oct | Nov | Dec
2020: Jan | Feb | Mar | Apr | May | Jun | Jul | Aug | Sep | Oct | Nov | Dec
2019: Jan | Feb | Mar | Apr | May | Jun | Jul | Aug | Sep | Oct | Nov | Dec
2018: Jan | Feb | Mar | Apr | May | Jun | Jul | Aug | Sep | Oct | Nov | Dec
2017: Jan | Feb | Mar | Apr | May | Jun | Jul | Aug | Sep | Oct | Nov | Dec
2016: Jan | Feb | Mar | Apr | May | Jun | Jul | Aug | Sep | Oct | Nov | Dec
2015: Jan | Feb | Mar | Apr | May | Jun | Jul | Aug | Sep | Oct | Nov | Dec
2014: Jan | Feb | Mar | Apr | May | Jun | Jul | Aug | Sep | Oct | Nov | Dec
2013: Jan | Feb | Mar | Apr | May | Jun | Jul | Aug | Sep | Oct | Nov | Dec
2012: Jan | Feb | Mar | Apr | May | Jun | Jul | Aug | Sep | Oct | Nov | Dec
2011: Jan | Feb | Mar | Apr | May | Jun | Jul | Aug | Sep | Oct | Nov | Dec
2010: Jan | Feb | Mar | Apr | May | Jun | Jul | Aug | Sep | Oct | Nov | Dec
2009: Jan | Feb | Mar | Apr | May | Jun | Jul | Aug | Sep | Oct | Nov | Dec
2008: Jan | Feb | Mar | Apr | May | Jun | Jul | Aug | Sep | Oct | Nov | Dec
Report for 2013 09
MONTHLY CLIMATOLOGICAL SUMMARY FOR 9/2013
HEAT COOL
MEAN DEG DEG WIND SPEED DOM MEAN MEAN
DAY TEMP HIGH TIME LOW TIME DAYS DAYS RAIN AVG HI TIME DIR BAROM HUM
---------------------------------------------------------------------------------------
1 85.2 98.2 4:44pm 74.6 6:58am 0 20 0.00 0 10 11:34am SSW 29.89 63
2 86.2 99.4 5:34pm 76.7 7:00am 0 21 0.00 1 11 12:30pm WSW 29.92 64
3 86.6 99.9 3:15pm 77.6 7:09am 0 22 0.00 0 8 9:35am SW 29.94 62
4 86.5 98.2 3:09pm 78.5 6:53am 0 21 0.00 0 11 8:03pm S 30.00 62
5 84.1 98.2 3:00pm 76.7 7:03am 0 19 0.01 1 13 3:51pm E 30.05 69
6 83.6 94.0 1:44pm 76.0 6:08am 0 19 0.00 1 11 2:51pm E 30.03 70
7 81.2 93.4 1:25pm 75.6 7:23am 0 16 0.00 1 16 2:07pm E 30.00 75
8 80.7 92.1 4:14pm 73.2 7:00am 0 16 0.03 0 10 1:37pm E 29.95 74
9 81.5 93.4 3:08pm 74.4 6:13am 0 16 0.00 1 12 2:48pm S 29.97 71
10 81.6 91.8 2:19pm 76.0 4:45am 0 17 0.00 0 14 4:41pm E 30.03 71
11 82.4 94.5 2:40pm 73.0 6:19am 0 17 0.00 0 13 12:38pm E 30.05 69
12 83.5 95.9 3:47pm 74.6 6:18am 0 19 0.00 1 14 4:15pm E 30.00 64
13 83.8 97.5 3:49pm 72.5 6:15am 0 19 0.00 0 10 12:39pm E 29.90 60
14 83.5 94.7 2:56pm 76.3 5:07am 0 18 0.06 0 11 1:21pm E 29.89 66
15 81.7 92.9 1:32pm 74.0 6:34am 0 17 0.03 1 13 5:37pm E 29.97 73
16 81.5 93.8 3:00pm 74.9 7:22am 0 16 0.02 1 14 4:05pm E 30.01 75
17 83.4 94.3 3:30pm 75.6 6:35am 0 18 0.00 1 13 4:34pm S 30.01 70
18 83.5 95.1 2:59pm 75.4 4:24am 0 18 0.00 1 13 4:07pm E 29.97 70
19 80.6 91.2 1:11pm 76.8 7:01am 0 15 0.09 0 15 5:27pm S 29.92 82
20 77.9 83.6 12:21pm 72.8 9:58pm 0 13 3.06 0 10 12:59pm S 29.82 89
21 74.0 81.6 5:34pm 70.4 7:31am 0 9 0.02 2 15 12:25pm NNE 29.81 81
22 75.1 85.5 3:54pm 65.5 7:26am 0 10 0.00 2 16 1:56pm NE 29.81 56
23 78.5 88.2 2:36pm 71.1 6:59am 0 14 0.00 1 10 1:36pm E 29.79 58
24 82.5 93.8 4:28pm 74.4 11:58pm 0 17 0.00 1 11 10:51am NNE 29.83 63
25 80.7 95.1 4:07pm 67.4 7:13am 0 16 0.00 0 9 12:10pm W 29.84 58
26 81.1 94.7 2:54pm 69.3 6:18am 0 16 0.00 0 10 1:21pm S 29.87 59
27 80.7 89.5 12:59pm 73.3 5:37am 0 16 0.02 0 11 1:21pm S 29.92 74
28 80.3 86.1 10:48am 77.0 6:52am 0 15 0.27 0 10 7:11pm S 29.95 81
29 78.7 83.6 2:33pm 76.5 3:23am 0 14 0.00 1 10 10:49am NNE 29.96 82
30 79.4 88.0 3:17pm 73.7 5:36am 0 14 0.00 0 9 4:31pm E 29.87 79
---------------------------------------------------------------------------------------
TOT 81.7 99.9 9/3/13 65.5 9/22/13 0 499 3.61 1 16 9/7/13 E 29.93 70
HEAT BASE: 65.0
COOL BASE: 65.0