NOAA-style Climate Reports
2024: Jan | Feb | Mar | Apr | May | Jun | Jul | Aug | Sep | Oct | Nov | Dec
2023: Jan | Feb | Mar | Apr | May | Jun | Jul | Aug | Sep | Oct | Nov | Dec
2022: Jan | Feb | Mar | Apr | May | Jun | Jul | Aug | Sep | Oct | Nov | Dec
2021: Jan | Feb | Mar | Apr | May | Jun | Jul | Aug | Sep | Oct | Nov | Dec
2020: Jan | Feb | Mar | Apr | May | Jun | Jul | Aug | Sep | Oct | Nov | Dec
2019: Jan | Feb | Mar | Apr | May | Jun | Jul | Aug | Sep | Oct | Nov | Dec
2018: Jan | Feb | Mar | Apr | May | Jun | Jul | Aug | Sep | Oct | Nov | Dec
2017: Jan | Feb | Mar | Apr | May | Jun | Jul | Aug | Sep | Oct | Nov | Dec
2016: Jan | Feb | Mar | Apr | May | Jun | Jul | Aug | Sep | Oct | Nov | Dec
2015: Jan | Feb | Mar | Apr | May | Jun | Jul | Aug | Sep | Oct | Nov | Dec
2014: Jan | Feb | Mar | Apr | May | Jun | Jul | Aug | Sep | Oct | Nov | Dec
2013: Jan | Feb | Mar | Apr | May | Jun | Jul | Aug | Sep | Oct | Nov | Dec
2012: Jan | Feb | Mar | Apr | May | Jun | Jul | Aug | Sep | Oct | Nov | Dec
2011: Jan | Feb | Mar | Apr | May | Jun | Jul | Aug | Sep | Oct | Nov | Dec
2010: Jan | Feb | Mar | Apr | May | Jun | Jul | Aug | Sep | Oct | Nov | Dec
2009: Jan | Feb | Mar | Apr | May | Jun | Jul | Aug | Sep | Oct | Nov | Dec
2008: Jan | Feb | Mar | Apr | May | Jun | Jul | Aug | Sep | Oct | Nov | Dec
Report for 2013 06
MONTHLY CLIMATOLOGICAL SUMMARY FOR 6/2013
HEAT COOL
MEAN DEG DEG WIND SPEED DOM MEAN MEAN
DAY TEMP HIGH TIME LOW TIME DAYS DAYS RAIN AVG HI TIME DIR BAROM HUM
---------------------------------------------------------------------------------------
1 84.8 97.1 4:01pm 78.3 5:18am 0 20 0.00 1 15 12:13pm S 29.87 68
2 76.5 83.0 5:10pm 68.9 7:50am 0 12 1.36 0 18 6:50am NNE 29.96 79
3 79.0 92.1 4:16pm 67.1 5:59am 0 14 0.00 1 10 11:14am E 29.92 63
4 81.6 94.0 5:23pm 69.3 6:34am 0 17 0.00 0 9 1:32pm E 29.89 64
5 83.2 95.6 4:11pm 72.8 5:06am 0 18 0.00 0 9 1:54pm E 29.85 69
6 81.9 95.1 3:54pm 72.8 11:37pm 0 17 0.03 1 22 6:37pm W 29.82 72
7 76.7 87.0 3:53pm 68.1 6:25am 0 12 0.00 1 12 3:59pm NNE 29.91 66
8 78.8 94.0 3:22pm 66.8 6:33am 0 14 0.00 0 12 3:36pm S 29.90 62
9 76.3 89.9 11:49am 70.9 1:30pm 0 11 1.23 1 22 12:34pm W 29.91 82
10 81.0 93.4 2:20pm 69.6 6:06am 0 16 0.00 0 8 3:47pm S 29.97 74
11 82.3 92.1 4:59pm 75.3 5:30am 0 17 0.03 0 9 12:51pm S 30.02 76
12 83.5 94.0 1:39pm 76.8 6:04am 0 19 0.00 0 11 3:01pm S 30.04 72
13 84.5 97.5 3:52pm 75.4 6:01am 0 19 0.00 0 9 10:46am W 30.01 70
14 86.1 96.1 4:59pm 76.5 6:03am 0 20 0.00 0 9 4:00pm S 29.95 67
15 85.1 94.3 3:27pm 77.7 6:12am 0 20 0.00 1 9 2:34pm W 29.96 67
16 85.7 96.8 3:57pm 76.1 6:26am 0 21 0.00 1 9 1:00pm W 29.98 65
17 85.0 97.1 2:29pm 76.7 5:48am 0 20 0.00 1 12 9:51am S 29.96 67
18 83.7 95.6 2:47pm 76.5 6:22am 0 18 0.00 1 12 3:19pm W 29.95 69
19 84.5 97.3 4:57pm 75.1 5:50am 0 19 0.00 1 13 8:14pm W 29.97 66
20 85.5 96.6 3:20pm 77.6 6:11am 0 21 0.00 1 13 4:18pm S 30.03 65
21 85.8 97.3 3:17pm 76.1 6:26am 0 21 0.00 0 11 3:45pm S 30.06 64
22 85.5 98.0 4:40pm 76.1 6:14am 0 20 0.00 0 9 7:47pm S 30.02 63
23 84.9 94.5 4:30pm 75.4 6:19am 0 19 0.00 0 14 1:05pm S 29.99 65
24 86.0 98.0 3:36pm 77.0 5:52am 0 21 0.00 0 11 3:42pm S 30.02 62
25
26 92.4 99.7 4:43pm 77.9 5:36am 0 15 0.00 1 12 9:28am S 29.96 48
27 86.8 99.7 4:12pm 76.3 6:54am 0 22 0.00 0 13 8:05pm S 29.98 60
28 86.8 99.7 4:47pm 76.0 6:44am 0 22 0.00 1 12 8:18am W 29.92 60
29 90.2 103.6 4:34pm 77.9 6:24am 0 25 0.00 2 16 4:56pm W 29.81 50
30 88.8 96.6 3:22pm 77.4 6:56am 0 24 0.00 0 14 6:10pm N 29.82 36
---------------------------------------------------------------------------------------
TOT 83.8 103.6 6/29/13 66.8 6/8/13 0 533 2.65 1 22 6/6/13 S 29.95 65
HEAT BASE: 65.0
COOL BASE: 65.0