NOAA-style Climate Reports
2024: Jan | Feb | Mar | Apr | May | Jun | Jul | Aug | Sep | Oct | Nov | Dec
2023: Jan | Feb | Mar | Apr | May | Jun | Jul | Aug | Sep | Oct | Nov | Dec
2022: Jan | Feb | Mar | Apr | May | Jun | Jul | Aug | Sep | Oct | Nov | Dec
2021: Jan | Feb | Mar | Apr | May | Jun | Jul | Aug | Sep | Oct | Nov | Dec
2020: Jan | Feb | Mar | Apr | May | Jun | Jul | Aug | Sep | Oct | Nov | Dec
2019: Jan | Feb | Mar | Apr | May | Jun | Jul | Aug | Sep | Oct | Nov | Dec
2018: Jan | Feb | Mar | Apr | May | Jun | Jul | Aug | Sep | Oct | Nov | Dec
2017: Jan | Feb | Mar | Apr | May | Jun | Jul | Aug | Sep | Oct | Nov | Dec
2016: Jan | Feb | Mar | Apr | May | Jun | Jul | Aug | Sep | Oct | Nov | Dec
2015: Jan | Feb | Mar | Apr | May | Jun | Jul | Aug | Sep | Oct | Nov | Dec
2014: Jan | Feb | Mar | Apr | May | Jun | Jul | Aug | Sep | Oct | Nov | Dec
2013: Jan | Feb | Mar | Apr | May | Jun | Jul | Aug | Sep | Oct | Nov | Dec
2012: Jan | Feb | Mar | Apr | May | Jun | Jul | Aug | Sep | Oct | Nov | Dec
2011: Jan | Feb | Mar | Apr | May | Jun | Jul | Aug | Sep | Oct | Nov | Dec
2010: Jan | Feb | Mar | Apr | May | Jun | Jul | Aug | Sep | Oct | Nov | Dec
2009: Jan | Feb | Mar | Apr | May | Jun | Jul | Aug | Sep | Oct | Nov | Dec
2008: Jan | Feb | Mar | Apr | May | Jun | Jul | Aug | Sep | Oct | Nov | Dec
Report for 2013 01
MONTHLY CLIMATOLOGICAL SUMMARY FOR 1/2013
HEAT COOL
MEAN DEG DEG WIND SPEED DOM MEAN MEAN
DAY TEMP HIGH TIME LOW TIME DAYS DAYS RAIN AVG HI TIME DIR BAROM HUM
---------------------------------------------------------------------------------------
1 53.4 65.8 12:03am 44.9 11:42pm 12 0 0.11 2 16 8:44am NNE 30.08 87
2 42.3 44.9 12:00am 41.2 11:42pm 23 0 0.00 2 14 1:24am NNE 30.28 75
3 44.8 52.3 2:07pm 38.3 6:13am 20 0 0.00 2 14 3:07pm NE 30.39 61
4 46.2 48.2 1:03pm 44.5 12:21am 19 0 0.01 1 15 11:52am NE 30.43 65
5 44.7 46.4 10:43pm 42.1 6:00am 20 0 0.62 0 8 4:56am NE 30.34 89
6 46.8 57.3 3:17pm 39.1 11:55pm 17 0 0.00 2 14 12:15pm NNE 30.33 80
7 47.0 58.0 2:49pm 35.9 5:24am 18 0 0.00 0 11 11:15am ESE 30.25 77
8 56.5 63.2 6:12pm 48.9 5:32am 8 0 1.06 2 16 4:03pm ESE 30.00 90
9 63.4 65.0 2:53pm 61.2 12:00am 2 0 2.06 2 18 9:25am SE 29.96 94
10 60.5 68.3 2:32pm 52.0 11:47pm 5 0 0.04 0 14 3:00pm WSW 30.05 75
11 59.7 73.2 1:26pm 45.4 7:33am 7 2 0.01 1 11 2:04pm S 29.98 80
12 71.5 74.9 1:21pm 64.2 12:00am 0 6 0.18 1 16 3:30pm S 29.82 89
13 46.5 71.1 12:00am 40.3 8:43am 19 0 0.31 4 28 6:11am NNE 30.03 80
14 41.4 43.9 12:00am 37.8 9:53am 24 0 0.02 2 15 10:28am NE 30.17 81
15 37.7 41.8 12:09am 35.8 8:23pm 27 0 0.11 3 17 10:43pm N 30.13 88
16 40.7 49.9 1:40pm 33.1 11:53pm 24 0 0.00 3 17 3:11pm NNW 30.26 60
17 45.1 61.6 3:47pm 30.1 6:12am 20 0 0.00 1 12 3:06pm NNE 30.40 61
18 48.1 61.5 2:28pm 36.5 7:16am 17 0 0.00 1 9 10:46am SSE 30.47 64
19 51.7 68.6 2:46pm 37.8 2:58am 14 0 0.00 0 8 12:48pm SW 30.30 73
20 54.9 69.3 2:46pm 44.8 6:07am 11 0 0.01 0 6 1:37pm SSE 30.22 78
21 56.5 70.1 3:03pm 44.3 7:26am 9 1 0.00 0 7 11:05am W 30.21 76
22 57.2 71.3 2:21pm 45.2 7:24am 9 1 0.00 0 9 12:27pm S 30.28 73
23 60.1 75.8 2:55pm 47.0 4:32am 7 2 0.00 0 11 1:07pm S 30.30 79
24 67.0 78.3 3:38pm 60.5 12:23am 2 4 0.01 1 13 11:40am SSW 30.23 79
25 68.6 78.8 2:44pm 62.1 5:37am 1 4 0.00 1 14 11:01am SW 30.15 76
26 69.0 78.3 3:00pm 62.6 7:39am 0 4 0.00 0 9 7:52pm S 30.16 75
27 67.9 78.1 1:09pm 59.3 6:55am 1 4 0.06 1 14 2:00pm S 30.11 82
28 72.7 81.1 3:00pm 68.8 4:13am 0 8 0.00 2 19 4:01pm S 30.06 75
29 72.0 77.7 2:30pm 59.0 10:36pm 0 8 0.05 2 20 9:13pm S 29.79 81
30 54.6 60.7 1:40am 41.1 11:48pm 10 0 0.01 4 28 10:11am NNW 30.02 39
31 51.6 67.4 2:53pm 35.9 6:51am 14 0 0.00 1 12 10:28am WSW 30.28 48
---------------------------------------------------------------------------------------
TOT 54.8 81.1 1/28/13 30.1 1/17/13 359 45 4.67 1 28 1/13/13 NNE 30.18 75
HEAT BASE: 65.0
COOL BASE: 65.0