NOAA-style Climate Reports
2024: Jan | Feb | Mar | Apr | May | Jun | Jul | Aug | Sep | Oct | Nov | Dec
2023: Jan | Feb | Mar | Apr | May | Jun | Jul | Aug | Sep | Oct | Nov | Dec
2022: Jan | Feb | Mar | Apr | May | Jun | Jul | Aug | Sep | Oct | Nov | Dec
2021: Jan | Feb | Mar | Apr | May | Jun | Jul | Aug | Sep | Oct | Nov | Dec
2020: Jan | Feb | Mar | Apr | May | Jun | Jul | Aug | Sep | Oct | Nov | Dec
2019: Jan | Feb | Mar | Apr | May | Jun | Jul | Aug | Sep | Oct | Nov | Dec
2018: Jan | Feb | Mar | Apr | May | Jun | Jul | Aug | Sep | Oct | Nov | Dec
2017: Jan | Feb | Mar | Apr | May | Jun | Jul | Aug | Sep | Oct | Nov | Dec
2016: Jan | Feb | Mar | Apr | May | Jun | Jul | Aug | Sep | Oct | Nov | Dec
2015: Jan | Feb | Mar | Apr | May | Jun | Jul | Aug | Sep | Oct | Nov | Dec
2014: Jan | Feb | Mar | Apr | May | Jun | Jul | Aug | Sep | Oct | Nov | Dec
2013: Jan | Feb | Mar | Apr | May | Jun | Jul | Aug | Sep | Oct | Nov | Dec
2012: Jan | Feb | Mar | Apr | May | Jun | Jul | Aug | Sep | Oct | Nov | Dec
2011: Jan | Feb | Mar | Apr | May | Jun | Jul | Aug | Sep | Oct | Nov | Dec
2010: Jan | Feb | Mar | Apr | May | Jun | Jul | Aug | Sep | Oct | Nov | Dec
2009: Jan | Feb | Mar | Apr | May | Jun | Jul | Aug | Sep | Oct | Nov | Dec
2008: Jan | Feb | Mar | Apr | May | Jun | Jul | Aug | Sep | Oct | Nov | Dec
Report for 2012 06
MONTHLY CLIMATOLOGICAL SUMMARY FOR 6/2012
HEAT COOL
MEAN DEG DEG WIND SPEED DOM MEAN MEAN
DAY TEMP HIGH TIME LOW TIME DAYS DAYS RAIN AVG HI TIME DIR BAROM HUM
---------------------------------------------------------------------------------------
1 80.7 93.8 4:08pm 69.8 4:42am 0 16 0.00 1 12 7:27am NE 29.94 48
2 82.6 94.5 3:29pm 71.6 6:27am 0 18 0.00 1 14 2:48pm S 29.95 64
3 83.2 95.6 2:49pm 73.7 5:26am 0 18 0.00 1 14 12:42pm S 29.94 67
4 84.1 94.7 5:15pm 76.0 5:41am 0 19 0.00 1 11 11:54am S 29.88 66
5 84.3 97.5 4:20pm 74.2 6:18am 0 19 0.00 0 8 3:03pm S 29.80 67
6 84.8 97.3 4:21pm 75.8 4:41am 0 20 0.00 1 14 8:21pm S 29.81 64
7 79.3 92.5 4:18pm 72.1 6:40am 0 14 0.02 1 17 5:54pm NNE 29.90 68
8 77.3 91.4 3:55pm 71.1 5:40am 0 12 0.06 1 18 4:08pm NE 29.90 76
9 80.8 94.3 4:41pm 70.3 5:21am 0 16 0.00 0 9 12:00am ENE 29.82 69
10 83.7 96.8 4:31pm 72.1 6:07am 0 19 0.00 1 16 7:09pm S 29.82 67
11 86.1 96.8 3:47pm 78.5 5:48am 0 21 0.00 1 15 3:05pm SSW 29.93 69
12 82.2 95.6 2:28pm 70.1 9:30pm 0 17 0.03 1 19 4:53pm S 30.03 72
13 80.6 93.6 4:07pm 68.9 3:46am 0 16 0.00 0 11 9:29pm S 29.98 72
14 85.0 95.4 4:52pm 76.7 6:30am 0 20 0.00 1 12 8:06am S 29.94 66
15 85.2 97.3 4:29pm 76.7 6:26am 0 20 0.00 1 12 11:17am S 29.97 65
16 80.9 89.7 4:17pm 75.1 5:04am 0 16 0.00 0 10 12:50pm ESE 30.03 72
17 82.5 92.7 3:43pm 73.2 6:05am 0 17 0.00 0 10 12:28pm ESE 29.99 63
18 81.3 90.1 12:37pm 73.3 4:58am 0 16 0.00 1 12 6:28pm S 29.86 68
19 77.9 88.2 2:26pm 70.3 4:13pm 0 13 1.30 0 23 3:39pm S 29.93 80
20 77.2 87.2 10:54am 72.3 5:54am 0 12 0.80 0 13 1:06pm S 29.96 83
21 81.0 93.2 3:48pm 71.5 1:56am 0 16 0.00 1 10 4:13pm ESE 29.98 68
22 83.0 93.2 3:30pm 72.8 6:14am 0 18 0.00 1 11 9:09am NE 29.91 62
23 84.9 96.8 2:45pm 73.3 5:00am 0 16 0.00 1 10 12:30pm ESE 29.88 59
24 87.1 98.0 4:05pm 76.8 6:19am 0 21 0.00 0 11 11:52am NNE 29.91 58
25 89.2 99.9 4:35pm 77.0 6:17am 0 24 0.00 1 13 12:39pm NNE 29.84 51
26 90.4 103.3 2:25pm 79.6 6:38am 0 25 0.01 0 16 3:22pm N 29.76 53
27 90.0 101.7 3:54pm 79.4 5:53am 0 25 0.00 0 9 5:14pm S 29.87 53
28 85.4 96.6 12:36pm 78.1 4:50pm 0 20 0.02 0 18 4:16pm SSW 30.02 69
29 82.8 90.1 4:06pm 76.1 5:59am 0 18 0.08 0 13 4:44pm S 29.99 75
30 78.2 84.0 10:36am 72.7 2:17pm 0 13 0.72 0 12 2:01pm ESE 29.92 84
---------------------------------------------------------------------------------------
TOT 83.0 103.3 6/26/12 68.9 6/13/12 0 536 3.04 1 21 6/19/12 S 29.91 67
HEAT BASE: 65.0
COOL BASE: 65.0