NOAA-style Climate Reports
2024: Jan | Feb | Mar | Apr | May | Jun | Jul | Aug | Sep | Oct | Nov | Dec
2023: Jan | Feb | Mar | Apr | May | Jun | Jul | Aug | Sep | Oct | Nov | Dec
2022: Jan | Feb | Mar | Apr | May | Jun | Jul | Aug | Sep | Oct | Nov | Dec
2021: Jan | Feb | Mar | Apr | May | Jun | Jul | Aug | Sep | Oct | Nov | Dec
2020: Jan | Feb | Mar | Apr | May | Jun | Jul | Aug | Sep | Oct | Nov | Dec
2019: Jan | Feb | Mar | Apr | May | Jun | Jul | Aug | Sep | Oct | Nov | Dec
2018: Jan | Feb | Mar | Apr | May | Jun | Jul | Aug | Sep | Oct | Nov | Dec
2017: Jan | Feb | Mar | Apr | May | Jun | Jul | Aug | Sep | Oct | Nov | Dec
2016: Jan | Feb | Mar | Apr | May | Jun | Jul | Aug | Sep | Oct | Nov | Dec
2015: Jan | Feb | Mar | Apr | May | Jun | Jul | Aug | Sep | Oct | Nov | Dec
2014: Jan | Feb | Mar | Apr | May | Jun | Jul | Aug | Sep | Oct | Nov | Dec
2013: Jan | Feb | Mar | Apr | May | Jun | Jul | Aug | Sep | Oct | Nov | Dec
2012: Jan | Feb | Mar | Apr | May | Jun | Jul | Aug | Sep | Oct | Nov | Dec
2011: Jan | Feb | Mar | Apr | May | Jun | Jul | Aug | Sep | Oct | Nov | Dec
2010: Jan | Feb | Mar | Apr | May | Jun | Jul | Aug | Sep | Oct | Nov | Dec
2009: Jan | Feb | Mar | Apr | May | Jun | Jul | Aug | Sep | Oct | Nov | Dec
2008: Jan | Feb | Mar | Apr | May | Jun | Jul | Aug | Sep | Oct | Nov | Dec
Report for 2011 12
MONTHLY CLIMATOLOGICAL SUMMARY FOR 12/2011
HEAT COOL
MEAN DEG DEG WIND SPEED DOM MEAN MEAN
DAY TEMP HIGH TIME LOW TIME DAYS DAYS RAIN AVG HI TIME DIR BAROM HUM
---------------------------------------------------------------------------------------
1 57.1 73.5 12:27pm 40.9 2:08am 10 2 0.00 1 14 4:13pm S 30.19 79
2 63.6 72.8 1:39pm 58.3 7:24am 3 2 0.00 1 19 12:54pm ESE 30.27 74
3 68.9 77.2 12:18pm 62.1 12:00am 1 5 0.00 1 16 3:09am S 30.09 76
4 62.2 74.2 10:26am 53.9 11:48pm 5 2 0.19 1 17 11:27am NNE 30.01 89
5 48.3 53.9 12:00am 42.8 11:53pm 17 0 0.75 2 18 9:02am N 30.06 89
6 38.2 42.8 12:00am 32.7 11:51pm 27 0 0.00 3 14 6:54am N 30.30 79
7 36.9 49.4 3:39pm 28.7 6:38am 28 0 0.00 1 15 11:05am N 30.40 64
8 43.4 57.6 3:40pm 29.7 4:55am 22 0 0.00 0 10 2:46pm E 30.30 75
9 52.8 60.5 2:28pm 46.7 5:11am 12 0 0.00 1 14 11:30pm E 30.27 76
10 51.4 55.7 1:29pm 47.4 7:52am 14 0 0.00 2 14 12:00am E 30.47 54
11 49.5 58.0 3:00pm 40.5 7:26am 16 0 0.00 1 13 9:33am E 30.38 52
12 54.0 65.5 2:04pm 45.5 6:15am 11 0 0.00 1 11 8:28am ESE 30.29 59
13 60.5 64.5 2:36pm 56.0 1:42am 5 0 0.00 1 11 12:05pm ESE 30.26 90
14 69.6 78.5 2:43pm 62.6 12:00am 0 5 0.00 1 14 3:38pm S 30.10 84
15 71.7 80.3 2:41pm 64.8 11:57pm 0 7 0.00 0 7 1:39pm S 30.05 81
16 56.4 64.8 12:00am 52.6 11:58pm 9 0 0.00 3 14 4:24am NNE 30.25 84
17 54.5 63.1 3:28pm 49.4 8:07am 10 0 0.00 2 14 5:18am NE 30.43 60
18 55.0 65.3 2:32pm 48.2 4:32am 10 0 0.00 1 9 10:39am ESE 30.34 54
19 63.6 72.1 12:37pm 52.3 2:15am 4 2 0.11 1 18 1:01pm S 29.97 85
20 59.5 68.9 2:17am 47.4 11:58pm 6 1 0.56 1 16 11:12am N 29.96 71
21 51.2 60.9 2:29pm 41.5 4:54am 14 0 0.06 0 10 10:28am NNE 30.01 63
22 52.9 61.0 3:02pm 48.5 4:54am 12 0 1.72 0 13 2:05am N 30.05 89
23 50.2 54.4 2:40pm 46.5 5:31am 15 0 0.00 3 14 4:00am NNE 30.32 81
24 45.8 50.7 12:00am 43.1 5:53pm 19 0 0.81 2 15 4:22am ENE 30.34 85
25 45.1 46.7 8:33pm 43.3 12:00am 20 0 0.04 2 12 1:36am N 30.34 94
26 45.7 51.0 4:15pm 39.5 11:26pm 19 0 0.00 1 13 12:50pm WNW 30.21 86
27 46.1 60.5 3:35pm 35.8 7:30am 19 0 0.01 1 12 12:46pm WNW 30.23 72
28 50.9 68.3 3:45pm 35.9 4:56am 14 0 0.00 0 10 11:57am S 30.15 76
29 50.7 64.7 3:18pm 41.5 7:42am 14 0 0.01 0 8 2:58pm W 30.02 80
30 55.8 74.2 3:10pm 41.3 7:34am 11 2 0.01 0 10 9:33am S 30.02 79
31 66.3 76.8 2:38pm 56.9 12:52am 2 4 0.00 1 12 2:14pm SSW 30.06 86
---------------------------------------------------------------------------------------
TOT 54.1 80.3 12/15/11 28.7 12/7/11 367 30 4.27 1 19 12/2/11 N 30.20 76
HEAT BASE: 65.0
COOL BASE: 65.0