NOAA-style Climate Reports
2024: Jan | Feb | Mar | Apr | May | Jun | Jul | Aug | Sep | Oct | Nov | Dec
2023: Jan | Feb | Mar | Apr | May | Jun | Jul | Aug | Sep | Oct | Nov | Dec
2022: Jan | Feb | Mar | Apr | May | Jun | Jul | Aug | Sep | Oct | Nov | Dec
2021: Jan | Feb | Mar | Apr | May | Jun | Jul | Aug | Sep | Oct | Nov | Dec
2020: Jan | Feb | Mar | Apr | May | Jun | Jul | Aug | Sep | Oct | Nov | Dec
2019: Jan | Feb | Mar | Apr | May | Jun | Jul | Aug | Sep | Oct | Nov | Dec
2018: Jan | Feb | Mar | Apr | May | Jun | Jul | Aug | Sep | Oct | Nov | Dec
2017: Jan | Feb | Mar | Apr | May | Jun | Jul | Aug | Sep | Oct | Nov | Dec
2016: Jan | Feb | Mar | Apr | May | Jun | Jul | Aug | Sep | Oct | Nov | Dec
2015: Jan | Feb | Mar | Apr | May | Jun | Jul | Aug | Sep | Oct | Nov | Dec
2014: Jan | Feb | Mar | Apr | May | Jun | Jul | Aug | Sep | Oct | Nov | Dec
2013: Jan | Feb | Mar | Apr | May | Jun | Jul | Aug | Sep | Oct | Nov | Dec
2012: Jan | Feb | Mar | Apr | May | Jun | Jul | Aug | Sep | Oct | Nov | Dec
2011: Jan | Feb | Mar | Apr | May | Jun | Jul | Aug | Sep | Oct | Nov | Dec
2010: Jan | Feb | Mar | Apr | May | Jun | Jul | Aug | Sep | Oct | Nov | Dec
2009: Jan | Feb | Mar | Apr | May | Jun | Jul | Aug | Sep | Oct | Nov | Dec
2008: Jan | Feb | Mar | Apr | May | Jun | Jul | Aug | Sep | Oct | Nov | Dec
Report for 2011 11
MONTHLY CLIMATOLOGICAL SUMMARY FOR 11/2011
HEAT COOL
MEAN DEG DEG WIND SPEED DOM MEAN MEAN
DAY TEMP HIGH TIME LOW TIME DAYS DAYS RAIN AVG HI TIME DIR BAROM HUM
---------------------------------------------------------------------------------------
1 64.4 81.6 3:02pm 48.8 7:43am 5 5 0.00 0 12 11:50am S 30.15 68
2 71.5 86.1 1:58pm 61.3 1:18am 1 8 0.00 0 12 3:42pm S 30.07 72
3 56.2 69.1 12:17am 47.4 11:57pm 9 0 0.01 3 22 4:17am N 30.27 42
4 51.4 69.3 4:28pm 36.0 7:59am 14 0 0.00 1 9 2:49pm NNE 30.22 46
5 58.4 75.6 2:22pm 41.2 5:23am 9 3 0.00 1 16 4:12pm S 30.06 72
6 73.2 82.2 2:20pm 68.6 12:00am 0 8 0.00 1 10 2:12pm S 30.05 71
7 74.0 80.5 11:39am 69.1 2:29am 0 9 0.00 1 14 10:48am S 30.04 79
8 75.2 83.0 2:33pm 65.8 11:58pm 0 10 0.09 1 16 2:22pm S 29.95 75
9 59.4 65.8 12:00am 53.3 7:45am 6 0 0.00 4 18 7:14pm NNE 30.23 54
10 54.7 65.3 3:21pm 43.5 11:56pm 10 0 0.00 2 14 12:00am NNE 30.39 42
11 54.2 71.1 3:00pm 37.6 6:54am 12 1 0.00 0 9 11:42am SSW 30.26 55
12 64.5 78.5 2:28pm 49.4 3:28am 5 4 0.00 1 14 11:32am S 30.07 71
13 74.0 85.7 1:50pm 66.0 4:41am 0 9 0.00 1 18 3:04pm S 29.95 75
14 75.2 83.8 12:33pm 69.3 5:38am 0 10 0.00 1 10 12:29pm S 29.89 77
15 72.5 80.9 12:31pm 65.8 11:57pm 0 8 0.30 0 10 12:45pm S 29.78 84
16 67.8 79.9 1:21pm 60.2 7:11am 1 4 0.01 1 16 10:31pm N 29.91 77
17 58.5 66.1 2:57pm 48.6 11:57pm 7 0 0.00 2 19 2:26am NE 30.32 50
18 57.4 71.3 2:01pm 44.3 6:44am 8 1 0.00 1 15 1:16pm E 30.19 65
19 72.5 78.8 11:57am 64.8 12:00am 0 7 0.00 1 13 12:57pm S 30.01 79
20 77.2 87.0 1:52pm 72.3 6:33am 0 12 0.00 1 11 1:09pm S 30.08 78
21 76.6 83.8 1:00pm 74.0 3:22am 0 12 0.00 1 15 4:09pm S 30.05 80
22 66.1 75.3 12:00am 56.7 11:49pm 2 3 0.09 2 15 2:13pm N 30.04 83
23 59.2 72.0 2:45pm 49.2 6:33am 7 1 0.00 1 12 12:17am NNE 30.26 72
24 54.7 62.7 3:53pm 49.2 4:37am 10 0 0.01 1 10 9:28am ESE 30.29 83
25 63.1 76.8 12:34pm 50.4 12:23am 5 3 0.01 1 13 4:42pm S 30.08 78
26 61.4 68.3 8:10am 52.0 11:19pm 4 0 0.72 2 21 7:55pm N 30.00 83
27 48.0 52.9 1:50pm 39.1 11:58pm 17 0 0.00 2 22 3:02pm N 30.25 47
28 44.0 57.3 3:37pm 33.5 6:37am 21 0 0.00 1 13 12:23pm W 30.16 51
29 50.5 66.9 2:34pm 36.0 7:05am 15 0 0.00 1 17 10:21am NNE 30.18 51
30 50.6 65.8 3:47pm 38.6 7:18am 14 0 0.00 0 8 9:24am E 30.22 56
---------------------------------------------------------------------------------------
TOT 62.9 87.0 11/20/11 33.5 11/28/11 184 120 1.24 1 21 11/3/11 S 30.11 67
HEAT BASE: 65.0
COOL BASE: 65.0