NOAA-style Climate Reports
2024: Jan | Feb | Mar | Apr | May | Jun | Jul | Aug | Sep | Oct | Nov | Dec
2023: Jan | Feb | Mar | Apr | May | Jun | Jul | Aug | Sep | Oct | Nov | Dec
2022: Jan | Feb | Mar | Apr | May | Jun | Jul | Aug | Sep | Oct | Nov | Dec
2021: Jan | Feb | Mar | Apr | May | Jun | Jul | Aug | Sep | Oct | Nov | Dec
2020: Jan | Feb | Mar | Apr | May | Jun | Jul | Aug | Sep | Oct | Nov | Dec
2019: Jan | Feb | Mar | Apr | May | Jun | Jul | Aug | Sep | Oct | Nov | Dec
2018: Jan | Feb | Mar | Apr | May | Jun | Jul | Aug | Sep | Oct | Nov | Dec
2017: Jan | Feb | Mar | Apr | May | Jun | Jul | Aug | Sep | Oct | Nov | Dec
2016: Jan | Feb | Mar | Apr | May | Jun | Jul | Aug | Sep | Oct | Nov | Dec
2015: Jan | Feb | Mar | Apr | May | Jun | Jul | Aug | Sep | Oct | Nov | Dec
2014: Jan | Feb | Mar | Apr | May | Jun | Jul | Aug | Sep | Oct | Nov | Dec
2013: Jan | Feb | Mar | Apr | May | Jun | Jul | Aug | Sep | Oct | Nov | Dec
2012: Jan | Feb | Mar | Apr | May | Jun | Jul | Aug | Sep | Oct | Nov | Dec
2011: Jan | Feb | Mar | Apr | May | Jun | Jul | Aug | Sep | Oct | Nov | Dec
2010: Jan | Feb | Mar | Apr | May | Jun | Jul | Aug | Sep | Oct | Nov | Dec
2009: Jan | Feb | Mar | Apr | May | Jun | Jul | Aug | Sep | Oct | Nov | Dec
2008: Jan | Feb | Mar | Apr | May | Jun | Jul | Aug | Sep | Oct | Nov | Dec
Report for 2011 10
MONTHLY CLIMATOLOGICAL SUMMARY FOR 10/2011
HEAT COOL
MEAN DEG DEG WIND SPEED DOM MEAN MEAN
DAY TEMP HIGH TIME LOW TIME DAYS DAYS RAIN AVG HI TIME DIR BAROM HUM
---------------------------------------------------------------------------------------
1 72.5 84.5 5:02pm 60.9 7:48am 0 8 0.00 1 13 12:12pm E 30.14 35
2 69.9 85.9 5:05pm 56.2 5:01am 2 7 0.00 0 10 8:55am E 30.19 46
3 69.8 86.1 4:22pm 56.5 7:13am 2 7 0.00 0 11 12:57pm ENE 30.21 50
4 70.7 88.4 4:12pm 56.0 6:36am 3 8 0.00 0 10 2:28pm S 30.19 58
5 72.8 90.5 3:55pm 58.1 7:10am 2 9 0.00 0 11 5:57pm S 30.11 66
6 77.1 89.7 3:19pm 67.3 5:50am 0 12 0.00 1 15 6:15pm S 30.03 72
7 79.6 88.0 2:30pm 74.6 7:25am 0 15 0.00 1 15 3:03pm S 30.05 71
8 77.7 88.8 1:52pm 73.0 5:46am 0 13 0.33 1 16 1:08pm ESE 30.02 77
9 69.8 75.6 1:16am 65.8 7:43pm 0 5 3.75 1 12 12:18pm ESE 29.99 90
10 73.5 84.9 5:09pm 66.3 12:00am 0 9 0.01 0 8 9:23am E 29.98 78
11 76.8 91.4 4:16pm 66.1 6:47am 0 12 0.00 0 9 8:23pm SW 29.90 67
12 77.4 91.2 4:33pm 67.1 7:46am 0 12 0.00 0 9 12:34pm W 29.82 71
13 75.1 85.9 3:58pm 62.6 11:53pm 0 10 0.00 1 15 12:03pm NNE 29.90 54
14 70.9 89.3 4:10pm 54.8 7:33am 3 9 0.00 0 7 11:23am E 29.98 49
15 72.5 88.2 3:41pm 58.1 7:13am 2 9 0.00 0 7 2:05pm S 30.06 62
16 74.4 91.2 4:33pm 59.9 6:59am 1 10 0.00 0 11 1:31pm S 30.06 68
17 77.5 91.4 3:29pm 66.3 7:47am 0 13 0.00 0 10 5:03pm SSW 29.89 69
18 67.2 74.0 12:00am 55.7 11:59pm 1 3 0.02 4 23 11:01am N 29.90 54
19 60.7 72.1 4:20pm 50.7 7:47am 6 1 0.00 1 21 2:40pm N 30.08 39
20 62.6 80.3 4:06pm 45.5 7:40am 6 4 0.00 0 9 7:15pm S 30.12 45
21 71.1 88.8 3:09pm 57.0 7:27am 3 9 0.00 1 11 5:34pm S 30.13 62
22 73.0 86.5 1:47pm 61.3 7:43am 1 9 0.00 0 11 11:29am S 30.09 65
23 74.6 86.7 4:57pm 64.7 7:55am 0 10 0.00 0 15 1:04pm W 30.03 67
24 76.2 89.9 4:24pm 66.0 7:38am 0 11 0.00 1 12 11:27am W 30.14 68
25 75.8 88.2 2:02pm 67.3 6:10am 0 11 0.00 1 11 5:42pm S 30.11 73
26 76.5 88.4 1:41pm 68.3 7:07am 0 12 0.00 1 13 5:13pm S 29.96 69
27 72.5 85.1 3:04pm 57.3 11:59pm 0 8 0.09 0 18 11:27pm N 29.88 80
28 55.2 59.6 4:02pm 47.6 11:30pm 9 0 0.13 3 21 2:00pm N 30.16 76
29 54.0 69.4 5:13pm 41.5 7:49am 12 1 0.00 0 8 11:07am NNE 30.26 61
30 58.0 75.4 4:29pm 44.5 4:50am 9 2 0.00 0 8 10:14am ESE 30.18 60
31 61.8 78.8 3:59pm 48.5 6:50am 7 3 0.00 0 7 12:49pm ESE 30.21 63
---------------------------------------------------------------------------------------
TOT 70.9 91.4 10/11/11 41.5 10/29/11 68 251 4.33 1 23 10/18/11 S 30.06 63
HEAT BASE: 65.0
COOL BASE: 65.0