NOAA-style Climate Reports
2024: Jan | Feb | Mar | Apr | May | Jun | Jul | Aug | Sep | Oct | Nov | Dec
2023: Jan | Feb | Mar | Apr | May | Jun | Jul | Aug | Sep | Oct | Nov | Dec
2022: Jan | Feb | Mar | Apr | May | Jun | Jul | Aug | Sep | Oct | Nov | Dec
2021: Jan | Feb | Mar | Apr | May | Jun | Jul | Aug | Sep | Oct | Nov | Dec
2020: Jan | Feb | Mar | Apr | May | Jun | Jul | Aug | Sep | Oct | Nov | Dec
2019: Jan | Feb | Mar | Apr | May | Jun | Jul | Aug | Sep | Oct | Nov | Dec
2018: Jan | Feb | Mar | Apr | May | Jun | Jul | Aug | Sep | Oct | Nov | Dec
2017: Jan | Feb | Mar | Apr | May | Jun | Jul | Aug | Sep | Oct | Nov | Dec
2016: Jan | Feb | Mar | Apr | May | Jun | Jul | Aug | Sep | Oct | Nov | Dec
2015: Jan | Feb | Mar | Apr | May | Jun | Jul | Aug | Sep | Oct | Nov | Dec
2014: Jan | Feb | Mar | Apr | May | Jun | Jul | Aug | Sep | Oct | Nov | Dec
2013: Jan | Feb | Mar | Apr | May | Jun | Jul | Aug | Sep | Oct | Nov | Dec
2012: Jan | Feb | Mar | Apr | May | Jun | Jul | Aug | Sep | Oct | Nov | Dec
2011: Jan | Feb | Mar | Apr | May | Jun | Jul | Aug | Sep | Oct | Nov | Dec
2010: Jan | Feb | Mar | Apr | May | Jun | Jul | Aug | Sep | Oct | Nov | Dec
2009: Jan | Feb | Mar | Apr | May | Jun | Jul | Aug | Sep | Oct | Nov | Dec
2008: Jan | Feb | Mar | Apr | May | Jun | Jul | Aug | Sep | Oct | Nov | Dec
Report for 2011 08
MONTHLY CLIMATOLOGICAL SUMMARY FOR 8/2011
HEAT COOL
MEAN DEG DEG WIND SPEED DOM MEAN MEAN
DAY TEMP HIGH TIME LOW TIME DAYS DAYS RAIN AVG HI TIME DIR BAROM HUM
---------------------------------------------------------------------------------------
1 90.2 105.7 4:24pm 78.1 6:54am 0 25 0.00 0 9 8:58am S 30.00 56
2 90.3 104.6 3:28pm 79.6 5:55am 0 25 0.00 1 12 9:35am S 29.92 56
3 90.6 105.1 5:03pm 79.0 7:08am 0 26 0.00 1 11 9:22am W 29.89 57
4 89.7 105.7 5:28pm 77.4 6:20am 0 25 0.00 1 11 7:59pm S 29.90 59
5 90.1 105.4 4:00pm 79.6 6:12am 0 25 0.00 1 12 3:41pm S 29.93 60
6 89.9 104.1 5:13pm 79.4 7:15am 0 25 0.00 1 10 7:36pm S 29.94 59
7 89.7 104.6 3:49pm 79.8 7:02am 0 25 0.00 1 12 9:33pm S 29.92 59
8 89.6 104.4 3:57pm 79.2 6:46am 0 25 0.00 1 17 7:55pm S 29.87 60
9 90.1 103.8 2:50pm 79.6 6:56am 0 25 0.00 1 14 1:52pm S 29.85 60
10 90.1 105.4 4:29pm 79.9 6:38am 0 25 0.00 1 12 6:43pm S 29.84 60
11 90.7 106.8 5:13pm 80.5 7:04am 0 26 0.00 1 15 9:01am S 29.87 60
12 88.8 104.4 4:26pm 79.9 6:52am 0 24 0.12 1 12 5:32pm S 29.92 64
13 88.2 103.6 4:06pm 78.6 6:49am 0 23 0.00 1 14 4:20pm S 29.94 63
14 86.7 104.4 3:02pm 79.6 7:04am 0 22 0.01 1 17 4:06pm W 29.96 67
15 88.8 103.6 3:48pm 78.3 6:58am 0 24 0.00 1 13 6:26pm S 29.93 59
16 88.7 103.3 4:27pm 77.2 6:48am 0 24 0.00 1 12 7:48pm S 29.97 59
17 89.8 103.8 5:31pm 78.5 5:57am 0 25 0.00 1 12 12:37pm S 30.03 57
18 90.9 106.8 4:00pm 79.2 7:00am 0 26 0.00 1 11 9:42am W 29.96 56
19 91.4 106.0 4:49pm 80.1 6:52am 0 26 0.00 1 10 1:11pm S 29.88 52
20 89.6 102.8 2:28pm 80.3 7:12am 0 25 0.00 0 10 3:00pm S 29.91 60
21 88.6 103.8 3:54pm 77.2 7:18am 0 24 0.00 1 15 4:35pm S 29.99 59
22 89.6 103.6 5:39pm 78.3 7:00am 0 25 0.00 0 9 6:50pm S 29.99 58
23 89.6 103.8 4:33pm 79.0 6:56am 0 25 0.00 0 10 3:22pm S 29.93 58
24 88.1 104.4 4:28pm 79.0 9:10pm 0 23 0.06 1 26 7:49pm S 29.91 62
25 84.8 97.8 4:33pm 76.8 6:30am 0 20 0.07 1 18 6:15am S 29.92 65
26 88.7 104.1 3:51pm 75.8 6:55am 0 24 0.00 0 9 11:48pm S 29.93 54
27 92.2 107.7 5:23pm 79.2 7:00am 0 27 0.00 1 14 3:28pm W 29.88 53
28 92.5 107.9 4:35pm 78.1 7:22am 0 28 0.00 0 8 12:14pm ESE 29.81 45
29 91.3 106.0 5:10pm 76.5 7:04am 0 26 0.00 1 11 4:34pm S 29.84 49
30 90.6 104.9 3:56pm 78.6 7:24am 0 26 0.00 1 10 12:47pm S 29.88 52
31 88.5 103.1 3:57pm 76.1 7:05am 0 23 0.00 1 12 6:48pm S 29.94 54
---------------------------------------------------------------------------------------
TOT 89.6 107.9 8/28/11 75.8 8/26/11 0 763 0.26 1 26 8/24/11 S 29.92 58
HEAT BASE: 65.0
COOL BASE: 65.0