NOAA-style Climate Reports
2024: Jan | Feb | Mar | Apr | May | Jun | Jul | Aug | Sep | Oct | Nov | Dec
2023: Jan | Feb | Mar | Apr | May | Jun | Jul | Aug | Sep | Oct | Nov | Dec
2022: Jan | Feb | Mar | Apr | May | Jun | Jul | Aug | Sep | Oct | Nov | Dec
2021: Jan | Feb | Mar | Apr | May | Jun | Jul | Aug | Sep | Oct | Nov | Dec
2020: Jan | Feb | Mar | Apr | May | Jun | Jul | Aug | Sep | Oct | Nov | Dec
2019: Jan | Feb | Mar | Apr | May | Jun | Jul | Aug | Sep | Oct | Nov | Dec
2018: Jan | Feb | Mar | Apr | May | Jun | Jul | Aug | Sep | Oct | Nov | Dec
2017: Jan | Feb | Mar | Apr | May | Jun | Jul | Aug | Sep | Oct | Nov | Dec
2016: Jan | Feb | Mar | Apr | May | Jun | Jul | Aug | Sep | Oct | Nov | Dec
2015: Jan | Feb | Mar | Apr | May | Jun | Jul | Aug | Sep | Oct | Nov | Dec
2014: Jan | Feb | Mar | Apr | May | Jun | Jul | Aug | Sep | Oct | Nov | Dec
2013: Jan | Feb | Mar | Apr | May | Jun | Jul | Aug | Sep | Oct | Nov | Dec
2012: Jan | Feb | Mar | Apr | May | Jun | Jul | Aug | Sep | Oct | Nov | Dec
2011: Jan | Feb | Mar | Apr | May | Jun | Jul | Aug | Sep | Oct | Nov | Dec
2010: Jan | Feb | Mar | Apr | May | Jun | Jul | Aug | Sep | Oct | Nov | Dec
2009: Jan | Feb | Mar | Apr | May | Jun | Jul | Aug | Sep | Oct | Nov | Dec
2008: Jan | Feb | Mar | Apr | May | Jun | Jul | Aug | Sep | Oct | Nov | Dec
Report for 2011 07
MONTHLY CLIMATOLOGICAL SUMMARY FOR 7/2011
HEAT COOL
MEAN DEG DEG WIND SPEED DOM MEAN MEAN
DAY TEMP HIGH TIME LOW TIME DAYS DAYS RAIN AVG HI TIME DIR BAROM HUM
---------------------------------------------------------------------------------------
1 87.7 100.4 1:40pm 77.7 6:18am 0 23 0.00 0 12 7:36pm S 30.00 60
2 87.1 104.4 4:26pm 76.0 6:25am 0 22 0.00 0 18 7:34pm SW 30.04 60
3 88.4 103.8 4:39pm 77.4 6:47am 0 23 0.00 1 13 7:06pm W 29.98 58
4 87.9 103.6 5:03pm 76.3 6:51am 0 23 0.00 1 14 1:35pm S 29.96 55
5 87.4 102.5 5:06pm 75.6 6:59am 0 22 0.00 0 14 6:37pm S 29.96 57
6 83.1 101.7 3:39pm 76.0 5:15pm 0 18 0.16 0 24 3:49pm S 29.98 66
7 87.0 102.5 4:39pm 75.4 6:33am 0 22 0.00 1 14 8:03pm S 29.93 61
8 87.9 102.8 4:38pm 77.0 6:37am 0 23 0.00 1 11 5:46pm S 29.86 59
9 87.9 102.8 3:39pm 78.1 5:44am 0 23 0.00 1 10 6:47pm S 29.90 60
10 88.0 100.7 1:27pm 77.9 6:47am 0 23 0.01 1 12 7:24pm S 29.97 61
11 88.6 103.1 2:47pm 77.4 6:53am 0 24 0.00 0 11 3:18pm S 30.00 60
12 86.4 97.3 4:44pm 79.2 6:42am 0 21 0.27 1 12 10:05am S 29.99 67
13 88.5 104.6 3:56pm 77.6 6:00am 0 24 0.00 1 11 4:21pm S 29.94 61
14 88.3 103.6 4:01pm 78.3 6:25am 0 23 0.00 1 16 5:05pm W 29.88 61
15 86.8 98.0 3:26pm 79.8 5:49am 0 22 0.00 2 15 12:03pm S 29.86 63
16 85.5 96.8 5:14pm 80.3 4:29am 0 20 0.05 0 10 9:14am S 29.92 66
17 88.7 102.5 3:12pm 76.5 6:53am 0 24 0.00 0 11 5:59pm S 30.01 58
18 86.5 99.4 5:44pm 78.3 11:35am 0 21 0.00 0 10 9:09am WSW 30.01 65
19 81.6 90.1 6:30pm 75.4 2:01pm 0 17 0.21 0 7 9:18am WSW 29.95 76
20 86.4 98.2 3:48pm 77.0 6:19am 0 21 0.00 1 11 5:41pm S 29.93 66
21 87.9 103.1 3:41pm 77.2 6:32am 0 21 0.00 1 12 6:13pm S 29.92 61
22 86.6 98.7 1:10pm 78.8 6:42am 0 22 0.01 1 16 1:27pm S 29.94 66
23 89.2 102.8 3:45pm 79.0 6:51am 0 24 0.00 1 12 11:30am S 30.00 62
24 87.9 104.6 3:54pm 78.1 6:38am 0 23 0.00 1 14 1:22pm S 30.06 63
25 85.4 103.3 5:02pm 75.1 6:58pm 0 20 0.64 1 34 6:19pm W 29.98 69
26 88.0 102.8 5:06pm 77.9 6:32am 0 23 0.00 0 12 8:04pm W 29.87 62
27 88.4 103.1 3:51pm 79.0 6:51am 0 23 0.00 1 11 9:53am S 29.86 61
28 87.5 99.2 2:29pm 79.4 7:06am 0 23 0.00 1 12 3:50pm S 29.93 63
29 83.3 92.1 2:18pm 78.8 11:22am 0 18 0.46 1 14 1:41pm ESE 29.99 75
30 87.1 101.0 3:40pm 77.2 6:16am 0 22 0.10 1 11 5:11pm S 30.05 67
31 88.2 104.1 4:55pm 75.8 6:02am 0 23 0.00 0 8 3:02pm S 30.07 60
---------------------------------------------------------------------------------------
TOT 87.1 104.6 7/13/11 75.1 7/25/11 0 683 1.91 1 33 7/25/11 S 29.96 63
HEAT BASE: 65.0
COOL BASE: 65.0