NOAA-style Climate Reports
2024: Jan | Feb | Mar | Apr | May | Jun | Jul | Aug | Sep | Oct | Nov | Dec
2023: Jan | Feb | Mar | Apr | May | Jun | Jul | Aug | Sep | Oct | Nov | Dec
2022: Jan | Feb | Mar | Apr | May | Jun | Jul | Aug | Sep | Oct | Nov | Dec
2021: Jan | Feb | Mar | Apr | May | Jun | Jul | Aug | Sep | Oct | Nov | Dec
2020: Jan | Feb | Mar | Apr | May | Jun | Jul | Aug | Sep | Oct | Nov | Dec
2019: Jan | Feb | Mar | Apr | May | Jun | Jul | Aug | Sep | Oct | Nov | Dec
2018: Jan | Feb | Mar | Apr | May | Jun | Jul | Aug | Sep | Oct | Nov | Dec
2017: Jan | Feb | Mar | Apr | May | Jun | Jul | Aug | Sep | Oct | Nov | Dec
2016: Jan | Feb | Mar | Apr | May | Jun | Jul | Aug | Sep | Oct | Nov | Dec
2015: Jan | Feb | Mar | Apr | May | Jun | Jul | Aug | Sep | Oct | Nov | Dec
2014: Jan | Feb | Mar | Apr | May | Jun | Jul | Aug | Sep | Oct | Nov | Dec
2013: Jan | Feb | Mar | Apr | May | Jun | Jul | Aug | Sep | Oct | Nov | Dec
2012: Jan | Feb | Mar | Apr | May | Jun | Jul | Aug | Sep | Oct | Nov | Dec
2011: Jan | Feb | Mar | Apr | May | Jun | Jul | Aug | Sep | Oct | Nov | Dec
2010: Jan | Feb | Mar | Apr | May | Jun | Jul | Aug | Sep | Oct | Nov | Dec
2009: Jan | Feb | Mar | Apr | May | Jun | Jul | Aug | Sep | Oct | Nov | Dec
2008: Jan | Feb | Mar | Apr | May | Jun | Jul | Aug | Sep | Oct | Nov | Dec
Report for 2011 03
MONTHLY CLIMATOLOGICAL SUMMARY FOR 3/2011
HEAT COOL
MEAN DEG DEG WIND SPEED DOM MEAN MEAN
DAY TEMP HIGH TIME LOW TIME DAYS DAYS RAIN AVG HI TIME DIR BAROM HUM
---------------------------------------------------------------------------------------
1 58.9 74.6 4:28pm 46.7 6:58am 8 2 0.00 1 13 12:00am NNE 30.22 51
2 60.3 77.0 2:47pm 45.2 6:58am 8 3 0.00 0 10 12:11pm E 30.14 51
3 61.9 75.8 2:05pm 47.9 4:46am 6 2 0.00 1 19 4:35pm SSE 30.05 76
4 69.3 78.5 3:31pm 64.0 6:11am 0 4 0.00 1 12 4:29pm SSE 29.94 76
5 57.3 66.0 12:00am 46.5 11:56pm 8 0 0.07 3 24 11:31am NNW 30.09 75
6 52.9 68.6 3:11pm 40.2 6:56am 12 0 0.00 1 10 11:24am N 30.19 54
7 58.6 70.3 12:57pm 45.4 2:53am 7 1 0.01 2 18 9:54am SE 29.95 76
8 69.2 76.1 4:20pm 62.1 12:00am 0 4 0.09 1 14 4:00am S 29.80 88
9 64.9 71.6 2:48pm 51.1 11:58pm 2 2 0.00 3 22 1:40pm NNW 30.08 59
10 55.3 68.3 3:15pm 44.2 4:59am 10 0 0.00 2 14 1:07pm NNW 30.38 43
11 58.6 77.0 2:19pm 40.6 6:16am 9 3 0.00 1 11 4:32pm S 30.25 53
12 67.6 80.1 2:24pm 57.6 12:42am 2 4 0.00 2 16 9:38am S 30.11 67
13 69.0 79.6 3:07pm 62.0 1:46am 1 4 0.00 2 14 4:01pm S 30.10 74
14 64.1 67.9 5:36pm 54.4 11:57pm 2 1 0.63 1 12 1:25pm NNE 30.14 79
15 58.7 74.4 4:43pm 45.7 7:44am 8 2 0.00 1 9 5:42am SSE 30.21 59
16 65.3 77.6 3:34pm 55.9 2:16am 3 3 0.00 1 15 4:27pm SSE 30.21 77
17 71.4 81.4 3:29pm 65.8 7:24am 0 6 0.00 2 12 11:03am S 30.18 72
18 72.9 87.2 4:42pm 66.9 12:13am 0 8 0.00 1 12 3:05pm S 30.19 75
19 71.9 83.6 3:09pm 64.8 7:30am 0 7 0.00 1 12 1:41am S 30.19 70
20 71.7 82.4 2:16pm 65.5 6:19am 0 7 0.00 2 14 4:49pm S 30.19 69
21 70.7 82.0 3:02pm 64.8 2:07am 0 6 0.00 1 13 1:45pm S 30.18 72
22 72.9 82.4 3:26pm 66.4 7:25am 0 8 0.00 2 22 1:15pm S 30.00 68
23 74.8 85.7 4:36pm 66.6 7:23am 0 10 0.00 1 13 10:09am S 29.90 68
24 71.9 83.6 4:00pm 63.4 7:24am 0 7 0.00 2 14 9:51am SSE 29.98 61
25 73.3 84.1 2:19pm 66.3 7:23am 0 8 0.00 1 14 5:52pm S 29.86 74
26 76.0 86.3 4:54pm 69.6 4:00am 0 11 0.00 1 12 4:38am S 29.74 71
27 73.5 84.5 1:16pm 65.5 11:57pm 0 8 0.05 1 12 5:13pm NNE 29.78 77
28 62.7 67.8 4:42pm 57.8 7:25am 3 0 0.00 2 16 1:09am NE 29.93 76
29 68.3 75.6 2:56pm 61.3 11:59pm 0 4 0.00 1 23 10:49pm E 29.91 74
30 58.9 66.9 5:25pm 54.4 4:15am 6 0 0.13 2 18 12:09am NNE 29.96 73
31 63.3 78.5 4:42pm 49.2 7:40am 5 4 0.00 1 10 12:00am NNE 29.87 62
---------------------------------------------------------------------------------------
TOT 66.0 87.2 3/18/11 40.2 3/6/11 99 130 0.98 1 24 3/5/11 S 30.06 68
HEAT BASE: 65.0
COOL BASE: 65.0