NOAA-style Climate Reports
2024: Jan | Feb | Mar | Apr | May | Jun | Jul | Aug | Sep | Oct | Nov | Dec
2023: Jan | Feb | Mar | Apr | May | Jun | Jul | Aug | Sep | Oct | Nov | Dec
2022: Jan | Feb | Mar | Apr | May | Jun | Jul | Aug | Sep | Oct | Nov | Dec
2021: Jan | Feb | Mar | Apr | May | Jun | Jul | Aug | Sep | Oct | Nov | Dec
2020: Jan | Feb | Mar | Apr | May | Jun | Jul | Aug | Sep | Oct | Nov | Dec
2019: Jan | Feb | Mar | Apr | May | Jun | Jul | Aug | Sep | Oct | Nov | Dec
2018: Jan | Feb | Mar | Apr | May | Jun | Jul | Aug | Sep | Oct | Nov | Dec
2017: Jan | Feb | Mar | Apr | May | Jun | Jul | Aug | Sep | Oct | Nov | Dec
2016: Jan | Feb | Mar | Apr | May | Jun | Jul | Aug | Sep | Oct | Nov | Dec
2015: Jan | Feb | Mar | Apr | May | Jun | Jul | Aug | Sep | Oct | Nov | Dec
2014: Jan | Feb | Mar | Apr | May | Jun | Jul | Aug | Sep | Oct | Nov | Dec
2013: Jan | Feb | Mar | Apr | May | Jun | Jul | Aug | Sep | Oct | Nov | Dec
2012: Jan | Feb | Mar | Apr | May | Jun | Jul | Aug | Sep | Oct | Nov | Dec
2011: Jan | Feb | Mar | Apr | May | Jun | Jul | Aug | Sep | Oct | Nov | Dec
2010: Jan | Feb | Mar | Apr | May | Jun | Jul | Aug | Sep | Oct | Nov | Dec
2009: Jan | Feb | Mar | Apr | May | Jun | Jul | Aug | Sep | Oct | Nov | Dec
2008: Jan | Feb | Mar | Apr | May | Jun | Jul | Aug | Sep | Oct | Nov | Dec
Report for 2011 02
MONTHLY CLIMATOLOGICAL SUMMARY FOR 2/2011
HEAT COOL
MEAN DEG DEG WIND SPEED DOM MEAN MEAN
DAY TEMP HIGH TIME LOW TIME DAYS DAYS RAIN AVG HI TIME DIR BAROM HUM
---------------------------------------------------------------------------------------
1 41.5 67.8 6:05am 23.3 11:59pm 22 0 0.24 6 22 10:07pm NW 29.97 77
2 26.5 34.1 3:18pm 19.9 5:21am 36 0 0.00 5 19 7:59am NNW 30.46 57
3 29.7 32.5 4:09pm 26.6 6:43am 35 0 0.00 3 12 12:00am N 30.44 60
4 27.6 30.9 4:37pm 25.4 8:30am 35 0 0.04 2 14 12:30pm NW 30.26 83
5 40.9 59.9 3:34pm 25.0 5:23am 23 0 0.00 1 13 1:33pm SW 30.02 56
6 54.0 72.7 3:02pm 34.3 7:16am 12 1 0.00 1 12 10:39am S 29.90 64
7 47.1 55.0 2:23pm 36.2 11:58pm 17 0 0.00 5 17 12:18pm NW 30.21 53
8 45.3 56.9 1:27pm 34.3 2:26am 20 0 0.00 3 13 10:12am SE 30.18 68
9 36.0 48.6 3:09am 26.1 3:58pm 27 0 0.25 4 19 12:46pm NNW 30.18 82
10 30.7 39.8 4:56pm 23.2 6:28am 33 0 0.00 3 15 1:29pm NNW 30.35 66
11 38.5 53.9 4:14pm 24.7 6:34am 25 0 0.00 0 10 11:59am NNE 30.39 57
12 45.4 63.9 3:55pm 29.1 6:10am 18 0 0.00 0 9 11:08am S 30.47 53
13 52.6 70.8 2:56pm 33.1 6:11am 12 1 0.00 1 10 10:30am S 30.30 65
14 60.7 75.4 3:50pm 46.4 7:11am 7 2 0.00 0 9 4:12pm S 30.19 79
15 63.5 74.2 2:44pm 55.9 6:35am 3 2 0.01 1 7 2:44pm S 30.14 77
16 63.0 73.2 1:40pm 53.6 6:20am 4 2 0.00 1 9 6:49pm S 30.08 81
17 67.6 77.4 1:55pm 60.7 12:00am 1 3 0.00 2 12 2:06pm S 30.02 79
18 69.8 80.9 2:25pm 62.9 11:50pm 0 4 0.00 1 11 1:40pm SSE 30.12 74
19 66.9 77.4 1:43pm 60.9 3:00am 2 4 0.00 1 12 3:48pm SSE 30.12 82
20 68.9 79.6 1:38pm 62.3 12:02am 0 4 0.00 1 14 12:09pm S 29.92 76
21 71.1 78.3 1:09pm 64.3 6:54am 0 6 0.00 1 11 12:04pm S 29.83 74
22 67.5 76.3 2:04pm 60.1 7:43am 1 3 0.00 1 11 7:05am SE 29.98 70
23 71.2 83.4 2:54pm 66.0 6:11am 0 6 0.00 1 9 3:37pm SSE 29.95 79
24 71.5 80.1 12:44pm 66.9 11:00pm 0 6 0.00 1 21 12:34pm S 29.83 80
25 63.1 76.1 4:03pm 52.8 6:56am 4 2 0.01 1 12 8:06am N 29.99 64
26 65.8 75.8 4:23pm 53.2 1:27am 3 4 0.00 1 15 4:28pm SSE 29.90 83
27 73.6 82.8 12:11pm 67.9 12:25am 0 9 0.00 3 29 12:36pm S 29.75 77
28 67.7 74.4 1:01pm 54.4 11:59pm 1 4 0.01 4 19 3:13am NNW 29.99 49
---------------------------------------------------------------------------------------
TOT 54.6 83.4 2/23/11 19.9 2/2/11 341 64 0.56 2 29 2/27/11 S 30.10 70
HEAT BASE: 65.0
COOL BASE: 65.0