NOAA-style Climate Reports
2024: Jan | Feb | Mar | Apr | May | Jun | Jul | Aug | Sep | Oct | Nov | Dec
2023: Jan | Feb | Mar | Apr | May | Jun | Jul | Aug | Sep | Oct | Nov | Dec
2022: Jan | Feb | Mar | Apr | May | Jun | Jul | Aug | Sep | Oct | Nov | Dec
2021: Jan | Feb | Mar | Apr | May | Jun | Jul | Aug | Sep | Oct | Nov | Dec
2020: Jan | Feb | Mar | Apr | May | Jun | Jul | Aug | Sep | Oct | Nov | Dec
2019: Jan | Feb | Mar | Apr | May | Jun | Jul | Aug | Sep | Oct | Nov | Dec
2018: Jan | Feb | Mar | Apr | May | Jun | Jul | Aug | Sep | Oct | Nov | Dec
2017: Jan | Feb | Mar | Apr | May | Jun | Jul | Aug | Sep | Oct | Nov | Dec
2016: Jan | Feb | Mar | Apr | May | Jun | Jul | Aug | Sep | Oct | Nov | Dec
2015: Jan | Feb | Mar | Apr | May | Jun | Jul | Aug | Sep | Oct | Nov | Dec
2014: Jan | Feb | Mar | Apr | May | Jun | Jul | Aug | Sep | Oct | Nov | Dec
2013: Jan | Feb | Mar | Apr | May | Jun | Jul | Aug | Sep | Oct | Nov | Dec
2012: Jan | Feb | Mar | Apr | May | Jun | Jul | Aug | Sep | Oct | Nov | Dec
2011: Jan | Feb | Mar | Apr | May | Jun | Jul | Aug | Sep | Oct | Nov | Dec
2010: Jan | Feb | Mar | Apr | May | Jun | Jul | Aug | Sep | Oct | Nov | Dec
2009: Jan | Feb | Mar | Apr | May | Jun | Jul | Aug | Sep | Oct | Nov | Dec
2008: Jan | Feb | Mar | Apr | May | Jun | Jul | Aug | Sep | Oct | Nov | Dec
Report for 2010 12
MONTHLY CLIMATOLOGICAL SUMMARY FOR 12/2010
HEAT COOL
MEAN DEG DEG WIND SPEED DOM MEAN MEAN
DAY TEMP HIGH TIME LOW TIME DAYS DAYS RAIN AVG HI TIME DIR BAROM HUM
---------------------------------------------------------------------------------------
1 47.0 63.2 3:12pm 32.7 5:31am 16 0 0.00 1 8 12:27pm WSW 30.34 52
2 53.8 69.6 3:38pm 39.2 5:22am 12 1 0.00 0 6 11:48am SSE 30.24 71
3 61.2 75.8 2:37pm 47.9 6:17am 6 2 0.00 0 6 2:18pm SSE 30.14 76
4 66.9 78.1 2:22pm 58.7 12:49am 2 4 0.01 1 14 11:42am WSW 30.06 72
5 52.2 61.6 12:02am 43.3 11:58pm 12 0 0.00 3 13 12:45am NNE 30.33 48
6 43.9 54.7 3:07pm 36.3 7:00am 20 0 0.00 1 7 10:17am NNE 30.44 60
7 48.2 60.2 12:50pm 35.5 3:41am 17 0 0.07 1 7 6:23pm SSE 30.21 66
8 45.9 49.2 12:08pm 37.5 11:51pm 18 0 0.00 2 13 5:43am NNE 30.29 76
9 48.2 63.1 3:27pm 33.5 5:22am 16 0 0.00 0 7 10:58am SSE 30.23 74
10 60.2 73.9 2:00pm 44.6 6:57am 6 2 0.01 0 10 11:01am S 30.01 76
11 63.1 75.4 2:33pm 54.2 11:58pm 4 2 0.00 3 19 11:15pm NNW 29.91 66
12 47.1 54.2 12:02am 37.5 11:59pm 17 0 0.00 3 16 12:02am NNW 30.28 30
13 44.1 57.5 2:56pm 31.6 7:03am 20 0 0.00 0 5 3:00pm SSE 30.29 42
14 55.3 71.1 2:10pm 38.8 1:23am 10 1 0.00 1 13 12:27pm S 30.07 68
15 65.0 76.3 2:16pm 53.5 5:32am 3 3 0.00 2 18 2:45pm S 29.80 74
16 61.3 70.1 12:03pm 56.5 11:46pm 3 0 0.00 2 13 12:01pm N 29.83 72
17 52.9 58.7 2:20pm 46.2 10:44pm 11 0 0.00 2 12 8:22pm N 30.01 62
18 48.4 57.2 3:12pm 41.3 11:59pm 15 0 0.00 1 12 12:00am NE 30.10 53
19 50.3 63.5 2:40pm 38.5 2:58am 14 0 0.00 1 9 6:33pm SSE 30.04 71
20 66.0 77.2 2:07pm 55.7 12:00am 3 4 0.00 1 14 1:34pm S 29.93 78
21 71.1 80.3 3:21pm 66.0 11:12pm 0 6 0.00 2 14 11:48am SW 29.98 78
22 66.6 71.8 1:38pm 61.8 7:19pm 1 2 0.01 1 11 3:24am WSW 30.14 83
23 59.0 64.0 3:51pm 51.7 11:59pm 5 0 0.00 1 9 5:44am E 30.20 62
24 54.6 68.4 1:57pm 44.1 11:48pm 10 0 1.00 2 16 10:43pm E 30.09 73
25 41.6 44.5 5:52am 35.9 11:54pm 23 0 0.00 6 24 1:58pm NNW 30.29 71
26 36.8 48.0 3:17pm 29.1 6:53am 27 0 0.00 1 9 11:00am NNW 30.39 67
27 41.9 53.5 1:26pm 30.4 2:07am 23 0 0.00 2 11 11:31am ESE 30.32 75
28 57.7 65.0 2:20pm 47.1 12:00am 7 0 0.00 2 10 2:34pm SSE 30.16 77
29 59.4 62.4 4:00am 56.0 11:42pm 5 0 0.77 1 11 4:31am SSE 29.83 88
30 67.5 74.0 2:19pm 56.2 12:04am 1 4 0.00 1 12 8:04pm S 29.66 87
31 67.7 75.4 2:16pm 57.8 11:55pm 0 3 0.00 2 14 9:31pm N 29.73 71
---------------------------------------------------------------------------------------
TOT 54.9 80.3 12/21/10 29.1 12/26/10 329 33 1.87 1 24 12/25/10 SSE 30.11 68
HEAT BASE: 65.0
COOL BASE: 65.0