NOAA-style Climate Reports
2024: Jan | Feb | Mar | Apr | May | Jun | Jul | Aug | Sep | Oct | Nov | Dec
2023: Jan | Feb | Mar | Apr | May | Jun | Jul | Aug | Sep | Oct | Nov | Dec
2022: Jan | Feb | Mar | Apr | May | Jun | Jul | Aug | Sep | Oct | Nov | Dec
2021: Jan | Feb | Mar | Apr | May | Jun | Jul | Aug | Sep | Oct | Nov | Dec
2020: Jan | Feb | Mar | Apr | May | Jun | Jul | Aug | Sep | Oct | Nov | Dec
2019: Jan | Feb | Mar | Apr | May | Jun | Jul | Aug | Sep | Oct | Nov | Dec
2018: Jan | Feb | Mar | Apr | May | Jun | Jul | Aug | Sep | Oct | Nov | Dec
2017: Jan | Feb | Mar | Apr | May | Jun | Jul | Aug | Sep | Oct | Nov | Dec
2016: Jan | Feb | Mar | Apr | May | Jun | Jul | Aug | Sep | Oct | Nov | Dec
2015: Jan | Feb | Mar | Apr | May | Jun | Jul | Aug | Sep | Oct | Nov | Dec
2014: Jan | Feb | Mar | Apr | May | Jun | Jul | Aug | Sep | Oct | Nov | Dec
2013: Jan | Feb | Mar | Apr | May | Jun | Jul | Aug | Sep | Oct | Nov | Dec
2012: Jan | Feb | Mar | Apr | May | Jun | Jul | Aug | Sep | Oct | Nov | Dec
2011: Jan | Feb | Mar | Apr | May | Jun | Jul | Aug | Sep | Oct | Nov | Dec
2010: Jan | Feb | Mar | Apr | May | Jun | Jul | Aug | Sep | Oct | Nov | Dec
2009: Jan | Feb | Mar | Apr | May | Jun | Jul | Aug | Sep | Oct | Nov | Dec
2008: Jan | Feb | Mar | Apr | May | Jun | Jul | Aug | Sep | Oct | Nov | Dec
Report for 2010 11
MONTHLY CLIMATOLOGICAL SUMMARY FOR 11/2010
HEAT COOL
MEAN DEG DEG WIND SPEED DOM MEAN MEAN
DAY TEMP HIGH TIME LOW TIME DAYS DAYS RAIN AVG HI TIME DIR BAROM HUM
---------------------------------------------------------------------------------------
1 77.6 88.0 1:27pm 66.3 11:59pm 0 11 0.08 1 14 11:54pm S 29.97 78
2 60.4 66.3 12:01am 55.4 11:00pm 4 0 0.64 1 11 1:51am NNW 29.96 81
3 56.2 59.3 11:26pm 55.1 6:47am 9 0 0.18 2 15 3:58pm NNW 29.94 91
4 59.8 68.9 2:20pm 48.2 11:55pm 5 0 0.00 4 20 11:54am N 30.09 47
5 53.0 66.4 3:08pm 42.1 6:24am 11 0 0.00 2 17 10:58am NNW 30.23 46
6 52.4 67.3 2:52pm 38.6 6:22am 11 0 0.00 0 5 10:45am ENE 30.36 52
7 55.5 71.6 2:24pm 40.3 6:32am 10 1 0.00 0 5 9:39am SSE 30.35 63
8 60.5 76.3 2:11pm 46.1 4:26am 6 2 0.00 0 5 10:09am SSE 30.12 72
9 65.9 79.4 3:31pm 53.1 4:39am 3 4 0.00 0 6 1:27pm SSE 29.94 74
10 68.5 79.4 12:34pm 60.9 2:55am 1 4 0.00 0 10 1:24pm SSE 29.98 83
11 70.8 78.6 1:21pm 65.5 4:43am 0 5 0.00 1 8 6:39pm SSE 30.13 83
12 73.8 82.6 1:30pm 66.1 11:59pm 0 8 0.01 1 17 11:58pm SSE 30.13 74
13 56.1 65.8 12:00am 49.6 11:11pm 9 0 0.24 2 17 12:00am NNW 30.18 79
14 51.5 55.4 3:05pm 48.0 4:33am 11 0 0.40 1 8 9:47am ENE 30.05 79
15 57.5 65.0 12:31pm 49.9 2:19am 7 0 0.05 0 6 4:53am ENE 29.75 87
16 56.3 65.5 2:37pm 47.6 11:24pm 8 0 0.00 1 14 8:28am NNW 29.88 73
17 62.2 79.0 2:32pm 44.6 6:00am 6 4 0.00 1 13 2:55pm S 30.03 67
18 53.9 63.4 3:41pm 45.7 6:56am 10 0 0.00 2 15 4:31am N 30.31 63
19 55.4 69.1 2:49pm 39.9 6:11am 9 0 0.00 0 8 1:23pm SSE 30.22 76
20 63.5 75.3 1:14pm 50.8 3:23am 4 3 0.01 1 9 10:43am SSE 30.12 79
21 71.4 81.1 2:37pm 62.6 12:47am 0 6 0.00 1 14 10:15am SSE 30.06 75
22 73.9 82.6 1:11pm 66.8 2:04am 0 9 0.00 0 12 2:30pm SSE 29.99 81
23 75.1 84.5 2:05pm 70.1 5:23am 0 9 0.00 1 10 8:26pm SSE 29.99 82
24 75.3 80.9 2:18pm 72.3 5:57am 0 9 0.00 1 12 10:50am SSE 29.86 79
25 70.3 82.4 12:05pm 46.7 11:28pm 3 8 0.06 2 15 6:14am SSE 29.80 77
26 45.5 54.2 2:56pm 37.5 11:57pm 18 0 0.24 3 14 12:01am N 30.20 63
27 44.7 60.1 2:11pm 31.5 6:41am 17 0 0.00 0 5 9:21am E 30.26 58
28 57.1 69.8 1:31pm 39.3 1:25am 8 1 0.00 1 7 12:32pm SSE 29.98 73
29 71.7 81.1 3:24pm 65.2 1:03am 0 6 0.05 1 12 12:27pm SSE 29.75 77
30 52.5 67.6 12:01am 37.2 11:52pm 10 0 0.00 3 19 11:40am NNW 30.21 38
---------------------------------------------------------------------------------------
TOT 61.7 88.0 11/1/10 31.5 11/27/10 181 92 1.96 1 20 11/4/10 SSE 30.06 72
HEAT BASE: 65.0
COOL BASE: 65.0