NOAA-style Climate Reports
2024: Jan | Feb | Mar | Apr | May | Jun | Jul | Aug | Sep | Oct | Nov | Dec
2023: Jan | Feb | Mar | Apr | May | Jun | Jul | Aug | Sep | Oct | Nov | Dec
2022: Jan | Feb | Mar | Apr | May | Jun | Jul | Aug | Sep | Oct | Nov | Dec
2021: Jan | Feb | Mar | Apr | May | Jun | Jul | Aug | Sep | Oct | Nov | Dec
2020: Jan | Feb | Mar | Apr | May | Jun | Jul | Aug | Sep | Oct | Nov | Dec
2019: Jan | Feb | Mar | Apr | May | Jun | Jul | Aug | Sep | Oct | Nov | Dec
2018: Jan | Feb | Mar | Apr | May | Jun | Jul | Aug | Sep | Oct | Nov | Dec
2017: Jan | Feb | Mar | Apr | May | Jun | Jul | Aug | Sep | Oct | Nov | Dec
2016: Jan | Feb | Mar | Apr | May | Jun | Jul | Aug | Sep | Oct | Nov | Dec
2015: Jan | Feb | Mar | Apr | May | Jun | Jul | Aug | Sep | Oct | Nov | Dec
2014: Jan | Feb | Mar | Apr | May | Jun | Jul | Aug | Sep | Oct | Nov | Dec
2013: Jan | Feb | Mar | Apr | May | Jun | Jul | Aug | Sep | Oct | Nov | Dec
2012: Jan | Feb | Mar | Apr | May | Jun | Jul | Aug | Sep | Oct | Nov | Dec
2011: Jan | Feb | Mar | Apr | May | Jun | Jul | Aug | Sep | Oct | Nov | Dec
2010: Jan | Feb | Mar | Apr | May | Jun | Jul | Aug | Sep | Oct | Nov | Dec
2009: Jan | Feb | Mar | Apr | May | Jun | Jul | Aug | Sep | Oct | Nov | Dec
2008: Jan | Feb | Mar | Apr | May | Jun | Jul | Aug | Sep | Oct | Nov | Dec
Report for 2010 07
MONTHLY CLIMATOLOGICAL SUMMARY FOR 7/2010
HEAT COOL
MEAN DEG DEG WIND SPEED DOM MEAN MEAN
DAY TEMP HIGH TIME LOW TIME DAYS DAYS RAIN AVG HI TIME DIR BAROM HUM
---------------------------------------------------------------------------------------
1 77.7 81.1 11:14am 76.1 5:52am 0 13 0.81 1 14 12:21pm ENE 29.95 90
2 76.2 81.8 12:35pm 74.0 3:30pm 0 11 1.68 0 17 1:05pm E 29.97 93
3 80.2 87.0 10:41am 76.3 1:04am 0 15 0.20 0 13 12:07pm SSE 29.93 85
4 80.7 92.5 5:22pm 78.3 12:00am 0 16 0.00 0 10 6:10pm SSE 29.89 80
5 84.3 98.2 4:12pm 76.7 6:13am 0 19 0.01 0 13 5:54pm SSE 29.84 72
6 83.0 94.9 4:04pm 74.7 8:58pm 0 18 0.62 1 17 7:21pm NNE 29.83 76
7 78.1 85.9 3:13pm 75.3 5:42pm 0 13 0.43 0 10 10:36am NE 29.88 91
8 77.9 83.0 11:44am 75.1 9:08am 0 13 0.66 0 11 4:12pm SSE 29.95 90
9 83.9 94.3 3:08pm 76.3 5:52am 0 19 0.00 0 13 1:35pm SSE 29.99 74
10 84.8 95.1 3:11pm 75.4 6:20am 0 20 0.00 1 10 12:20pm S 30.00 68
11 84.6 95.1 4:22pm 76.5 6:19am 0 20 0.00 1 13 5:56pm SW 29.92 68
12 85.2 95.6 3:41pm 77.9 4:26am 0 20 0.00 1 16 10:16am S 29.85 70
13 85.9 95.4 3:26pm 79.2 4:50am 0 21 0.00 1 18 10:10am S 29.89 67
14 86.6 96.6 3:07pm 78.6 5:01am 0 22 0.00 1 13 11:20am S 29.99 68
15 86.7 98.0 5:44pm 77.4 5:57am 0 22 0.00 1 9 9:01am S 30.00 68
16 87.1 96.8 4:30pm 78.3 6:25am 0 22 0.00 0 10 9:52pm SW 29.99 66
17 83.6 97.5 4:02pm 75.3 6:14pm 0 19 1.54 1 25 6:02pm W 29.98 73
18 78.6 87.6 12:18pm 75.3 12:10am 0 14 0.99 0 13 1:25pm W 29.97 89
19 79.8 87.8 3:58pm 76.0 1:50pm 0 15 0.74 0 11 4:25pm SSE 29.98 87
20 83.9 94.7 1:32pm 78.3 3:42am 0 19 0.00 0 12 2:17pm SSE 29.99 75
21 82.3 91.6 2:00pm 76.7 6:05am 0 17 0.40 0 11 3:49pm SSE 30.02 82
22 81.7 91.4 2:44pm 78.3 3:17am 0 17 0.50 0 13 4:13pm SSE 29.99 85
23 85.5 96.6 3:44pm 77.0 6:31am 0 21 0.00 1 10 4:01pm SSE 30.00 71
24 83.3 96.3 3:26pm 75.1 9:42pm 0 18 0.00 0 24 8:56pm NE 30.01 71
25 84.4 97.8 3:18pm 73.2 6:33am 0 19 0.00 0 9 1:37am SSE 29.98 64
26 81.2 94.5 2:33pm 75.6 9:32pm 0 16 0.14 0 16 3:19pm S 29.95 76
27 79.9 88.6 11:43am 75.6 6:24am 0 15 0.13 0 11 11:53am SSE 30.00 84
28 82.5 90.1 3:12pm 76.8 4:00am 0 18 0.00 0 18 11:37am S 30.08 75
29 82.2 94.0 2:20pm 76.0 5:21am 0 17 0.05 0 9 4:24pm SSE 30.11 80
30 85.2 96.3 4:01pm 75.3 6:18am 0 20 0.01 1 10 9:31am WSW 30.00 72
31 85.1 97.5 5:04pm 76.5 5:26am 0 20 0.00 1 13 5:10pm W 29.91 66
---------------------------------------------------------------------------------------
TOT 82.7 98.2 7/5/10 73.2 7/25/10 0 547 8.91 0 25 7/17/10 SSE 29.96 77
HEAT BASE: 65.0
COOL BASE: 65.0