NOAA-style Climate Reports
2024: Jan | Feb | Mar | Apr | May | Jun | Jul | Aug | Sep | Oct | Nov | Dec
2023: Jan | Feb | Mar | Apr | May | Jun | Jul | Aug | Sep | Oct | Nov | Dec
2022: Jan | Feb | Mar | Apr | May | Jun | Jul | Aug | Sep | Oct | Nov | Dec
2021: Jan | Feb | Mar | Apr | May | Jun | Jul | Aug | Sep | Oct | Nov | Dec
2020: Jan | Feb | Mar | Apr | May | Jun | Jul | Aug | Sep | Oct | Nov | Dec
2019: Jan | Feb | Mar | Apr | May | Jun | Jul | Aug | Sep | Oct | Nov | Dec
2018: Jan | Feb | Mar | Apr | May | Jun | Jul | Aug | Sep | Oct | Nov | Dec
2017: Jan | Feb | Mar | Apr | May | Jun | Jul | Aug | Sep | Oct | Nov | Dec
2016: Jan | Feb | Mar | Apr | May | Jun | Jul | Aug | Sep | Oct | Nov | Dec
2015: Jan | Feb | Mar | Apr | May | Jun | Jul | Aug | Sep | Oct | Nov | Dec
2014: Jan | Feb | Mar | Apr | May | Jun | Jul | Aug | Sep | Oct | Nov | Dec
2013: Jan | Feb | Mar | Apr | May | Jun | Jul | Aug | Sep | Oct | Nov | Dec
2012: Jan | Feb | Mar | Apr | May | Jun | Jul | Aug | Sep | Oct | Nov | Dec
2011: Jan | Feb | Mar | Apr | May | Jun | Jul | Aug | Sep | Oct | Nov | Dec
2010: Jan | Feb | Mar | Apr | May | Jun | Jul | Aug | Sep | Oct | Nov | Dec
2009: Jan | Feb | Mar | Apr | May | Jun | Jul | Aug | Sep | Oct | Nov | Dec
2008: Jan | Feb | Mar | Apr | May | Jun | Jul | Aug | Sep | Oct | Nov | Dec
Report for 2010 06
MONTHLY CLIMATOLOGICAL SUMMARY FOR 6/2010
HEAT COOL
MEAN DEG DEG WIND SPEED DOM MEAN MEAN
DAY TEMP HIGH TIME LOW TIME DAYS DAYS RAIN AVG HI TIME DIR BAROM HUM
---------------------------------------------------------------------------------------
1 82.3 93.6 3:25pm 72.7 6:28am 0 15 0.00 1 7 11:55am SSE 29.91 68
2 82.1 93.8 1:50pm 74.4 4:57am 0 16 0.00 1 7 3:20pm SSE 29.78 72
3 73.7 82.2 4:35pm 68.9 2:33am 0 8 0.80 1 14 7:23pm W 29.67 83
4 79.3 90.5 4:02pm 69.8 4:27am 0 13 0.03 1 11 12:42pm N 29.74 71
5 83.1 93.8 3:31pm 75.1 6:09am 0 16 0.00 1 6 8:07am SSE 29.80 71
6 84.4 96.3 4:16pm 79.6 5:55am 0 19 0.00 1 10 5:30pm SSE 29.87 74
7 81.4 87.4 5:44pm 77.6 5:29am 0 14 0.00 0 4 10:06pm SSE 29.94 82
8 78.9 84.5 6:05pm 70.8 12:33pm 0 12 0.56 1 11 10:57am SSE 29.95 83
9 84.4 92.5 12:41pm 78.8 12:40am 0 18 0.00 1 11 10:45pm SSE 29.92 74
10 85.2 93.8 3:53pm 79.9 11:59pm 0 19 0.00 1 10 11:05am SSE 29.88 72
11 85.2 93.4 2:22pm 78.5 3:55am 0 18 0.00 2 10 12:52pm SSE 29.90 71
12 86.5 95.4 2:43pm 79.9 5:58am 0 20 0.00 2 10 8:57am SSE 29.98 69
13 87.0 96.8 3:29pm 79.6 6:39am 0 20 0.00 1 9 3:12pm SSE 29.99 66
14 86.3 97.3 4:35pm 77.7 5:48am 0 19 0.00 1 9 11:41am S 29.92 68
15 83.5 94.9 1:50pm 76.8 4:43am 0 18 0.32 0 11 7:01pm S 29.96 74
16 86.5 97.5 2:42pm 76.5 5:51am 0 17 0.01 1 9 8:07pm S 30.02 66
17 86.3 96.1 2:37pm 77.0 5:08am 0 19 0.00 1 10 1:01pm S 30.00 65
18 86.1 98.0 3:24pm 78.1 6:12am 0 17 0.00 1 9 6:51pm S 29.99 69
19 86.6 97.8 3:30pm 76.5 6:27am 0 21 0.00 1 7 9:33am S 30.01 64
20 86.2 99.9 4:05pm 76.0 6:17am 0 21 0.00 1 7 9:09pm S 29.99 66
21 86.7 99.7 4:20pm 76.8 6:06am 0 20 0.00 0 6 6:41pm S 29.97 65
22 84.6 97.1 2:48pm 76.7 6:28am 0 19 0.00 0 11 5:05pm S 29.98 69
23 83.8 93.2 12:07pm 76.7 6:28am 0 16 0.05 0 8 5:07pm SSE 30.01 73
24 82.1 93.4 2:18pm 76.7 8:34am 0 16 0.02 0 10 3:14pm NNW 30.02 76
25 84.4 96.6 1:25pm 75.6 5:39am 0 16 0.00 0 6 1:51pm SSE 29.99 70
26 84.4 98.2 2:15pm 76.3 6:22am 0 18 0.23 0 19 3:35pm SSE 29.91 71
27 85.8 98.5 2:55pm 74.6 6:14am 0 21 0.00 1 14 6:41pm S 29.82 66
28 83.4 94.5 12:48pm 77.2 8:44pm 0 18 0.00 0 11 1:10pm ENE 29.80 76
29 83.8 96.1 3:53pm 76.3 6:10am 0 19 0.00 1 17 6:29pm NE 29.85 74
30 80.2 84.0 5:03pm 77.0 9:32pm 0 15 0.06 2 16 12:52pm ENE 29.89 80
---------------------------------------------------------------------------------------
TOT 83.8 99.9 6/20/10 68.9 6/3/10 0 516 2.08 1 19 6/26/10 SSE 29.91 72
HEAT BASE: 65.0
COOL BASE: 65.0