NOAA-style Climate Reports
2024: Jan | Feb | Mar | Apr | May | Jun | Jul | Aug | Sep | Oct | Nov | Dec
2023: Jan | Feb | Mar | Apr | May | Jun | Jul | Aug | Sep | Oct | Nov | Dec
2022: Jan | Feb | Mar | Apr | May | Jun | Jul | Aug | Sep | Oct | Nov | Dec
2021: Jan | Feb | Mar | Apr | May | Jun | Jul | Aug | Sep | Oct | Nov | Dec
2020: Jan | Feb | Mar | Apr | May | Jun | Jul | Aug | Sep | Oct | Nov | Dec
2019: Jan | Feb | Mar | Apr | May | Jun | Jul | Aug | Sep | Oct | Nov | Dec
2018: Jan | Feb | Mar | Apr | May | Jun | Jul | Aug | Sep | Oct | Nov | Dec
2017: Jan | Feb | Mar | Apr | May | Jun | Jul | Aug | Sep | Oct | Nov | Dec
2016: Jan | Feb | Mar | Apr | May | Jun | Jul | Aug | Sep | Oct | Nov | Dec
2015: Jan | Feb | Mar | Apr | May | Jun | Jul | Aug | Sep | Oct | Nov | Dec
2014: Jan | Feb | Mar | Apr | May | Jun | Jul | Aug | Sep | Oct | Nov | Dec
2013: Jan | Feb | Mar | Apr | May | Jun | Jul | Aug | Sep | Oct | Nov | Dec
2012: Jan | Feb | Mar | Apr | May | Jun | Jul | Aug | Sep | Oct | Nov | Dec
2011: Jan | Feb | Mar | Apr | May | Jun | Jul | Aug | Sep | Oct | Nov | Dec
2010: Jan | Feb | Mar | Apr | May | Jun | Jul | Aug | Sep | Oct | Nov | Dec
2009: Jan | Feb | Mar | Apr | May | Jun | Jul | Aug | Sep | Oct | Nov | Dec
2008: Jan | Feb | Mar | Apr | May | Jun | Jul | Aug | Sep | Oct | Nov | Dec
Report for 2010 04
MONTHLY CLIMATOLOGICAL SUMMARY FOR 4/2010
HEAT COOL
MEAN DEG DEG WIND SPEED DOM MEAN MEAN
DAY TEMP HIGH TIME LOW TIME DAYS DAYS RAIN AVG HI TIME DIR BAROM HUM
---------------------------------------------------------------------------------------
1 68.6 79.4 11:47am 60.9 1:32am 1 5 0.00 2 20 8:28pm SSE 29.94 71
2 71.1 80.9 1:06pm 66.0 6:31am 0 6 0.00 2 22 2:12am SSE 29.82 76
3 74.3 87.4 3:34pm 64.0 5:15am 0 9 0.00 1 11 9:47pm SSE 29.94 66
4 73.0 84.9 3:12pm 67.9 12:00am 0 8 0.02 2 14 3:47pm SSE 29.99 80
5 72.7 81.6 5:07pm 68.3 11:48pm 0 8 0.00 1 13 12:49am SSE 30.05 74
6 72.9 82.2 2:24pm 68.1 12:01am 0 8 0.00 2 16 2:07pm SSE 29.90 72
7 72.0 82.8 1:56pm 61.6 11:23pm 0 7 0.11 2 17 6:55pm SSE 29.82 73
8 59.6 70.6 4:45pm 49.2 7:13am 6 1 0.01 3 23 9:14am N 30.07 43
9 60.2 76.1 4:34pm 43.3 6:54am 7 2 0.00 1 11 1:43pm SSE 30.14 55
10 62.2 74.4 2:30pm 53.6 3:23am 5 2 0.01 1 16 2:12pm SSE 30.18 74
11 66.3 81.6 3:36pm 54.2 4:10am 4 5 0.00 1 14 5:21pm SSE 30.18 72
12 66.8 79.4 2:39pm 55.7 6:23am 3 4 0.00 1 16 4:06pm SSE 30.14 65
13 68.8 81.1 3:56pm 59.2 6:15am 2 5 0.00 2 19 4:46pm SSE 30.11 69
14 68.8 80.5 4:57pm 59.8 4:45am 1 5 0.00 1 17 5:21pm SSE 30.16 77
15 70.9 79.8 2:45pm 66.4 7:21am 0 6 0.05 1 24 5:43pm SSE 30.15 77
16 71.1 77.0 12:19pm 65.3 12:42am 0 6 0.00 1 12 10:51am SSE 30.10 72
17 70.8 81.4 2:10pm 64.2 3:11am 0 6 0.01 1 11 2:10pm SSE 29.98 74
18 67.3 76.8 4:44pm 63.2 11:47pm 0 3 1.09 1 10 3:44pm SSE 29.94 85
19 63.3 67.4 4:21pm 59.3 9:22am 2 0 0.00 1 11 10:36am NNE 30.00 84
20 66.1 75.8 3:23pm 59.6 6:51am 2 3 0.00 1 11 4:22am NNE 29.98 68
21 69.1 82.6 3:17pm 56.9 5:57am 2 6 0.00 1 13 6:10pm SSE 29.89 70
22 69.5 79.4 1:33pm 59.8 6:32am 1 5 0.00 2 16 3:02pm SSE 29.78 78
23 77.1 87.6 3:24pm 71.3 12:00am 0 11 0.04 1 11 12:10am SSE 29.61 78
24 74.7 84.0 3:51pm 64.7 7:26am 0 9 0.03 2 16 6:08am W 29.64 50
25 70.5 81.4 5:03pm 60.4 6:06am 1 6 0.00 2 17 2:38pm W 29.77 47
26 71.9 88.2 4:22pm 54.1 6:58am 2 8 0.03 1 13 2:52pm S 29.81 53
27 67.1 75.6 4:50pm 59.8 5:53am 1 3 0.01 2 11 11:46am N 29.97 51
28 68.8 84.5 2:45pm 52.8 5:22am 3 7 0.00 1 11 8:10pm SSE 29.97 52
29 73.9 84.7 2:49pm 64.8 6:22am 0 8 0.01 2 11 3:42pm SSE 29.76 71
30 75.5 79.4 12:14pm 71.3 12:03am 0 10 0.06 2 10 1:26am SSE 29.55 88
---------------------------------------------------------------------------------------
TOT 69.4 88.2 4/26/10 43.3 4/9/10 43 172 1.48 1 24 4/15/10 SSE 29.95 69
HEAT BASE: 65.0
COOL BASE: 65.0