NOAA-style Climate Reports
2024: Jan | Feb | Mar | Apr | May | Jun | Jul | Aug | Sep | Oct | Nov | Dec
2023: Jan | Feb | Mar | Apr | May | Jun | Jul | Aug | Sep | Oct | Nov | Dec
2022: Jan | Feb | Mar | Apr | May | Jun | Jul | Aug | Sep | Oct | Nov | Dec
2021: Jan | Feb | Mar | Apr | May | Jun | Jul | Aug | Sep | Oct | Nov | Dec
2020: Jan | Feb | Mar | Apr | May | Jun | Jul | Aug | Sep | Oct | Nov | Dec
2019: Jan | Feb | Mar | Apr | May | Jun | Jul | Aug | Sep | Oct | Nov | Dec
2018: Jan | Feb | Mar | Apr | May | Jun | Jul | Aug | Sep | Oct | Nov | Dec
2017: Jan | Feb | Mar | Apr | May | Jun | Jul | Aug | Sep | Oct | Nov | Dec
2016: Jan | Feb | Mar | Apr | May | Jun | Jul | Aug | Sep | Oct | Nov | Dec
2015: Jan | Feb | Mar | Apr | May | Jun | Jul | Aug | Sep | Oct | Nov | Dec
2014: Jan | Feb | Mar | Apr | May | Jun | Jul | Aug | Sep | Oct | Nov | Dec
2013: Jan | Feb | Mar | Apr | May | Jun | Jul | Aug | Sep | Oct | Nov | Dec
2012: Jan | Feb | Mar | Apr | May | Jun | Jul | Aug | Sep | Oct | Nov | Dec
2011: Jan | Feb | Mar | Apr | May | Jun | Jul | Aug | Sep | Oct | Nov | Dec
2010: Jan | Feb | Mar | Apr | May | Jun | Jul | Aug | Sep | Oct | Nov | Dec
2009: Jan | Feb | Mar | Apr | May | Jun | Jul | Aug | Sep | Oct | Nov | Dec
2008: Jan | Feb | Mar | Apr | May | Jun | Jul | Aug | Sep | Oct | Nov | Dec
Report for 2010 02
MONTHLY CLIMATOLOGICAL SUMMARY FOR 2/2010
HEAT COOL
MEAN DEG DEG WIND SPEED DOM MEAN MEAN
DAY TEMP HIGH TIME LOW TIME DAYS DAYS RAIN AVG HI TIME DIR BAROM HUM
---------------------------------------------------------------------------------------
1 43.3 48.8 3:14pm 36.3 1:25am 22 0 0.01 1 7 8:43am E 30.14 85
2 51.6 58.1 4:18pm 47.4 4:02am 13 0 0.01 1 11 1:45pm E 30.14 83
3 50.0 53.9 2:38pm 47.0 7:48am 15 0 0.75 4 20 8:15pm E 30.06 82
4 50.2 51.9 4:10pm 47.3 12:20am 15 0 0.20 2 23 1:13am E 29.86 91
5 50.0 56.9 2:58pm 43.9 11:56pm 15 0 0.01 3 15 2:01pm NW 29.94 84
6 50.2 62.3 3:48pm 42.3 7:13am 15 0 0.00 1 12 8:35am NNW 30.08 69
7 46.7 53.5 3:48pm 40.1 4:53am 18 0 0.00 3 15 8:29pm E 30.06 76
8 57.3 70.1 3:07pm 45.2 10:36pm 9 1 0.63 4 25 11:21pm SE 29.85 79
9 43.7 49.5 2:53pm 37.2 11:56pm 21 0 0.00 5 25 4:10am NNW 30.21 55
10 40.4 47.6 2:18pm 33.2 4:49am 25 0 0.00 1 13 8:11am E 30.31 56
11 39.9 41.8 12:56am 36.5 11:25pm 25 0 1.42 3 18 1:23pm E 30.04 88
12 37.2 39.6 1:10pm 35.3 5:41am 28 0 0.05 3 18 12:00am NNW 30.11 84
13 40.2 49.8 4:27pm 34.7 6:44am 25 0 0.00 0 9 9:39am S 30.15 81
14 49.6 67.8 4:02pm 36.9 6:25am 16 0 0.01 3 25 7:24pm W 30.04 76
15 41.2 50.7 3:20pm 31.8 7:11am 24 0 0.00 3 21 12:11am NW 30.27 45
16 43.3 55.6 2:15pm 30.6 6:30am 22 0 0.00 1 17 1:48pm NW 30.28 47
17 45.5 59.3 3:10pm 32.4 6:32am 20 0 0.00 1 17 1:48pm WNW 30.28 46
18 48.4 63.9 2:49pm 34.1 6:33am 17 0 0.00 1 11 12:34pm SSE 30.23 57
19 53.3 59.5 2:24pm 46.5 12:49am 12 0 0.00 1 15 12:48pm SE 30.11 74
20 57.9 69.1 1:05pm 49.6 6:21am 7 0 0.00 2 16 2:01pm SE 30.04 78
21 63.1 72.3 3:22pm 56.6 11:58pm 3 1 0.01 1 12 12:12am SW 29.82 84
22 49.0 56.6 12:00am 43.6 9:23pm 16 0 0.00 3 15 1:32pm N 29.90 75
23 39.9 44.3 12:23am 34.1 7:56pm 25 0 0.22 3 19 4:50pm NNW 30.04 81
24 42.0 52.5 3:35pm 34.7 6:24am 23 0 0.00 3 18 4:22pm NNW 30.24 65
25 47.5 62.7 2:19pm 31.3 5:53am 17 0 0.00 2 15 5:01pm SSE 30.10 67
26 52.8 64.7 12:31pm 44.8 11:22pm 12 0 0.01 5 30 4:08pm NW 29.99 75
27 50.4 61.5 3:36pm 43.8 5:25am 15 0 0.00 3 18 2:56am NNW 30.14 60
28 53.3 67.8 2:04pm 37.9 6:49am 12 0 0.00 2 20 6:19pm SSE 30.01 63
---------------------------------------------------------------------------------------
TOT 47.8 72.3 2/21/10 30.6 2/16/10 485 3 3.33 2 30 2/26/10 E 30.09 72
HEAT BASE: 65.0
COOL BASE: 65.0