NOAA-style Climate Reports
2024: Jan | Feb | Mar | Apr | May | Jun | Jul | Aug | Sep | Oct | Nov | Dec
2023: Jan | Feb | Mar | Apr | May | Jun | Jul | Aug | Sep | Oct | Nov | Dec
2022: Jan | Feb | Mar | Apr | May | Jun | Jul | Aug | Sep | Oct | Nov | Dec
2021: Jan | Feb | Mar | Apr | May | Jun | Jul | Aug | Sep | Oct | Nov | Dec
2020: Jan | Feb | Mar | Apr | May | Jun | Jul | Aug | Sep | Oct | Nov | Dec
2019: Jan | Feb | Mar | Apr | May | Jun | Jul | Aug | Sep | Oct | Nov | Dec
2018: Jan | Feb | Mar | Apr | May | Jun | Jul | Aug | Sep | Oct | Nov | Dec
2017: Jan | Feb | Mar | Apr | May | Jun | Jul | Aug | Sep | Oct | Nov | Dec
2016: Jan | Feb | Mar | Apr | May | Jun | Jul | Aug | Sep | Oct | Nov | Dec
2015: Jan | Feb | Mar | Apr | May | Jun | Jul | Aug | Sep | Oct | Nov | Dec
2014: Jan | Feb | Mar | Apr | May | Jun | Jul | Aug | Sep | Oct | Nov | Dec
2013: Jan | Feb | Mar | Apr | May | Jun | Jul | Aug | Sep | Oct | Nov | Dec
2012: Jan | Feb | Mar | Apr | May | Jun | Jul | Aug | Sep | Oct | Nov | Dec
2011: Jan | Feb | Mar | Apr | May | Jun | Jul | Aug | Sep | Oct | Nov | Dec
2010: Jan | Feb | Mar | Apr | May | Jun | Jul | Aug | Sep | Oct | Nov | Dec
2009: Jan | Feb | Mar | Apr | May | Jun | Jul | Aug | Sep | Oct | Nov | Dec
2008: Jan | Feb | Mar | Apr | May | Jun | Jul | Aug | Sep | Oct | Nov | Dec
Report for 2009 12
MONTHLY CLIMATOLOGICAL SUMMARY FOR 12/2009
HEAT COOL
MEAN DEG DEG WIND SPEED DOM MEAN MEAN
DAY TEMP HIGH TIME LOW TIME DAYS DAYS RAIN AVG HI TIME DIR BAROM HUM
---------------------------------------------------------------------------------------
1 48.6 50.5 2:14pm 46.7 8:06pm 14 0 1.17 4 15 11:49pm E 29.82 83
2 46.9 50.7 11:18am 44.1 7:41am 15 0 0.00 5 16 12:18pm W 29.81 77
3 46.0 53.6 2:39pm 37.8 7:16am 19 0 0.00 2 12 9:30pm NNW 30.17 65
4 36.9 44.8 12:02am 29.7 11:32pm 27 0 0.14 3 14 6:07am N 30.30 74
5 36.2 48.2 2:45pm 24.8 6:45am 27 0 0.03 0 6 1:32pm SSE 30.27 72
6 50.4 59.0 10:55pm 38.0 12:38am 13 0 0.10 2 10 10:39am E 30.02 90
7 56.2 58.7 12:02am 55.0 11:48pm 3 0 0.27 1 7 7:15pm ENE 29.98 94
8 62.5 73.7 12:47pm 55.0 12:01am 4 2 0.02 1 15 2:56pm W 29.72 92
9 48.2 61.5 12:00am 38.0 11:56pm 14 0 0.00 3 15 8:34am N 29.97 65
10 41.1 49.2 2:05pm 34.1 7:09am 22 0 0.00 3 12 4:59am ENE 30.20 54
11 46.1 49.9 12:51pm 43.1 5:33am 18 0 0.54 2 14 10:41pm E 30.21 64
12 50.9 55.1 3:15pm 44.5 12:01am 13 0 0.32 1 7 4:45am E 30.06 95
13 50.5 54.1 10:41pm 46.4 7:10am 14 0 0.01 0 7 3:34am W 30.07 94
14 57.9 62.9 2:44pm 53.2 12:16am 6 0 0.50 0 6 11:52pm ENE 29.99 95
15 54.1 62.1 2:32am 47.7 11:56pm 10 0 0.56 4 17 5:30am NNE 30.18 86
16 48.6 53.2 3:50pm 43.5 8:02am 14 0 0.00 2 11 2:37am NE 30.34 66
17 46.2 51.0 12:02am 43.6 6:33am 18 0 0.85 2 10 2:24am NNE 30.14 87
18 51.0 65.3 2:44pm 38.8 7:28am 12 0 0.00 1 10 1:32pm NNW 30.01 72
19 49.6 61.0 2:38pm 41.1 11:55pm 14 0 0.00 1 9 11:58am NNW 30.16 64
20 45.9 59.6 3:15pm 34.3 7:05am 17 0 0.00 0 4 8:47am E 30.30 70
21 52.9 68.4 2:04pm 37.0 6:34am 11 0 0.00 1 7 1:42pm SSE 30.21 70
22 63.3 70.9 12:18pm 53.3 12:33am 3 2 0.01 2 11 12:19pm SSE 29.94 82
23 69.4 74.2 11:25am 65.2 3:30am 0 4 0.08 2 14 10:09pm S 29.70 83
24 49.0 70.4 2:45am 36.0 9:00pm 15 0 1.08 7 24 1:19pm WNW 29.72 68
25 38.7 48.0 2:29pm 30.6 7:45am 24 0 0.00 2 17 1:30am NW 30.10 46
26 45.0 52.5 2:39pm 36.0 2:51am 18 0 0.00 0 5 10:57am E 30.11 64
27 46.4 56.3 2:16pm 34.7 7:23am 17 0 0.00 1 10 12:34pm NNW 30.24 53
28 42.3 51.6 2:59pm 33.7 7:00am 18 0 0.00 2 12 10:31am NNE 30.45 58
29 41.0 46.4 12:14pm 34.3 2:39am 21 0 0.21 1 6 5:27pm E 30.36 78
30 47.0 53.3 2:38pm 41.9 2:21am 15 0 0.72 1 9 6:34am W 30.10 91
31 51.2 60.5 3:16pm 46.5 11:58pm 12 0 0.01 1 16 10:46pm NNW 30.12 89
---------------------------------------------------------------------------------------
TOT 48.9 74.2 12/23/09 24.8 12/5/09 450 8 6.62 2 24 12/24/09 E 30.09 75
HEAT BASE: 65.0
COOL BASE: 65.0