NOAA-style Climate Reports
2024: Jan | Feb | Mar | Apr | May | Jun | Jul | Aug | Sep | Oct | Nov | Dec
2023: Jan | Feb | Mar | Apr | May | Jun | Jul | Aug | Sep | Oct | Nov | Dec
2022: Jan | Feb | Mar | Apr | May | Jun | Jul | Aug | Sep | Oct | Nov | Dec
2021: Jan | Feb | Mar | Apr | May | Jun | Jul | Aug | Sep | Oct | Nov | Dec
2020: Jan | Feb | Mar | Apr | May | Jun | Jul | Aug | Sep | Oct | Nov | Dec
2019: Jan | Feb | Mar | Apr | May | Jun | Jul | Aug | Sep | Oct | Nov | Dec
2018: Jan | Feb | Mar | Apr | May | Jun | Jul | Aug | Sep | Oct | Nov | Dec
2017: Jan | Feb | Mar | Apr | May | Jun | Jul | Aug | Sep | Oct | Nov | Dec
2016: Jan | Feb | Mar | Apr | May | Jun | Jul | Aug | Sep | Oct | Nov | Dec
2015: Jan | Feb | Mar | Apr | May | Jun | Jul | Aug | Sep | Oct | Nov | Dec
2014: Jan | Feb | Mar | Apr | May | Jun | Jul | Aug | Sep | Oct | Nov | Dec
2013: Jan | Feb | Mar | Apr | May | Jun | Jul | Aug | Sep | Oct | Nov | Dec
2012: Jan | Feb | Mar | Apr | May | Jun | Jul | Aug | Sep | Oct | Nov | Dec
2011: Jan | Feb | Mar | Apr | May | Jun | Jul | Aug | Sep | Oct | Nov | Dec
2010: Jan | Feb | Mar | Apr | May | Jun | Jul | Aug | Sep | Oct | Nov | Dec
2009: Jan | Feb | Mar | Apr | May | Jun | Jul | Aug | Sep | Oct | Nov | Dec
2008: Jan | Feb | Mar | Apr | May | Jun | Jul | Aug | Sep | Oct | Nov | Dec
Report for 2009 07
MONTHLY CLIMATOLOGICAL SUMMARY FOR 7/2009
HEAT COOL
MEAN DEG DEG WIND SPEED DOM MEAN MEAN
DAY TEMP HIGH TIME LOW TIME DAYS DAYS RAIN AVG HI TIME DIR BAROM HUM
---------------------------------------------------------------------------------------
1 85.3 96.3 2:40pm 76.7 7:10am 0 20 0.00 1 15 3:10pm NNE 29.82 60
2 88.2 101.7 3:11pm 76.3 6:04am 0 23 0.00 1 12 6:15pm SSE 29.92 57
3 88.3 101.0 3:41pm 76.8 6:08am 0 23 0.00 1 12 2:11pm SSE 30.00 62
4 88.8 100.4 4:56pm 79.2 5:49am 0 24 0.00 2 17 8:18pm S 29.96 61
5 87.7 102.3 4:41pm 78.5 6:21am 0 23 0.00 2 18 6:42pm S 29.88 62
6 87.1 95.9 2:44pm 79.6 4:15am 0 22 0.00 2 14 10:58am SW 29.85 61
7 83.1 92.9 3:25pm 74.7 8:01am 0 18 0.94 1 12 6:28pm SSE 29.83 74
8 86.8 101.5 4:29pm 78.5 8:27pm 0 22 0.36 1 15 7:57pm SSE 29.83 68
9 88.1 101.2 4:57pm 78.6 6:12am 0 23 0.00 1 12 7:46pm S 29.93 64
10 87.6 99.7 3:31pm 79.4 6:52am 0 23 0.00 1 12 3:49pm SSE 30.03 63
11 87.0 99.7 4:19pm 77.4 6:26am 0 22 0.00 1 14 4:49pm S 30.10 64
12 87.1 99.4 4:47pm 76.8 6:33am 0 22 0.00 1 12 8:28pm SSE 30.08 61
13 87.5 99.9 4:56pm 77.9 5:35am 0 22 0.00 1 13 8:56am SW 29.98 60
14 87.2 100.7 5:03pm 77.6 6:33am 0 22 0.00 1 14 7:11pm SSE 29.96 62
15 87.7 100.4 4:29pm 78.3 6:53am 0 23 0.00 1 14 6:26pm SSE 30.01 62
16 87.0 99.0 2:31pm 78.5 6:31am 0 22 0.00 1 13 4:05pm SSE 29.99 64
17 84.7 95.9 4:22pm 78.8 5:28am 0 20 0.00 2 18 11:14am E 29.99 63
18 81.7 98.7 4:14pm 72.7 7:22pm 0 17 1.05 1 16 5:32pm W 30.05 70
19 81.4 94.5 2:25pm 71.3 6:10am 0 16 0.00 1 12 5:16pm SSE 30.06 72
20 84.0 94.5 2:06pm 78.1 4:39am 0 19 0.00 1 19 3:51pm SSE 29.95 70
21 86.7 97.3 3:35pm 80.7 4:18am 0 22 0.00 2 17 9:09am S 29.87 62
22 85.5 97.1 4:31pm 74.9 10:11pm 0 20 0.41 1 15 11:12am SW 29.91 65
23 80.1 95.4 2:21pm 75.3 11:59pm 0 15 0.04 1 18 3:28pm W 29.96 78
24 82.2 92.7 4:25pm 75.1 12:27am 0 17 0.01 0 9 7:11pm S 29.98 71
25 85.6 98.5 3:32pm 75.8 5:05am 0 21 0.00 1 11 11:37am S 29.96 66
26 85.0 99.2 3:52pm 75.1 7:45pm 0 20 0.73 1 22 7:30pm SSE 29.98 70
27 84.7 95.9 2:10pm 76.3 2:58pm 0 20 0.41 1 18 2:40pm S 29.95 73
28 86.8 98.0 3:18pm 79.4 5:37am 0 22 0.00 2 18 3:01pm S 29.87 64
29 86.9 97.5 3:40pm 80.3 5:11am 0 22 0.00 2 17 1:31pm S 29.86 66
30 88.1 99.0 2:44pm 81.4 1:57am 0 23 0.00 2 16 7:46pm S 29.88 65
31 81.5 90.1 11:32am 74.0 2:38pm 0 17 1.97 1 17 1:06pm E 30.00 83
---------------------------------------------------------------------------------------
TOT 85.8 102.3 7/5/09 71.3 7/19/09 0 644 5.92 1 21 7/26/09 SSE 29.95 66
HEAT BASE: 65.0
COOL BASE: 65.0