NOAA-style Climate Reports
2024: Jan | Feb | Mar | Apr | May | Jun | Jul | Aug | Sep | Oct | Nov | Dec
2023: Jan | Feb | Mar | Apr | May | Jun | Jul | Aug | Sep | Oct | Nov | Dec
2022: Jan | Feb | Mar | Apr | May | Jun | Jul | Aug | Sep | Oct | Nov | Dec
2021: Jan | Feb | Mar | Apr | May | Jun | Jul | Aug | Sep | Oct | Nov | Dec
2020: Jan | Feb | Mar | Apr | May | Jun | Jul | Aug | Sep | Oct | Nov | Dec
2019: Jan | Feb | Mar | Apr | May | Jun | Jul | Aug | Sep | Oct | Nov | Dec
2018: Jan | Feb | Mar | Apr | May | Jun | Jul | Aug | Sep | Oct | Nov | Dec
2017: Jan | Feb | Mar | Apr | May | Jun | Jul | Aug | Sep | Oct | Nov | Dec
2016: Jan | Feb | Mar | Apr | May | Jun | Jul | Aug | Sep | Oct | Nov | Dec
2015: Jan | Feb | Mar | Apr | May | Jun | Jul | Aug | Sep | Oct | Nov | Dec
2014: Jan | Feb | Mar | Apr | May | Jun | Jul | Aug | Sep | Oct | Nov | Dec
2013: Jan | Feb | Mar | Apr | May | Jun | Jul | Aug | Sep | Oct | Nov | Dec
2012: Jan | Feb | Mar | Apr | May | Jun | Jul | Aug | Sep | Oct | Nov | Dec
2011: Jan | Feb | Mar | Apr | May | Jun | Jul | Aug | Sep | Oct | Nov | Dec
2010: Jan | Feb | Mar | Apr | May | Jun | Jul | Aug | Sep | Oct | Nov | Dec
2009: Jan | Feb | Mar | Apr | May | Jun | Jul | Aug | Sep | Oct | Nov | Dec
2008: Jan | Feb | Mar | Apr | May | Jun | Jul | Aug | Sep | Oct | Nov | Dec
Report for 2009 03
MONTHLY CLIMATOLOGICAL SUMMARY FOR 3/2009
HEAT COOL
MEAN DEG DEG WIND SPEED DOM MEAN MEAN
DAY TEMP HIGH TIME LOW TIME DAYS DAYS RAIN AVG HI TIME DIR BAROM HUM
---------------------------------------------------------------------------------------
1 45.5 59.1 4:00pm 33.8 6:47am 19 0 0.00 3 18 8:35am NW 30.47 39
2 50.1 66.3 4:50pm 34.0 6:28am 15 0 0.00 1 10 2:21pm NE 30.34 46
3 54.4 67.1 2:12pm 42.7 4:59am 11 0 0.00 3 16 3:37pm SE 30.27 62
4 64.8 76.0 2:29pm 54.4 2:06am 3 3 0.00 3 15 4:52pm SSE 30.17 71
5 70.5 82.3 2:53pm 61.1 6:38am 1 6 0.00 3 18 10:02am SSE 30.15 70
6 71.2 83.7 2:47pm 63.0 5:28am 0 7 0.01 2 16 9:54am SSE 30.15 75
7 72.9 80.9 1:09pm 67.2 5:55am 0 8 0.00 3 17 9:32am SSE 30.04 76
8 73.5 83.6 4:10pm 64.9 5:39am 0 8 0.00 2 15 10:49am SSE 30.02 75
9 74.2 82.9 2:34pm 68.9 12:00am 0 9 0.00 3 17 3:22pm SSE 30.03 74
10 75.4 85.6 2:20pm 69.9 6:52am 0 10 0.00 2 19 2:25pm SSE 29.98 73
11 66.4 80.0 11:14am 52.0 11:58pm 2 4 0.00 2 15 11:34pm NNE 30.10 83
12 46.6 52.0 12:00am 43.1 10:57pm 18 0 0.43 4 15 12:00am NNE 30.21 91
13 43.2 44.5 2:02pm 41.8 11:30pm 22 0 0.41 3 14 4:19pm NNW 30.10 93
14 44.5 47.3 11:55pm 41.1 2:51am 21 0 0.25 2 13 3:26am NW 30.07 91
15 50.4 53.5 5:01pm 47.2 12:00am 15 0 0.17 0 7 11:58am N 30.10 90
16 59.5 76.8 4:38pm 46.1 7:02am 8 2 0.00 1 9 2:49pm NE 30.20 79
17 62.3 75.6 5:11pm 51.7 3:47am 5 2 0.06 0 10 2:01pm ENE 30.22 79
18 62.9 78.1 3:53pm 51.0 5:17am 10 6 0.00 1 10 1:00pm E 30.13 69
19 65.6 80.3 4:50pm 51.3 6:47am 8 9 0.00 1 14 2:30pm E 30.18 62
20 67.1 80.3 2:45pm 54.5 6:02am 5 9 0.00 1 13 4:30pm E 30.20 69
21 68.8 81.2 2:40pm 57.0 5:06am 3 10 0.00 2 18 4:00pm E 30.16 72
22 72.0 79.0 4:22pm 67.4 12:01am 0 13 0.00 4 21 5:00pm SSE 29.95 73
23 72.3 75.6 11:06am 69.1 6:02am 0 14 0.18 2 14 1:00am SSE 29.85 78
24 65.2 80.1 3:30pm 49.8 4:38am 11 12 0.24 1 19 9:00pm SSE 30.06 74
25 64.7 75.6 1:30pm 57.8 12:00am 2 2 0.27 1 11 4:30pm E 29.71 86
26 61.3 61.6 10:38pm 59.8 11:55pm 0 0 0.27 0 0 10:38pm N 29.61 89
27 68.5 79.0 3:21pm 50.8 11:54pm 1 4 0.14 2 18 9:33pm NW 29.56 80
28 52.2 64.7 5:35pm 40.3 7:37am 11 0 0.00 4 17 11:18am W 29.85 44
29 56.7 73.5 5:02pm 40.8 7:23am 9 1 0.00 1 9 1:11pm SSE 30.01 44
30 64.1 74.7 12:55pm 49.5 5:33am 3 2 0.00 2 14 12:59pm SSE 29.81 76
31 65.2 69.6 4:59pm 56.5 11:18am 2 2 0.01 3 20 10:47am N 29.84 61
---------------------------------------------------------------------------------------
TOT 63.5 85.6 3/10/09 33.8 3/1/09 169 73 2.11 2 21 3/22/10 SSE 30.06 72
HEAT BASE: 65.0
COOL BASE: 65.0