NOAA-style Climate Reports
2024: Jan | Feb | Mar | Apr | May | Jun | Jul | Aug | Sep | Oct | Nov | Dec
2023: Jan | Feb | Mar | Apr | May | Jun | Jul | Aug | Sep | Oct | Nov | Dec
2022: Jan | Feb | Mar | Apr | May | Jun | Jul | Aug | Sep | Oct | Nov | Dec
2021: Jan | Feb | Mar | Apr | May | Jun | Jul | Aug | Sep | Oct | Nov | Dec
2020: Jan | Feb | Mar | Apr | May | Jun | Jul | Aug | Sep | Oct | Nov | Dec
2019: Jan | Feb | Mar | Apr | May | Jun | Jul | Aug | Sep | Oct | Nov | Dec
2018: Jan | Feb | Mar | Apr | May | Jun | Jul | Aug | Sep | Oct | Nov | Dec
2017: Jan | Feb | Mar | Apr | May | Jun | Jul | Aug | Sep | Oct | Nov | Dec
2016: Jan | Feb | Mar | Apr | May | Jun | Jul | Aug | Sep | Oct | Nov | Dec
2015: Jan | Feb | Mar | Apr | May | Jun | Jul | Aug | Sep | Oct | Nov | Dec
2014: Jan | Feb | Mar | Apr | May | Jun | Jul | Aug | Sep | Oct | Nov | Dec
2013: Jan | Feb | Mar | Apr | May | Jun | Jul | Aug | Sep | Oct | Nov | Dec
2012: Jan | Feb | Mar | Apr | May | Jun | Jul | Aug | Sep | Oct | Nov | Dec
2011: Jan | Feb | Mar | Apr | May | Jun | Jul | Aug | Sep | Oct | Nov | Dec
2010: Jan | Feb | Mar | Apr | May | Jun | Jul | Aug | Sep | Oct | Nov | Dec
2009: Jan | Feb | Mar | Apr | May | Jun | Jul | Aug | Sep | Oct | Nov | Dec
2008: Jan | Feb | Mar | Apr | May | Jun | Jul | Aug | Sep | Oct | Nov | Dec
Report for 2008 11
MONTHLY CLIMATOLOGICAL SUMMARY FOR 11/2008
HEAT COOL
MEAN DEG DEG WIND SPEED DOM MEAN MEAN
DAY TEMP HIGH TIME LOW TIME DAYS DAYS RAIN AVG HI TIME DIR BAROM HUM
---------------------------------------------------------------------------------------
1 68.4 81.9 3:00pm 57.4 6:00am 2 5 0.01 0 10 11:00am SSE 30.31 76
2 67.5 79.9 1:00pm 56.1 6:30am 2 5 0.00 0 9 4:30pm SE 30.21 73
3 65.4 79.2 1:30pm 53.7 7:00am 4 4 0.01 1 12 5:00pm SE 30.17 75
4 66.5 77.8 2:30pm 56.0 5:00am 3 4 0.00 1 12 4:30pm SE 30.09 81
5 72.4 84.5 2:00pm 61.3 5:30am 1 8 0.01 1 15 11:30am SSE 29.94 75
6 68.2 74.8 10:30am 64.5 11:30pm 0 3 0.04 1 11 10:30am W 29.95 82
7 61.5 72.9 3:00pm 48.7 11:30pm 5 2 0.00 1 13 10:30am NNE 30.08 57
8 58.3 76.7 3:30pm 42.5 5:30am 9 3 0.00 1 13 12:30pm W 30.08 62
9 61.1 76.2 1:00pm 44.7 6:30am 7 3 0.00 1 15 4:30pm SE 30.05 67
10 66.6 71.7 11:00am 60.7 12:30am 1 2 1.05 2 15 1:30pm SE 29.97 85
11 70.7 83.8 1:30pm 63.1 9:00pm 0 6 0.13 2 16 12:30pm SE 29.91 88
12 65.7 71.8 3:30pm 62.6 7:30am 1 1 1.98 1 20 12:00am ENE 29.91 88
13 62.9 68.0 3:30pm 58.9 3:30am 3 1 0.01 1 9 2:00pm ENE 29.92 91
14 67.4 77.2 3:30pm 61.6 5:30am 1 3 0.01 1 31 11:00pm W 29.84 81
15 52.7 63.3 12:00am 42.6 11:00pm 12 0 0.00 4 23 12:30am NW 30.32 49
16 46.6 62.2 3:18pm 35.3 6:30am 17 0 0.00 0 7 8:30am WSW 30.41 64
17 54.0 74.0 3:08pm 38.8 6:21am 12 1 0.00 0 10 11:49am W 30.37 62
18 55.2 69.7 2:07pm 42.5 6:41am 10 1 0.00 1 10 9:54am ENE 30.42 66
19 58.6 76.3 3:08pm 43.8 5:14am 7 2 0.00 1 12 11:46am SSE 30.30 74
20 62.6 77.5 1:58pm 50.5 6:34am 5 3 0.00 1 17 8:25pm W 30.21 75
21 51.1 56.0 12:00am 45.3 11:54pm 14 0 0.00 3 20 8:42am ENE 30.48 51
22 53.9 67.0 2:43pm 42.3 7:10am 11 0 0.00 2 15 11:46am ENE 30.42 65
23 66.7 78.5 12:58pm 55.6 2:10am 3 5 0.00 1 15 12:41pm SSE 30.21 77
24 68.0 76.1 1:21pm 53.6 11:58pm 1 4 0.00 2 15 9:57am NW 30.19 70
25 52.2 68.5 3:20pm 39.1 6:56am 13 0 0.00 1 9 11:33am ENE 30.30 57
26 59.6 75.0 3:00pm 42.3 4:00am 8 3 0.00 0 15 2:00pm SSE 30.13 79
27 69.4 79.2 3:30pm 60.3 5:00am 1 5 0.00 0 11 7:30pm SSW 30.02 85
28 71.0 81.9 1:00pm 62.0 11:30pm 0 6 0.05 1 17 12:30pm SW 29.87 85
29 57.9 62.4 11:00am 52.4 10:00pm 7 0 0.04 2 16 11:30pm NNW 29.79 88
30 53.2 61.1 3:32pm 44.9 6:24am 12 0 0.00 3 23 1:00pm W 29.85 57
---------------------------------------------------------------------------------------
TOT 61.9 84.5 11/5/08 35.3 11/16/08 173 81 3.34 1 31 11/14/08 ENE 30.12 73
HEAT BASE: 65.0
COOL BASE: 65.0